D/StatusBar.NetworkController( 483): SystemProperties - ODM = ASUS
D/StatusBar.NetworkController( 483): SystemProperties - ODM = ASUS
D/StatusBar.NetworkController( 483): SystemProperties - ODM = ASUS
W/OMXVideoDecoder( 137): Len of filled data to decode is 0.
W/OMXVideoDecoder( 137): Len of filled data to decode is 0.
W/OMXVideoDecoder( 137): Len of filled data to decode is 0.
W/OMXVideoDecoder( 137): Len of filled data to decode is 0.
W/OMXVideoDecoder( 137): Len of filled data to decode is 0.
W/OMXVideoDecoder( 137): Len of filled data to decode is 0.
W/OMXVideoDecoder( 137): Len of filled data to decode is 0.
W/OMXVideoDecoder( 137): Len of filled data to decode is 0.
W/OMXVideoDecoder( 137): Len of filled data to decode is 0.
I/OMXVideoDecoder( 137): output EOS received
D/StatusBar.NetworkController( 483): SystemProperties - ODM = ASUS
E/MultiDisplay( 336): drm_hdmi_connectStatus: HW platform doesn't support HDMI
I/MultiDisplay( 336): HDMI is disconnected.
W/MultiDisplay( 336): HDMI is already in disconnected state.
I/hwcomposer( 336): onMdsMessage: External display monitor onMdsMessage, 0, 0x1
D/hwcomposer( 336): void IntelHWComposer::onUEvent(char const*, int, int): got multiDisplay service event
D/hwcomposer( 336): bool IntelHWComposerDrm::detectDrmModeInfo(): getDisplayMode 0
I/MultiDisplay-DisplaySetting-Jni( 336): virtual void android::JNIMDSListener::onMdsMessage(int, int): No need to call onMdsMessage, 0x1
I/MultiDisplay( 137): MultiDisplayClient::~MultiDisplayClient(): MDSClient is destroyed
I/OMXVideoDecoder( 137): Flushing port# 4294967295.
W/OMXVideoDecoder( 137): Flushing video pipeline.
D/componentbase( 137): OMX.Intel.VideoDecoder.AVC:video_decoder.avc: transition from OMX_StateExecuting to OMX_StateIdle completed
I/MultiDisplay( 137): MultiDisplayClient::~MultiDisplayClient(): MDSClient is destroyed
D/componentbase( 137): OMX.Intel.VideoDecoder.AVC:video_decoder.avc: transition from OMX_StateIdle to OMX_StateLoaded completed
I/VideoDecoder( 137): Deleting decoder for video/h264
I/wrs-omxil-core( 137): free handle of component OMX.Intel.VideoDecoder.AVC successfully
W/MediaPlayer( 4207): info/warning (1, 1179823104)
I/MediaPlayer( 4207): Info (1,1179823104)
E/module ( 137): found opened module libOMXVideoDecoderAVC.so
I/componentbase( 137): OMX.Intel.VideoDecoder.AVC: set working role video_decoder.avc:
I/wrs-omxil-core( 137): get handle of component OMX.Intel.VideoDecoder.AVC successfully
I/componentbase( 137): OMX.Intel.VideoDecoder.AVC: set working role video_decoder.avc:
I/OMXCodec( 137): [OMX.Intel.VideoDecoder.AVC] AVC profile = 100 (High), level = 40
D/OMXCodec( 137): set NativeWindow = 0x48552888
I/OMXCodec( 137): [OMX.Intel.VideoDecoder.AVC] video dimensions are 1920 x 1080
E/IMGSRV ( 4207): :0: __map: Map device memory failed
W/GraphicBufferMapper( 4207): registerBuffer(0x6a1b2a20) failed -14 (Bad address)
E/GraphicBuffer( 4207): unflatten GraphicBuffer failed. Failed to registerBuffer
E/IMGSRV ( 4207): :0: __map: Map device memory failed
W/GraphicBufferMapper( 4207): registerBuffer(0x6a624f60) failed -14 (Bad address)
E/GraphicBuffer( 4207): unflatten GraphicBuffer failed. Failed to registerBuffer
I/ActivityManager( 336): Process com.android.keychain (pid 2494) has died.
I/NetworkPolicy( 336): mHandlerCallback.handleMessage(MSG_PROCESS_DIED) - acquired mRulesLock
I/NetworkPolicy( 336): mHandlerCallback.handleMessage(MSG_PROCESS_DIED) - releases mRulesLock
E/IMGSRV ( 4207): :0: __map: Map device memory failed
W/GraphicBufferMapper( 4207): registerBuffer(0x69fdfe00) failed -14 (Bad address)
E/GraphicBuffer( 4207): unflatten GraphicBuffer failed. Failed to registerBuffer
E/IMGSRV ( 4207): :0: __map: Map device memory failed
W/GraphicBufferMapper( 4207): registerBuffer(0x68e87a90) failed -14 (Bad address)
E/GraphicBuffer( 4207): unflatten GraphicBuffer failed. Failed to registerBuffer
E/IMGSRV ( 4207): :0: __map: Map device memory failed
W/GraphicBufferMapper( 4207): registerBuffer(0x6a5d96b0) failed -14 (Bad address)
E/GraphicBuffer( 4207): unflatten GraphicBuffer failed. Failed to registerBuffer
I/ActivityManager( 336): Process com.google.android.partnersetup (pid 2559) has died.
I/NetworkPolicy( 336): mHandlerCallback.handleMessage(MSG_PROCESS_DIED) - acquired mRulesLock
E/IMGSRV ( 4207): :0: __map: Map device memory failed
W/GraphicBufferMapper( 4207): registerBuffer(0x6539b420) failed -14 (Bad address)
E/GraphicBuffer( 4207): unflatten GraphicBuffer failed. Failed to registerBuffer
E/BufferQueue( 4207): [unnamed-4207-1] cancelBuffer: slot 11 is not owned by the client (state=0)
E/BufferQueue( 4207): [unnamed-4207-1] cancelBuffer: slot 11 is not owned by the client (state=0)
E/BufferQueue( 4207): [unnamed-4207-1] cancelBuffer: slot 11 is not owned by the client (state=0)
D/OMXVideoDecoder( 137): NativeWindow = 0x48552888
I/NetworkPolicy( 336): mHandlerCallback.handleMessage(MSG_PROCESS_DIED) - releases mRulesLock
W/VideoDecoder( 137): No config data to start VA.
D/componentbase( 137): OMX.Intel.VideoDecoder.AVC:video_decoder.avc: transition from OMX_StateLoaded to OMX_StateIdle completed
D/componentbase( 137): OMX.Intel.VideoDecoder.AVC:video_decoder.avc: transition from OMX_StateIdle to OMX_StateExecuting completed
I/cip_AACdec( 137): UMC Decoder plugin created, Media Codecs version: 1.0.2098
I/OMXVideoDecoder( 137): Buffer has OMX_BUFFERFLAG_CODECCONFIG flag.
I/MixVBP ( 137): SPS header is parsed.
W/VideoDecoder( 137): Can't start VA as either SPS or PPS is still not available.
I/OMXVideoDecoder( 137): Buffer has OMX_BUFFERFLAG_CODECCONFIG flag.
I/MixVBP ( 137): PPS header is parsed.
I/VideoDecoder( 137): maxDPBSize = 5, num_ref_frame = 1
I/VideoDecoder( 137): updateFormatInfo: current size: 1920 x 1080, new size: 1920 x 1088
I/VideoDecoder( 137): Video size is changed.
I/VideoDecoder( 137): New sequence is received. Assuming video size is changed.
I/VideoDecoder( 137): Cropping: left = 0, top = 0, right = 0, bottom = 8
D/pvr_drv_video( 137): hw_get_module returned
E/IMGSRV ( 137): :0: validate_handle: Invalid handle
E/pvr_drv_video( 137): lock(...) failed -22 (Invalid argument).
E/pvr_drv_video ( 137): psb_CreateSurfacesFromGralloc fails with '-1' at hardware/intel/psb_video/src/android/psb_surface_gralloc.c:210
E/pvr_drv_video ( 137): CreateSurfaces failed
E/VideoDecoder( 137): vaCreateSurfaces failed. vaStatus = 0xffffffff
E/VideoDecoder( 137): startVA failed. status = -3
E/OMXVideoDecoder( 137): Decoder returned DECODE_DRIVER_FAIL
I/VideoDecoder( 137): maxDPBSize = 5, num_ref_frame = 1
I/VideoDecoder( 137): updateFormatInfo: current size: 1920 x 1088, new size: 1920 x 1088
I/VideoDecoder( 137): Cropping: left = 0, top = 0, right = 0, bottom = 8
E/VideoDecoder( 137): VA is partially started.
E/VideoDecoder( 137): startVA failed. status = 0
E/OMXVideoDecoder( 137): Decoder returned DECODE_FAIL
I/VideoDecoder( 137): maxDPBSize = 5, num_ref_frame = 1
I/VideoDecoder( 137): updateFormatInfo: current size: 1920 x 1088, new size: 1920 x 1088
I/VideoDecoder( 137): Cropping: left = 0, top = 0, right = 0, bottom = 8
E/VideoDecoder( 137): VA is partially started.
E/VideoDecoder( 137): startVA failed. status = 0
E/OMXVideoDecoder( 137): Decoder returned DECODE_FAIL
E/BufferQueue( 4207): [unnamed-4207-1] cancelBuffer: slot 11 is not owned by the client (state=0)
I/ActivityManager( 336): Process com.android.gallery3d (pid 2118) has died.
I/NetworkPolicy( 336): mHandlerCallback.handleMessage(MSG_PROCESS_DIED) - acquired mRulesLock
E/IMGSRV ( 4207): :0: __map: Map device memory failed
W/GraphicBufferMapper( 4207): registerBuffer(0x6a599f00) failed -14 (Bad address)
E/GraphicBuffer( 4207): unflatten GraphicBuffer failed. Failed to registerBuffer
I/NetworkPolicy( 336): mHandlerCallback.handleMessage(MSG_PROCESS_DIED) - releases mRulesLock
E/IMGSRV ( 4207): :0: __map: Map device memory failed
W/GraphicBufferMapper( 4207): registerBuffer(0x6a6be400) failed -14 (Bad address)
E/GraphicBuffer( 4207): unflatten GraphicBuffer failed. Failed to registerBuffer
F/OMXCodec( 137): frameworks/av/media/libstagefright/OMXCodec.cpp:2173 CHECK_EQ( (int)bufInfo->mStatus,(int)OWNED_BY_NATIVE_WINDOW) failed: 1 vs. 2
F/libc ( 137): Fatal signal 4 (SIGILL) at 0x401db6f6 (code=2), thread 4669 (TimedEventQueue)
I/ActivityManager( 336): Process com.google.android.gsf.login (pid 2211) has died.
I/NetworkPolicy( 336): mHandlerCallback.handleMessage(MSG_PROCESS_DIED) - acquired mRulesLock
I/NetworkPolicy( 336): mHandlerCallback.handleMessage(MSG_PROCESS_DIED) - releases mRulesLock
I/DEBUG ( 128): *** *** *** *** *** *** *** *** *** *** *** *** *** *** *** ***
I/DEBUG ( 128): Build fingerprint: 'asus/WW_epad/ME371MG:4.1.2/JZO54K/WW_epad-V3.2.7-20131129:user/release-keys'
I/DEBUG ( 128): pid: 137, tid: 4669, name: TimedEventQueue >>> /system/bin/mediaserver <<<
I/DEBUG ( 128): signal 4 (SIGILL), code 2 (ILL_ILLOPN), fault addr 401db6f6
I/ActivityManager( 336): Process com.android.defcontainer (pid 2451) has died.
I/NetworkPolicy( 336): mHandlerCallback.handleMessage(MSG_PROCESS_DIED) - acquired mRulesLock
I/NetworkPolicy( 336): mHandlerCallback.handleMessage(MSG_PROCESS_DIED) - releases mRulesLock
I/ActivityManager( 336): Process com.android.musicfx (pid 2507) has died.
I/NetworkPolicy( 336): mHandlerCallback.handleMessage(MSG_PROCESS_DIED) - acquired mRulesLock
I/NetworkPolicy( 336): mHandlerCallback.handleMessage(MSG_PROCESS_DIED) - releases mRulesLock
I/ActivityManager( 336): Process android.process.acore (pid 1902) has died.
I/NetworkPolicy( 336): mHandlerCallback.handleMessage(MSG_PROCESS_DIED) - acquired mRulesLock
I/NetworkPolicy( 336): mHandlerCallback.handleMessage(MSG_PROCESS_DIED) - releases mRulesLock
I/DEBUG ( 128): eax 0000008c ebx 401f2ff4 ecx 4ad2170e edx 0000fffe
I/DEBUG ( 128): esi 4ad21c28 edi 42d025e8
I/DEBUG ( 128): xcs 00000073 xds 0000007b xes 0000007b xfs 00000000 xss 0000007b
I/DEBUG ( 128): eip 401db6f6 ebp 4ad217e0 esp 4ad217d0 flags 00010202
I/DEBUG ( 128):
I/DEBUG ( 128): backtrace:
I/DEBUG ( 128): #00 pc 000046f6 /system/lib/libcutils.so (__android_log_assert+102)
I/DEBUG ( 128): #01 pc 726f7765
I/DEBUG ( 128):
I/DEBUG ( 128): stack:
I/DEBUG ( 128): 4ad21790 00000000
I/DEBUG ( 128): 4ad21794 00000000
I/DEBUG ( 128): 4ad21798 00000000
I/DEBUG ( 128): 4ad2179c 00000000
I/DEBUG ( 128): 4ad217a0 00000000
I/DEBUG ( 128): 4ad217a4 00000000
I/DEBUG ( 128): 4ad217a8 00000000
I/DEBUG ( 128): 4ad217ac 00000000
I/DEBUG ( 128): 4ad217b0 00000000
I/DEBUG ( 128): 4ad217b4 00000000
I/DEBUG ( 128): 4ad217b8 00000000
I/DEBUG ( 128): 4ad217bc 00000000
I/DEBUG ( 128): 4ad217c0 00000000
I/DEBUG ( 128): 4ad217c4 00000000
I/DEBUG ( 128): 4ad217c8 00000000
I/DEBUG ( 128): 4ad217cc 00000000
I/DEBUG ( 128): #00 4ad217d0 00000007
I/DEBUG ( 128): 4ad217d4 40ca5794 /system/lib/libstagefright.so
I/DEBUG ( 128): 4ad217d8 4ad217e0
I/DEBUG ( 128): 4ad217dc 4ad21c0c
I/DEBUG ( 128): 4ad217e0 6d617266
I/DEBUG ( 128): 4ad217e4 726f7765
I/DEBUG ( 128): #01 4ad217e8 612f736b
I/DEBUG ( 128): 4ad217ec 656d2f76
I/DEBUG ( 128): 4ad217f0 2f616964
I/DEBUG ( 128): 4ad217f4 7362696c
I/DEBUG ( 128): 4ad217f8 65676174
I/DEBUG ( 128): 4ad217fc 67697266
I/DEBUG ( 128): 4ad21800 4f2f7468
I/DEBUG ( 128): 4ad21804 6f43584d
I/DEBUG ( 128): 4ad21808 2e636564
I/DEBUG ( 128): 4ad2180c 3a707063
I/DEBUG ( 128): 4ad21810 33373132
I/DEBUG ( 128): 4ad21814 45484320 /dev/ashmem/MemoryHeapBase (deleted)
I/DEBUG ( 128): 4ad21818 455f4b43 /dev/card0
I/DEBUG ( 128): 4ad2181c 28202851
I/DEBUG ( 128): 4ad21820 29746e69
I/DEBUG ( 128): 4ad21824 49667562 /dev/card0
I/DEBUG ( 128): ........ ........
I/DEBUG ( 128):
I/DEBUG ( 128): memory map around fault addr 401db6f6:
I/DEBUG ( 128): 401d6000-401d7000 /system/lib/libm.so
I/DEBUG ( 128): 401d7000-401f2000 /system/lib/libcutils.so
I/DEBUG ( 128): 401f2000-401f3000 /system/lib/libcutils.so
I/ActivityManager( 336): Process com.google.android.apps.plus (pid 1583) has died.
I/NetworkPolicy( 336): mHandlerCallback.handleMessage(MSG_PROCESS_DIED) - acquired mRulesLock
I/NetworkPolicy( 336): mHandlerCallback.handleMessage(MSG_PROCESS_DIED) - releases mRulesLock
I/ServiceManager( 119): service 'media.audio_flinger' died
I/ServiceManager( 119): service 'media.player' died
I/ServiceManager( 119): service 'media.camera' died
I/ServiceManager( 119): service 'media.audio_policy' died
W/IMediaDeathNotifier( 336): media server died
W/AudioSystem( 336): AudioPolicyService server died!
E/MediaPlayer( 4207): internal/external state mismatch corrected
W/MediaMetadataRetriever( 4207): MediaMetadataRetriever server died!
W/IMediaDeathNotifier( 4207): media server died
E/MediaPlayer( 4207): error (100, 0)
E/MediaPlayer( 4207): error (100, 0)
W/IMediaDeathNotifier( 565): media server died
E/MediaPlayer( 4207): error (100, 0)
W/Camera ( 4207): Camera server died!
W/Camera ( 4207): ICamera died
E/MediaPlayer( 4207): Error (100,0)
E/MediaPlayer( 4207): Error (100,0)
E/MediaPlayer( 4207): Error (100,0)
W/hwcomposer( 336): widi server died - trying to register again
E/MediaPlayer( 4207): Attempt to call getDuration without a valid mediaplayer
E/MediaPlayer( 4207): error (-38, 0)
I/ServiceManager( 119): service 'media.widi' died
W/IMediaDeathNotifier( 483): media server died
E/MediaPlayer( 4207): Attempt to call getDuration without a valid mediaplayer
E/MediaPlayer( 4207): error (-38, 0)
I/ServiceManager( 336): Waiting for service media.widi...
I/BootReceiver( 336): Copying /data/tombstones/tombstone_06 to DropBox (SYSTEM_TOMBSTONE)
V/STMD ( 125): modem_status_client_handler - (1) - Client is disconnected
D/STMD ( 125): modem_status_client_handler - exit polling status client handler
V/STMD ( 125): modem_status_client_handler - (2) - Client is disconnected
D/STMD ( 125): modem_status_client_handler - exit polling status client handler
D/STMD ( 125): modem_status_client_handler - (1) - End
D/STMD ( 125): modem_status_client_handler - (2) - End
E/Camera ( 4207): Error 100
W/AudioSystem( 336): AudioFlinger server died!
W/AudioEffect( 1079): IEffect died
W/AudioSystem( 4207): AudioFlinger server died!
W/AudioSystem( 581): AudioFlinger server died!
W/AudioSystem( 1079): AudioFlinger server died!
W/AudioSystem( 2535): AudioFlinger server died!
W/AudioSystem( 483): AudioFlinger server died!
W/AudioSystem( 1079): AudioPolicyService server died!
W/AudioSystem( 2535): AudioPolicyService server died!
W/AudioSystem( 581): AudioPolicyService server died!
I/mediaserver( 4682): ServiceManager: 0x41ac6870
I/AudioFlinger( 4682): Using default 1000 mSec as standby time.
E/MultiDisplay( 336): drm_hdmi_connectStatus: HW platform doesn't support HDMI
I/MultiDisplay( 336): HDMI is disconnected.
W/MultiDisplay( 336): HDMI is already in disconnected state.
I/hwcomposer( 336): onMdsMessage: External display monitor onMdsMessage, 0, 0x1
D/hwcomposer( 336): void IntelHWComposer::onUEvent(char const*, int, int): got multiDisplay service event
D/hwcomposer( 336): bool IntelHWComposerDrm::detectDrmModeInfo(): getDisplayMode 0
I/MultiDisplay-DisplaySetting-Jni( 336): virtual void android::JNIMDSListener::onMdsMessage(int, int): No need to call onMdsMessage, 0x1
I/MultiDisplay( 4682): MultiDisplayClient::~MultiDisplayClient(): MDSClient is destroyed
I/CameraService( 4682): CameraService started (pid=4682)
D/Camera_HAL( 4682): ATOM_GetNumberOfCameras
I/AudioPolicyManagerBase( 4682): loadAudioPolicyConfig() loaded /system/etc/audio_policy.conf
I/AudioPolicyManagerBase( 4682): AudioPolicyManagerBase: i = 0 mHwModules.size() 4, mHwModules[i]->mName primary
D/PROPERTY( 4682): get audiocomms.atm.isDualSimModem: false
D/AT_MANAGER( 4682): on : addEventNotifier
D/PROPERTY( 4682): get audiocomms.atm.primaryChannel: /dev/gsmtty20
D/AUDIO_AT_MANAGER( 4682): setTtyName: working on /dev/gsmtty20
D/AudioRoute( 4682): AudioRoute MSIC_Voice
D/AudioRouteManager( 4682): addRoute
D/AudioRoute( 4682): AudioRoute MultiMedia
D/AudioRouteManager( 4682): addRoute
D/AudioRoute( 4682): AudioRoute BT
D/AudioRouteManager( 4682): addRoute
D/AudioRoute( 4682): AudioRoute VoiceRec
D/AudioRouteManager( 4682): addRoute
D/AudioHardwareALSA( 4682): Loading {
D/AudioHardwareALSA( 4682): Loading framework configuration {
D/AudioHardwareALSA( 4682): Tuning prohibited
D/AudioHardwareALSA( 4682): } Loading framework configuration
D/AudioHardwareALSA( 4682): Loading subsystem plugins {
D/AudioHardwareALSA( 4682): Attempting to load subsystem plugin path "/system/lib/parameter-framework-plugins/Audio/liblpe-subsystem.so"
D/AudioHardwareALSA( 4682): Attempting to load subsystem plugin path "/system/lib/parameter-framework-plugins/Audio/libamixer-subsystem.so"
D/AudioHardwareALSA( 4682): Attempting to load subsystem plugin path "/system/lib/parameter-framework-plugins/Audio/libalsactl-subsystem.so"
D/AudioHardwareALSA( 4682): All subsystem plugins successfully loaded
D/AudioHardwareALSA( 4682): } Loading subsystem plugins
D/AudioHardwareALSA( 4682): Loading Audio system class structure {
D/AudioHardwareALSA( 4682): Importing system structure from file /etc/parameter-framework/Structure/Audio/AudioClass.xml
D/AudioHardwareALSA( 4682): } Loading Audio system class structure
D/AudioHardwareALSA( 4682): Loading settings {
D/AudioHardwareALSA( 4682): Importing configurable domains from file /etc/parameter-framework/Settings/Audio/AudioConfigurableDomains.xml with settings
D/AudioHardwareALSA( 4682): Adding configurable element "/Audio/MSIC/SOUND_CARD/ROUTING/PLAYBACK/DEVICE/HEADPHONE/VOLUME" into domain "OutputDevice.Private.Selected"
D/AudioHardwareALSA( 4682): Auto validating domain "OutputDevice.Private.Selected" against configuration "Multimedia.WiredSpeakers" for configurable element /Audio/MSIC/SOUND_CARD/ROUTING/PLAYBACK/DEVICE/HEADPHONE/VOLUME
D/AudioHardwareALSA( 4682): Adding configurable element "/Audio/MSIC/SOUND_CARD/ROUTING/PLAYBACK/DEVICE/SPEAKER/VOLUME" into domain "OutputDevice.Public.Selected"
D/AudioHardwareALSA( 4682): Adding configurable element "/Audio/LPE/MIC1_PATH/GAIN_CTRL/GAIN" into domain "OutputDevice.Public.Selected"
D/AudioHardwareALSA( 4682): Adding configurable element "/Audio/LPE/MIC2_PATH/GAIN_CTRL/GAIN" into domain "OutputDevice.Public.Selected"
D/AudioHardwareALSA( 4682): Auto validating domain "OutputDevice.Public.Selected" against configuration "Multimedia.IHF" for configurable element /Audio/MSIC/SOUND_CARD/ROUTING/PLAYBACK/DEVICE/SPEAKER/VOLUME
D/AudioHardwareALSA( 4682): Auto validating domain "OutputDevice.Public.Selected" against configuration "Voip.IHF" for configurable element /Audio/LPE/MIC1_PATH/GAIN_CTRL/GAIN
D/AudioHardwareALSA( 4682): Auto validating domain "OutputDevice.Public.Selected" against configuration "Voip.IHF" for configurable element /Audio/LPE/MIC2_PATH/GAIN_CTRL/GAIN
D/AudioHardwareALSA( 4682): Adding configurable element "/Audio/LPE/HSEP_PATH/MONO_EQ/ENABLE" into domain "OutputDevice.Private.Processing"
D/AudioHardwareALSA( 4682): Adding configurable element "/Audio/LPE/HSEP_PATH/GAIN_CTRL/GAIN" into domain "OutputDevice.Private.Processing"
D/AudioHardwareALSA( 4682): Auto validating domain "OutputDevice.Private.Processing" against configuration "Multimedia.WiredSpeakers" for configurable element /Audio/LPE/HSEP_PATH/MONO_EQ/ENABLE
D/AudioHardwareALSA( 4682): Auto validating domain "OutputDevice.Private.Processing" against configuration "Multimedia.WiredSpeakers" for configurable element /Audio/LPE/HSEP_PATH/GAIN_CTRL/GAIN
D/AudioHardwareALSA( 4682): Adding configurable element "/Audio/LPE/IHF_PATH/MONO_EQ" into domain "OutputDevice.Public.Processing"
D/AudioHardwareALSA( 4682): Adding configurable element "/Audio/LPE/IHF_PATH/SDRC_CTRL" into domain "OutputDevice.Public.Processing"
D/AudioHardwareALSA( 4682): Adding configurable element "/Audio/LPE/IHF_PATH/GAIN_CTRL" into domain "OutputDevice.Public.Processing"
D/AudioHardwareALSA( 4682): Auto validating domain "OutputDevice.Public.Processing" against configuration "Voip.IHF" for configurable element /Audio/LPE/IHF_PATH/MONO_EQ
D/AudioHardwareALSA( 4682): Auto validating domain "OutputDevice.Public.Processing" against configuration "Voip.IHF" for configurable element /Audio/LPE/IHF_PATH/SDRC_CTRL
D/AudioHardwareALSA( 4682): Auto validating domain "OutputDevice.Public.Processing" against configuration "Voip.IHF" for configurable element /Audio/LPE/IHF_PATH/GAIN_CTRL
D/AudioHardwareALSA( 4682): Adding configurable element "/Audio/LPE/MIC1_PATH/GAIN_CTRL/GAIN" into domain "InputDevice.Selected"
D/AudioHardwareALSA( 4682): Adding configurable element "/Audio/LPE/MIC2_PATH/GAIN_CTRL/GAIN" into domain "InputDevice.Selected"
D/AudioHardwareALSA( 4682): Adding configurable element "/Audio/LPE/MIC1_PATH/MONO_EQ/ENABLE" into domain "InputDevice.Selected"
D/AudioHardwareALSA( 4682): Adding configurable element "/Audio/LPE/MIC2_PATH/MONO_EQ/ENABLE" into domain "InputDevice.Selected"
D/AudioHardwareALSA( 4682): Adding configurable element "/Audio/LPE/MIC2_PATH/MONO_EQ/FIR_COEFFS" into domain "InputDevice.Selected"
D/AudioHardwareALSA( 4682): Adding configurable element "/Audio/LPE/MIC2_PATH/MONO_EQ/IIR_COEFFS" into domain "InputDevice.Selected"
D/AudioHardwareALSA( 4682): Adding configurable element "/Audio/LPE/MIC1_PATH/DC_REMOVAL/IIR" into domain "InputDevice.Selected"
D/AudioHardwareALSA( 4682): Adding configurable element "/Audio/LPE/MIC2_PATH/MONO_EQ/FILTER_CONFIG" into domain "InputDevice.Selected"
D/AudioHardwareALSA( 4682): Adding configurable element "/Audio/LPE/MIC2_PATH/DC_REMOVAL/IIR" into domain "InputDevice.Selected"
D/AudioHardwareALSA( 4682): Adding configurable element "/Audio/LPE/MIC1_PATH/MONO_EQ/IIR_COEFFS" into domain "InputDevice.Selected"
D/AudioHardwareALSA( 4682): Adding configurable element "/Audio/LPE/MIC1_PATH/MONO_EQ/FIR_COEFFS" into domain "InputDevice.Selected"
D/AudioHardwareALSA( 4682): Adding configurable element "/Audio/LPE/MIC1_PATH/MONO_EQ/FILTER_CONFIG" into domain "InputDevice.Selected"
D/AudioHardwareALSA( 4682): Auto validating domain "InputDevice.Selected" against configuration "VR.Main" for configurable element /Audio/LPE/MIC1_PATH/GAIN_CTRL/GAIN
D/AudioHardwareALSA( 4682): Auto validating domain "InputDevice.Selected" against configuration "VR.Main" for configurable element /Audio/LPE/MIC2_PATH/GAIN_CTRL/GAIN
D/AudioHardwareALSA( 4682): Auto validating domain "InputDevice.Selected" against configuration "VR.Main" for configurable element /Audio/LPE/MIC1_PATH/MONO_EQ/ENABLE
D/AudioHardwareALSA( 4682): Auto validating domain "InputDevice.Selected" against configuration "VR.Main" for configurable element /Audio/LPE/MIC2_PATH/MONO_EQ/ENABLE
D/AudioHardwareALSA( 4682): Auto validating domain "InputDevice.Selected" against configuration "VR.Main" for configurable element /Audio/LPE/MIC2_PATH/MONO_EQ/FIR_COEFFS
D/AudioHardwareALSA( 4682): Auto validating domain "InputDevice.Selected" against configuration "VR.Main" for configurable element /Audio/LPE/MIC2_PATH/MONO_EQ/IIR_COEFFS
D/AudioHardwareALSA( 4682): Auto validating domain "InputDevice.Selected" against configuration "VR.Main" for configurable element /Audio/LPE/MIC1_PATH/DC_REMOVAL/IIR
D/AudioHardwareALSA( 4682): Auto validating domain "InputDevice.Selected" against configuration "VR.Main" for configurable element /Audio/LPE/MIC2_PATH/MONO_EQ/FILTER_CONFIG
D/AudioHardwareALSA( 4682): Auto validating domain "InputDevice.Selected" against configuration "VR.Main" for configurable element /Audio/LPE/MIC2_PATH/DC_REMOVAL/IIR
D/AudioHardwareALSA( 4682): Auto validating domain "InputDevice.Selected" against configuration "VR.Main" for configurable element /Audio/LPE/MIC1_PATH/MONO_EQ/IIR_COEFFS
D/AudioHardwareALSA( 4682): Auto validating domain "InputDevice.Selected" against configuration "VR.Main" for configurable element /Audio/LPE/MIC1_PATH/MONO_EQ/FIR_COEFFS
D/AudioHardwareALSA( 4682): Auto validating domain "InputDevice.Selected" against configuration "VR.Main" for configurable element /Audio/LPE/MIC1_PATH/MONO_EQ/FILTER_CONFIG
D/AudioHardwareALSA( 4682): Adding configurable element "/Audio/LPE/IHF_PATH/GAIN_CTRL" into domain "DualRoute.IHFWiredSpeaker"
D/AudioHardwareALSA( 4682): Auto validating domain "DualRoute.IHFWiredSpeaker" against configuration "IHFWiredSpeaker" for configurable element /Audio/LPE/IHF_PATH/GAIN_CTRL
D/AudioHardwareALSA( 4682): Adding configurable element "/Audio/LPE/MIC1_PATH/GAIN_CTRL/ENABLE" into domain "Calibration"
D/AudioHardwareALSA( 4682): Adding configurable element "/Audio/LPE/MIC2_PATH/GAIN_CTRL/ENABLE" into domain "Calibration"
D/AudioHardwareALSA( 4682): Adding configurable element "/Audio/LPE/HSEP_PATH/GAIN_CTRL/ENABLE" into domain "Calibration"
D/AudioHardwareALSA( 4682): Adding configurable element "/Audio/LPE/MIC1_PATH/GAIN_CTRL/CHANNELS" into domain "Calibration"
D/AudioHardwareALSA( 4682): Adding configurable element "/Audio/LPE/MIC2_PATH/GAIN_CTRL/CHANNELS" into domain "Calibration"
D/AudioHardwareALSA( 4682): Adding configurable element "/Audio/LPE/HSEP_PATH/GAIN_CTRL/CHANNELS" into domain "Calibration"
D/AudioHardwareALSA( 4682): Adding configurable element "/Audio/LPE/MIC1_PATH/DC_REMOVAL/ENABLE" into domain "Calibration"
D/AudioHardwareALSA( 4682): Adding configurable element "/Audio/LPE/MIC2_PATH/DC_REMOVAL/ENABLE" into domain "Calibration"
D/AudioHardwareALSA( 4682): Adding configurable element "/Audio/LPE/HSEP_PATH/MONO_EQ/FILTER_CONFIG" into domain "Calibration"
D/AudioHardwareALSA( 4682): Adding configurable element "/Audio/LPE/HSEP_PATH/MONO_EQ/FIR_COEFFS" into domain "Calibration"
D/AudioHardwareALSA( 4682): Adding configurable element "/Audio/LPE/HSEP_PATH/MONO_EQ/IIR_COEFFS" into domain "Calibration"
D/AudioHardwareALSA( 4682): Adding configurable element "/Audio/MSIC/SOUND_CARD/ROUTING/CAPTURE/DEVICE/ADC/LEFT/BALANCE" into domain "Calibration"
D/AudioHardwareALSA( 4682): Adding configurable element "/Audio/MSIC/SOUND_CARD/ROUTING/CAPTURE/DEVICE/ADC/RIGHT/BALANCE" into domain "Calibration"
D/AudioHardwareALSA( 4682): Adding configurable element "/Audio/LPE/MIC1_PATH/MONO_EQ/FILTER_CONFIG" into domain "Calibration"
D/AudioHardwareALSA( 4682): Adding configurable element "/Audio/LPE/MIC1_PATH/MONO_EQ/FIR_COEFFS" into domain "Calibration"
D/AudioHardwareALSA( 4682): Adding configurable element "/Audio/LPE/MIC1_PATH/MONO_EQ/IIR_COEFFS" into domain "Calibration"
D/AudioHardwareALSA( 4682): Auto validating domain "Calibration" against configuration "Default" for configurable element /Audio/LPE/MIC1_PATH/GAIN_CTRL/ENABLE
D/AudioHardwareALSA( 4682): Auto validating domain "Calibration" against configuration "Default" for configurable element /Audio/LPE/MIC2_PATH/GAIN_CTRL/ENABLE
D/AudioHardwareALSA( 4682): Auto validating domain "Calibration" against configuration "Default" for configurable element /Audio/LPE/HSEP_PATH/GAIN_CTRL/ENABLE
D/AudioHardwareALSA( 4682): Auto validating domain "Calibration" against configuration "Default" for configurable element /Audio/LPE/MIC1_PATH/GAIN_CTRL/CHANNELS
D/AudioHardwareALSA( 4682): Auto validating domain "Calibration" against configuration "Default" for configurable element /Audio/LPE/MIC2_PATH/GAIN_CTRL/CHANNELS
D/AudioHardwareALSA( 4682): Auto validating domain "Calibration" against configuration "Default" for configurable element /Audio/LPE/HSEP_PATH/GAIN_CTRL/CHANNELS
D/AudioHardwareALSA( 4682): Auto validating domain "Calibration" against configuration "Default" for configurable element /Audio/LPE/MIC1_PATH/DC_REMOVAL/ENABLE
D/AudioHardwareALSA( 4682): Auto validating domain "Calibration" against configuration "Default" for configurable element /Audio/LPE/MIC2_PATH/DC_REMOVAL/ENABLE
D/AudioHardwareALSA( 4682): Auto validating domain "Calibration" against configuration "Default" for configurable element /Audio/LPE/HSEP_PATH/MONO_EQ/FILTER_CONFIG
D/AudioHardwareALSA( 4682): Auto validating domain "Calibration" against configuration "Default" for configurable element /Audio/LPE/HSEP_PATH/MONO_EQ/FIR_COEFFS
D/AudioHardwareALSA( 4682): Auto validating domain "Calibration" against configuration "Default" for configurable element /Audio/LPE/HSEP_PATH/MONO_EQ/IIR_COEFFS
D/AudioHardwareALSA( 4682): Auto validating domain "Calibration" against configuration "Default" for configurable element /Audio/MSIC/SOUND_CARD/ROUTING/CAPTURE/DEVICE/ADC/LEFT/BALANCE
D/AudioHardwareALSA( 4682): Auto validating domain "Calibration" against configuration "Default" for configurable element /Audio/MSIC/SOUND_CARD/ROUTING/CAPTURE/DEVICE/ADC/RIGHT/BALANCE
D/AudioHardwareALSA( 4682): Auto validating domain "Calibration" against configuration "Default" for configurable element /Audio/LPE/MIC1_PATH/MONO_EQ/FILTER_CONFIG
D/AudioHardwareALSA( 4682): Auto validating domain "Calibration" against configuration "Default" for configurable element /Audio/LPE/MIC1_PATH/MONO_EQ/FIR_COEFFS
D/AudioHardwareALSA( 4682): Auto validating domain "Calibration" against configuration "Default" for configurable element /Audio/LPE/MIC1_PATH/MONO_EQ/IIR_COEFFS
D/AudioHardwareALSA( 4682): } Loading settings
D/AudioHardwareALSA( 4682): Main blackboard back synchronization
D/AudioHardwareALSA( 4682): Validating whole domain "OutputDevice.Private.Selected" against main blackboard
D/AudioHardwareALSA( 4682): Validating whole domain "OutputDevice.Public.Selected" against main blackboard
D/AudioHardwareALSA( 4682): Validating whole domain "OutputDevice.Private.Processing" against main blackboard
D/AudioHardwareALSA( 4682): Validating whole domain "OutputDevice.Public.Processing" against main blackboard
D/AudioHardwareALSA( 4682): Validating whole domain "InputDevice.Selected" against main blackboard
D/AudioHardwareALSA( 4682): Validating whole domain "DualRoute.IHFWiredSpeaker" against main blackboard
D/AudioHardwareALSA( 4682): Validating whole domain "Calibration" against main blackboard
D/AudioHardwareALSA( 4682): Applying configurations {
D/AudioHardwareALSA( 4682): Applying configuration "Default" from domain "DualRoute.IHFWiredSpeaker"
D/AudioHardwareALSA( 4682): Applying configuration "Default" from domain "Calibration"
D/AudioHardwareALSA( 4682): AMIXER: writing alsa element Mic1Mode Capture Route, index 1 with value 1
D/AudioHardwareALSA( 4682): AMIXER: writing alsa element Mic2Mode Capture Route, index 1 with value 1
D/AudioHardwareALSA( 4682): } Applying configurations
D/AudioHardwareALSA( 4682): Handling remote processing interface {
D/AudioHardwareALSA( 4682): } Handling remote processing interface
D/AudioHardwareALSA( 4682): } Loading
I/AudioHardwareALSA( 4682): parameter-framework successfully started!
E/AudioHardwareALSA( 4682): acoustics Module not found!!!
D/PROPERTY( 4682): get Audiocomms.Modem.IsPresent: 1
D/AudioHardwareALSA( 4682): AudioHardwareALSA(): platform embeds a Modem chip
D/AudioHardwareALSA( 4682): getIntegerParameterValue in
E/AudioHardwareALSA( 4682): Unable to get parameter handle: /Audio/CONFIGURATION/ALSA_CONF/OUT/DEFAULT_SAMPLE_RATE not found!
D/AudioHardwareALSA( 4682): getIntegerParameterValue returning 44100
D/AudioHardwareALSA( 4682): getIntegerParameterValue in
E/AudioHardwareALSA( 4682): Unable to get parameter handle: /Audio/CONFIGURATION/ALSA_CONF/IN/DEFAULT_SAMPLE_RATE not found!
D/AudioHardwareALSA( 4682): getIntegerParameterValue returning 44100
I/ALSAModuleCDK( 4682): Calculated period time = 23220 (Frames nb aligned on 16)
D/PROPERTY( 4682): get Audiocomms.FM.IsAnalog: false
D/AudioHardwareALSA( 4682): getIntegerParameterValue in
E/AudioHardwareALSA( 4682): Unable to get parameter handle: /Audio/CONFIGURATION/IFX_MODEM/I2S2/CLK_SELECT not found!
D/AudioHardwareALSA( 4682): getIntegerParameterValue returning -1
D/AudioHardwareALSA( 4682): getIntegerParameterValue in
E/AudioHardwareALSA( 4682): Unable to get parameter handle: /Audio/CONFIGURATION/IFX_MODEM/I2S1/CLK_SELECT not found!
D/AudioHardwareALSA( 4682): getIntegerParameterValue returning -1
D/VPC_Module( 4682): Initialize VPC
D/PROPERTY( 4682): get audiocomms.atm.controlChannel: /dev/gsmtty13
D/AT_MANAGER( 4682): start: working on /dev/gsmtty13
D/STMD ( 125): socket_manager - (modem-status) - client 3 connected
D/STMD ( 125): socket_manager - (modem-status) - next client id: 1
D/STMD ( 125): modem_status_client_handler - (3) - Started
D/EVENT_THREAD( 4682): void CEventThread::run() POLLIN event on Fd (1)
D/AT_MANAGER( 4682): on /dev/gsmtty13: onEvent
D/AT_MANAGER( 4682): on /dev/gsmtty13: updateModemStatus: Modem status: UP
D/AT_MANAGER( 4682): opening read tty /dev/gsmtty13...
D/AT_MANAGER( 4682): opening write tty /dev/gsmtty13...
D/AT_MANAGER( 4682): startModemTtyListeners: modem Tty succesfully added to listener thread
D/AT_MANAGER( 4682): on /dev/gsmtty13: onTtyStateChanged
D/AT_MANAGER( 4682): on /dev/gsmtty13: setModemStatus
D/AT_MANAGER( 4682): Modem status received: 1
D/AT_MANAGER( 4682): on /dev/gsmtty13: notify
D/LIBAMC_AT_MANAGER( 4682): at_start: *** ATmodemControl started
D/Amc_dev_conf( 4682): Dest for source init enter
D/VPC_Module( 4682): AT thread started
D/VPC_MSIC( 4682): Enable MSIC voice path ~~~ Entry
D/VPC_MSIC( 4682): VoicePlayback_Speaker_incall
D/VPC_MSIC( 4682): Enable MSIC voice path ~~~ Exit
D/VPC_MSIC( 4682): Disable MSIC voice path ~~~ Entry
D/VPC_MSIC( 4682): snd_pcm_close(handle_playback)
D/VPC_MSIC( 4682): snd_pcm_close(handle_capture)
D/VPC_MSIC( 4682): Disable MSIC voice path ~~~ Exit
D/PROPERTY( 4682): get Audiocomms.Audience.IsPresent: false
D/VPC_Module( 4682): VPC Init OK
D/MODEM_AUDIO_MANAGER( 4682): getModemStatus
D/VPC_Module( 4682): vpc_set_modem_state modem_status
D/VPC_Module( 4682): vpc_set_modem_state modem_status = 0
D/PROPERTY( 4682): get Audiocomms.FM.Supported: true
D/PROPERTY( 4682): get Audiocomms.FM.IsAnalog: false
D/FM_Module( 4682): FM HW module initialized.
D/MODEM_AUDIO_MANAGER( 4682): start
D/AUDIO_AT_MANAGER( 4682): on /dev/gsmtty20: start
D/AT_MANAGER_UNSOLLICITED( 4682): CUnsollicitedATCommand
D/AUDIO_AT_MANAGER_CALLPROGRESS( 4682): CProgressUnsollicitedATCommand
D/AT_MANAGER( 4682): on : addUnsollicitedATCommand
D/AT_MANAGER_UNSOLLICITED( 4682): CUnsollicitedATCommand
D/AUDIO_AT_MANAGER_CALLSTAT( 4682): CCallStatUnsollicitedATCommand
D/AT_MANAGER( 4682): on : addUnsollicitedATCommand
D/AT_MANAGER_UNSOLLICITED( 4682): CUnsollicitedATCommand
D/ATMANAGER_XDRVI( 4682): CXDRVIUnsollicitedATCommand
D/AT_MANAGER( 4682): on : addUnsollicitedATCommand
D/AT_MANAGER( 4682): start: working on /dev/gsmtty20
D/STMD ( 125): socket_manager - (modem-status) - client 1 connected
D/STMD ( 125): socket_manager - (modem-status) - next client id: 2
D/STMD ( 125): modem_status_client_handler - (1) - Started
D/EVENT_THREAD( 4682): void CEventThread::run() POLLIN event on Fd (1)
D/AT_MANAGER( 4682): on /dev/gsmtty20: onEvent
D/AT_MANAGER( 4682): on /dev/gsmtty20: updateModemStatus: Modem status: UP
D/AT_MANAGER( 4682): opening read tty /dev/gsmtty20...
D/AT_MANAGER( 4682): opening write tty /dev/gsmtty20...
D/AT_MANAGER( 4682): startModemTtyListeners: modem Tty succesfully added to listener thread
D/AT_MANAGER( 4682): on /dev/gsmtty20: onTtyStateChanged
D/AT_MANAGER( 4682): on /dev/gsmtty20: pushCommandToSendList
D/AT_MANAGER( 4682): on /dev/gsmtty20: pushCommandToSendList
D/AT_MANAGER( 4682): on /dev/gsmtty20: pushCommandToSendList
D/AT_MANAGER( 4682): on /dev/gsmtty20: processSendList
D/AT_MANAGER( 4682): on /dev/gsmtty20: popCommandFromSendList
D/ ( 4682): void CATCommand::clearStatus()
D/AT_MANAGER( 4682): on /dev/gsmtty20: sendCurrentCommand
D/AT_MANAGER( 4682): sendCurrentCommand on /dev/gsmtty20: Sent: AT+XPROGRESS=1
D/AT_MANAGER( 4682): on /dev/gsmtty20: setModemStatus
D/AT_MANAGER( 4682): Modem status received: 1
D/AT_MANAGER( 4682): on /dev/gsmtty20: notify
D/MODEM_AUDIO_MANAGER( 4682): onModemStateChanged
D/AudioHardwareALSA( 4682): onModemStateChanged: in
D/MODEM_AUDIO_MANAGER( 4682): isModemAlive
D/MODEM_AUDIO_MANAGER( 4682): getModemStatus
D/VPC_Module( 4682): vpc_set_modem_state modem_status
D/VPC_Module( 4682): vpc_set_modem_state modem_status = 1
D/AudioHardwareALSA( 4682): checkAndSetHwMode: Android Mode=0, Latched Mode=0, HW Mode=0, nb of output devices=0
D/AudioHardwareALSA( 4682): applyRouteAccessibilityRules: in, mode 0, modemAvailable=1, ModemCallActive=0 mIsBluetoothEnabled=0
D/AudioRouteManager( 4682): setRouteAccessible
D/AudioRouteManager( 4682): findRouteByName
D/AudioRoute( 4682): setRouteAccessible mIsRouteAccessible=0
D/AudioRouteManager( 4682): setRouteAccessible
D/AudioRouteManager( 4682): findRouteByName
D/AudioRoute( 4682): setRouteAccessible mIsRouteAccessible=0
D/AudioHardwareALSA( 4682): reconsiderRouting
D/AudioRouteManager( 4682): setRouteAccessible
D/AudioRouteManager( 4682): findRouteByName
D/AudioRoute( 4682): setRouteAccessible mIsRouteAccessible=1
D/AudioRoute( 4682): setRouteAccessible Nothing to do
D/AudioHardwareALSA( 4682): applyRouteAccessibilityRules: out
D/AudioHardwareALSA( 4682): onModemStateChanged: out
D/PROPERTY( 4682): get Audiocomms.Audience.IsPresent: false
D/AudioHardwareALSA( 4682): AudioHardwareALSA(): platform does NOT embed an Audience chip
D/PROPERTY( 4682): get Audiocomms.BT.HFP.Supported: true
D/AudioHardwareALSA( 4682): AudioHardwareALSA(): platform supports Bluetooth HFP
I/AudioFlinger( 4682): loadHwModule() Loaded primary audio interface from Intel Audio HW HAL (audio) handle 1
I/AudioPolicyManagerBase( 4682): The mHwModules[0]->mHandle = 1
D/AudioHardwareALSA( 4682): openOutputStream: called for devices: 0x00000002
D/ALSAModuleCDK( 4682): s_init_stream called for devices 00000002 in mode 0 and FM RX mode 0...
D/AudioHardwareALSA( 4682): set(format:1 channels:0x3 (popCount returns 2) rate:44100) and mHandle->sampleRate=44100, mHandle->channels=2
D/AudioHardwareALSA( 4682): set: set channels to 0x3
D/AudioHardwareALSA( 4682): set: set rate to 44100
D/AudioHardwareALSA( 4682): set : set format to 1
D/AudioHardwareALSA( 4682): openOutputStream: OUT
D/AudioHardwareALSA( 4682): bufferSize: 4096 (in bytes) for output stream
I/AudioFlinger( 4682): HAL output buffer size 1024 frames, normal mix buffer size 1024 frames
I/ServiceManager( 336): Waiting for service media.widi...
D/EVENT_THREAD( 4682): void CEventThread::run() POLLIN event on Fd (2)
D/AT_MANAGER( 4682): on /dev/gsmtty20: onEvent
D/AT_MANAGER( 4682): on /dev/gsmtty20: readResponse
D/AT_MANAGER( 4682): Received OK
D/AT_MANAGER( 4682): on /dev/gsmtty20: terminateTransaction
D/AT_MANAGER( 4682): terminateTransaction: (AT+XPROGRESS=1): received answer OK
D/ ( 4682): void CATCommand::clearStatus()
D/AT_MANAGER( 4682): on /dev/gsmtty20: processSendList
D/AT_MANAGER( 4682): on /dev/gsmtty20: popCommandFromSendList
D/ ( 4682): void CATCommand::clearStatus()
D/AT_MANAGER( 4682): on /dev/gsmtty20: sendCurrentCommand
D/AT_MANAGER( 4682): sendCurrentCommand on /dev/gsmtty20: Sent: AT+XCALLSTAT=1
D/EVENT_THREAD( 4682): void CEventThread::run() POLLIN event on Fd (2)
D/AT_MANAGER( 4682): on /dev/gsmtty20: onEvent
D/AT_MANAGER( 4682): on /dev/gsmtty20: readResponse
D/AT_MANAGER( 4682): Received OK
D/AT_MANAGER( 4682): on /dev/gsmtty20: terminateTransaction
D/AT_MANAGER( 4682): terminateTransaction: (AT+XCALLSTAT=1): received answer OK
D/ ( 4682): void CATCommand::clearStatus()
D/AT_MANAGER( 4682): on /dev/gsmtty20: processSendList
D/AT_MANAGER( 4682): on /dev/gsmtty20: popCommandFromSendList
D/ ( 4682): void CATCommand::clearStatus()
D/AT_MANAGER( 4682): on /dev/gsmtty20: sendCurrentCommand
D/AT_MANAGER( 4682): sendCurrentCommand on /dev/gsmtty20: Sent: AT+XDRV=10,8,1
D/EVENT_THREAD( 4682): void CEventThread::run() POLLIN event on Fd (2)
D/AT_MANAGER( 4682): on /dev/gsmtty20: onEvent
D/AT_MANAGER( 4682): on /dev/gsmtty20: readResponse
D/EVENT_THREAD( 4682): void CEventThread::run() POLLIN event on Fd (2)
D/AT_MANAGER( 4682): on /dev/gsmtty20: onEvent
D/AT_MANAGER( 4682): on /dev/gsmtty20: readResponse
D/AT_MANAGER( 4682): Received +XDRVI: 10,8,0,5,9,2
D/AT_MANAGER( 4682): => Unsollicited while currentCmd ongoing
D/ATMANAGER_XDRVI( 4682): doProcessNotification
D/ATMANAGER_XDRVI( 4682): doProcessNotification: ans=(+XDRVI: 10,8,0,5,9,2
D/ATMANAGER_XDRVI( 4682): ) -1
D/ATMANAGER_XDRVI( 4682): doProcessNotification: Speech codec =5 (INVALID); Sample rate=9 (INVALID)
D/ ( 4682): void CATCommand::clearStatus()
D/AT_MANAGER( 4682): on /dev/gsmtty20: notify
D/MODEM_AUDIO_MANAGER( 4682): onEvent: eventId=2
D/AudioHardwareALSA( 4682): onModemAudioPCMChanged: in
D/MODEM_AUDIO_MANAGER( 4682): getModemCodec
D/AudioHardwareALSA( 4682): onModemAudioPCMChanged: out
D/EVENT_THREAD( 4682): void CEventThread::run() POLLIN event on Fd (2)
D/AT_MANAGER( 4682): on /dev/gsmtty20: onEvent
D/AT_MANAGER( 4682): on /dev/gsmtty20: readResponse
D/AT_MANAGER( 4682): Received +XDRV: 10,8,0
D/AT_MANAGER( 4682): Received OK
D/AT_MANAGER( 4682): on /dev/gsmtty20: terminateTransaction
D/AT_MANAGER( 4682): terminateTransaction: (AT+XDRV=10,8,1): received answer +XDRV: 10,8,0
D/AT_MANAGER( 4682): OK
D/ ( 4682): void CATCommand::clearStatus()
E/WavesFXModule( 4682): MaxxAudio_getDescriptor
E/WavesFXModule( 4682): MaxxAudio_EffectQueryEffect
I/AudioMixer( 4682): found effect "Multichannel Downmix To Stereo" from The Android Open Source Project
D/AudioHardwareALSA( 4682): bufferSize: 4096 (in bytes) for output stream
I/AudioFlinger( 4682): Using module 1 has the primary audio interface
D/AudioHardwareInterface( 4682): setMode(NORMAL)
I/AudioFlinger( 4682): AudioFlinger's thread 0x42cf3270 ready to run
D/AudioStreamOutAlsa( 4682): standby
D/AudioHardwareALSA( 4682): standby
D/ALSAModuleCDK( 4682): android::status_t android_audio_legacy::s_standby(android_audio_legacy::alsa_handle_t*) in
D/ALSAModuleCDK( 4682): void android_audio_legacy::s_drain(android_audio_legacy::alsa_handle_t*) in
D/ALSAModuleCDK( 4682): android::status_t android_audio_legacy::s_standby(android_audio_legacy::alsa_handle_t*) out
W/AudioHardwareALSA( 4682): AudioHardwareALSA::setStreamParameters() for output devices: 0x00000002
D/AudioHardwareALSA( 4682): checkAndSetHwMode: Android Mode=0, Latched Mode=0, HW Mode=0, nb of output devices=1
D/AudioHardwareALSA( 4682): applyRouteAccessibilityRules: in, mode 0, modemAvailable=1, ModemCallActive=0 mIsBluetoothEnabled=0
D/AudioRouteManager( 4682): setRouteAccessible
D/AudioRouteManager( 4682): findRouteByName
D/AudioRoute( 4682): setRouteAccessible mIsRouteAccessible=0
D/AudioRoute( 4682): setRouteAccessible Nothing to do
D/AudioRouteManager( 4682): setRouteAccessible
D/AudioRouteManager( 4682): findRouteByName
D/AudioRoute( 4682): setRouteAccessible mIsRouteAccessible=0
D/AudioRoute( 4682): setRouteAccessible Nothing to do
D/AudioHardwareALSA( 4682): applyRouteAccessibilityRules: out
D/VPC_Module( 4682): vpc_params mode = 0 device = 0x2
D/VPC_Module( 4682): vpc_params previous mode = 0 previous device = 0x0
D/AudioRouteManager( 4682): route mode=0 devices=0x2 bForOutput=1
D/AudioRouteManager( 4682): getRoute
D/AudioRoutMSICVoice( 4682): isApplicable mode=0 devices=0x2 bForOutput=1
D/AudioRouteMM( 4682): isApplicable mode=0 devices=0x2 bForOutput=1
D/AudioRouteManager( 4682): route has been found
D/AudioHardwareALSA( 4682): setRoute mode=0
D/AudioRoute( 4682): setStream mode=0
D/AudioRoute( 4682): execute mode=0
D/AudioRoute( 4682): tieStreams mode=0
D/AudioRoute( 4682): execute route inconditionnaly
D/AudioRoute( 4682): route mode=0 isAccessible=1
D/AudioHardwareALSA( 4682): doRoute mode=0
D/ALSAModuleCDK( 4682): s_open: closing handle first 2, 0
D/ALSAModuleCDK( 4682): android::status_t android_audio_legacy::s_close(android_audio_legacy::alsa_handle_t*) in
D/ALSAModuleCDK( 4682): void android_audio_legacy::s_drain(android_audio_legacy::alsa_handle_t*) in
D/ALSAModuleCDK( 4682): android::status_t android_audio_legacy::s_close(android_audio_legacy::alsa_handle_t*) out
D/ALSAModuleCDK( 4682): open called for devices 00000002 in mode 0...
D/ALSAModuleCDK( 4682): returning deviceName = AndroidPlayback_Speaker_normal_pr2
D/ALSAModuleCDK( 4682): open called for devices AndroidPlayback_Speaker_normal_pr2
I/ALSAModuleCDK( 4682): Initialized ALSA PLAYBACK device AndroidPlayback_Speaker_normal_pr2
D/AudioConversion( 4682): configure
D/AudioConversion( 4682): configure: no convertion required
D/AudioHardwareALSA( 4682): ALSAStreamOps::doOpen status=0
D/AudioHardwareALSA( 4682): doRoute standby mode -> standby the device immediately after routing
D/AudioHardwareALSA( 4682): doStandby
D/AudioHardwareALSA( 4682): standby
D/ALSAModuleCDK( 4682): android::status_t android_audio_legacy::s_standby(android_audio_legacy::alsa_handle_t*) in
D/ALSAModuleCDK( 4682): void android_audio_legacy::s_drain(android_audio_legacy::alsa_handle_t*) in
D/ALSAModuleCDK( 4682): s_drain: sleeping 0
D/ALSAModuleCDK( 4682): android::status_t android_audio_legacy::s_standby(android_audio_legacy::alsa_handle_t*) out
D/AudioHardwareALSA( 4682): Selection criterion changed event: SelectedOutputDevice = IHF
D/AudioHardwareALSA( 4682): Configuration application request {
D/AudioHardwareALSA( 4682): Applying configurations {
D/AudioHardwareALSA( 4682): Applying configuration "Multimedia.IHF" from domain "OutputDevice.Public.Selected"
D/AudioHardwareALSA( 4682): Applying configuration "Multimedia.IHF" from domain "OutputDevice.Public.Processing"
D/AudioHardwareALSA( 4682): AMIXER: writing alsa element Speaker Playback Volume, index 2 with value 62
D/AudioHardwareALSA( 4682): } Applying configurations
D/AudioHardwareALSA( 4682): } Configuration application request
I/AudioPolicyManagerBase( 4682): AudioPolicyManagerBase: i = 1 mHwModules.size() 4, mHwModules[i]->mName a2dp
I/AudioFlinger( 4682): loadHwModule() Loaded a2dp audio interface from A2DP Audio HW HAL (audio) handle 3
I/AudioPolicyManagerBase( 4682): The mHwModules[1]->mHandle = 3
I/AudioPolicyManagerBase( 4682): AudioPolicyManagerBase: i = 2 mHwModules.size() 4, mHwModules[i]->mName widi
I/AudioFlinger( 4682): loadHwModule() Loaded widi audio interface from WIDI audio HW HAL (audio) handle 4
I/AudioPolicyManagerBase( 4682): The mHwModules[2]->mHandle = 4
I/AudioPolicyManagerBase( 4682): AudioPolicyManagerBase: i = 3 mHwModules.size() 4, mHwModules[i]->mName usb
I/AudioFlinger( 4682): loadHwModule() Loaded usb audio interface from USB audio HW HAL (audio) handle 5
I/AudioPolicyManagerBase( 4682): The mHwModules[3]->mHandle = 5
D/PROPERTY( 4682): get Audiocomms.FM.IsAnalog: false
I/AudioPolicyService( 4682): Loaded audio policy from LEGACY Audio Policy HAL (audio_policy)
I/mediaserver( 4682): ************* STARTING WIDI SERVICE ******************
I/WirelessDisplayService( 4682): WirelessDisplayService created
E/AudioService( 336): Media server died.
D/AudioHardwareALSA( 4682): Get MUTE false
E/AudioService( 336): Media server started.
I/AudioHardwareALSA( 4682): Restore audio parameters as mediaserver is restarted
I/AudioHardwareALSA( 4682): key value pair HACSetting=OFF
D/AudioHardwareInterface( 4682): setMode(NORMAL)
W/AudioPolicyManagerBase( 4682): setPhoneState() setting same state 0
D/StatusBar.NetworkController( 483): SystemProperties - ODM = ASUS
I/WirelessDisplayService( 4682): HW Composer Widi plane registered
D/StatusBar.NetworkController( 483): SystemProperties - ODM = ASUS