D/StatusBar.NetworkController( 483): SystemProperties - ODM = ASUS
D/StatusBar.NetworkController( 483): SystemProperties - ODM = ASUS
W/TimedEventQueue( 4682): Event 765 was not found in the queue, already cancelled?
W/AudioFlinger( 4682): session id 9 not found for pid 4765
I/cip_AACdec( 4682): UMC Decoder plugin deleted
E/MultiDisplay( 336): drm_hdmi_connectStatus: HW platform doesn't support HDMI
I/MultiDisplay( 336): HDMI is disconnected.
W/MultiDisplay( 336): HDMI is already in disconnected state.
I/hwcomposer( 336): onMdsMessage: External display monitor onMdsMessage, 0, 0x1
D/hwcomposer( 336): void IntelHWComposer::onUEvent(char const*, int, int): got multiDisplay service event
D/hwcomposer( 336): bool IntelHWComposerDrm::detectDrmModeInfo(): getDisplayMode 0
I/MultiDisplay-DisplaySetting-Jni( 336): virtual void android::JNIMDSListener::onMdsMessage(int, int): No need to call onMdsMessage, 0x1
I/MultiDisplay( 4682): MultiDisplayClient::~MultiDisplayClient(): MDSClient is destroyed
I/OMXVideoDecoder( 4682): Flushing port# 4294967295.
W/OMXVideoDecoder( 4682): Flushing video pipeline.
D/componentbase( 4682): OMX.Intel.VideoDecoder.AVC:video_decoder.avc: transition from OMX_StateExecuting to OMX_StateIdle completed
I/MultiDisplay( 4682): MultiDisplayClient::~MultiDisplayClient(): MDSClient is destroyed
D/componentbase( 4682): OMX.Intel.VideoDecoder.AVC:video_decoder.avc: transition from OMX_StateIdle to OMX_StateLoaded completed
I/VideoDecoder( 4682): Deleting decoder for video/h264
I/wrs-omxil-core( 4682): free handle of component OMX.Intel.VideoDecoder.AVC successfully
W/MediaPlayer( 4765): info/warning (1, 1145534240)
I/MediaPlayer( 4765): Info (1,1145534240)
E/module ( 4682): found opened module libOMXVideoDecoderAVC.so
I/componentbase( 4682): OMX.Intel.VideoDecoder.AVC: set working role video_decoder.avc:
I/wrs-omxil-core( 4682): get handle of component OMX.Intel.VideoDecoder.AVC successfully
I/componentbase( 4682): OMX.Intel.VideoDecoder.AVC: set working role video_decoder.avc:
I/OMXCodec( 4682): [OMX.Intel.VideoDecoder.AVC] AVC profile = 100 (High), level = 40
D/OMXCodec( 4682): set NativeWindow = 0x4c4c2568
I/OMXCodec( 4682): [OMX.Intel.VideoDecoder.AVC] video dimensions are 1920 x 1080
E/IMGSRV ( 4765): :0: __map: Map device memory failed
W/GraphicBufferMapper( 4765): registerBuffer(0x68d82a70) failed -14 (Bad address)
E/GraphicBuffer( 4765): unflatten GraphicBuffer failed. Failed to registerBuffer
E/IMGSRV ( 4765): :0: __map: Map device memory failed
W/GraphicBufferMapper( 4765): registerBuffer(0x68d89c10) failed -14 (Bad address)
E/GraphicBuffer( 4765): unflatten GraphicBuffer failed. Failed to registerBuffer
E/IMGSRV ( 4765): :0: __map: Map device memory failed
W/GraphicBufferMapper( 4765): registerBuffer(0x651afc80) failed -14 (Bad address)
E/GraphicBuffer( 4765): unflatten GraphicBuffer failed. Failed to registerBuffer
E/BufferQueue( 4765): [unnamed-4765-0] cancelBuffer: slot 14 is not owned by the client (state=0)
E/BufferQueue( 4765): [unnamed-4765-0] cancelBuffer: slot 14 is not owned by the client (state=0)
D/OMXVideoDecoder( 4682): NativeWindow = 0x4c4c2568
W/VideoDecoder( 4682): No config data to start VA.
D/componentbase( 4682): OMX.Intel.VideoDecoder.AVC:video_decoder.avc: transition from OMX_StateLoaded to OMX_StateIdle completed
D/componentbase( 4682): OMX.Intel.VideoDecoder.AVC:video_decoder.avc: transition from OMX_StateIdle to OMX_StateExecuting completed
I/cip_AACdec( 4682): UMC Decoder plugin created, Media Codecs version: 1.0.2098
I/OMXVideoDecoder( 4682): Buffer has OMX_BUFFERFLAG_CODECCONFIG flag.
I/MixVBP ( 4682): SPS header is parsed.
W/VideoDecoder( 4682): Can't start VA as either SPS or PPS is still not available.
I/OMXVideoDecoder( 4682): Buffer has OMX_BUFFERFLAG_CODECCONFIG flag.
I/MixVBP ( 4682): PPS header is parsed.
I/VideoDecoder( 4682): maxDPBSize = 5, num_ref_frame = 1
I/VideoDecoder( 4682): updateFormatInfo: current size: 1920 x 1080, new size: 1920 x 1088
I/VideoDecoder( 4682): Video size is changed.
I/VideoDecoder( 4682): New sequence is received. Assuming video size is changed.
I/VideoDecoder( 4682): Cropping: left = 0, top = 0, right = 0, bottom = 8
D/pvr_drv_video( 4682): hw_get_module returned
E/IMGSRV ( 4682): :0: validate_handle: Invalid handle
E/pvr_drv_video( 4682): lock(...) failed -22 (Invalid argument).
E/pvr_drv_video ( 4682): psb_CreateSurfacesFromGralloc fails with '-1' at hardware/intel/psb_video/src/android/psb_surface_gralloc.c:210
E/pvr_drv_video ( 4682): CreateSurfaces failed
E/VideoDecoder( 4682): vaCreateSurfaces failed. vaStatus = 0xffffffff
E/VideoDecoder( 4682): startVA failed. status = -3
E/OMXVideoDecoder( 4682): Decoder returned DECODE_DRIVER_FAIL
I/VideoDecoder( 4682): maxDPBSize = 5, num_ref_frame = 1
I/VideoDecoder( 4682): updateFormatInfo: current size: 1920 x 1088, new size: 1920 x 1088
I/VideoDecoder( 4682): Cropping: left = 0, top = 0, right = 0, bottom = 8
E/VideoDecoder( 4682): VA is partially started.
E/VideoDecoder( 4682): startVA failed. status = 0
E/OMXVideoDecoder( 4682): Decoder returned DECODE_FAIL
E/OMXCodec( 4682): [OMX.Intel.VideoDecoder.AVC] ERROR(0x80001001, 0)
I/VideoDecoder( 4682): maxDPBSize = 5, num_ref_frame = 1
I/VideoDecoder( 4682): updateFormatInfo: current size: 1920 x 1088, new size: 1920 x 1088
I/VideoDecoder( 4682): Cropping: left = 0, top = 0, right = 0, bottom = 8
E/VideoDecoder( 4682): VA is partially started.
I/AudioPolicyManagerBase( 4682): APM: getOutput
I/AudioPolicyManagerBase( 4682): APM: getOutput
I/AudioPolicyManagerBase( 4682): APM: getOutput
E/VideoDecoder( 4682): startVA failed. status = 0
E/OMXVideoDecoder( 4682): Decoder returned DECODE_FAIL
I/AudioPolicyManagerBase( 4682): APM: getOutput
D/AudioPolicyManagerALSA( 4682): startOutput() output 2, stream type 3, session 9
W/OMXCodec( 4682): Dropping OMX message - we're in ERROR state.
W/AudioHardwareALSA( 4682): AudioHardwareALSA::setStreamParameters() for output devices: 0x00000002
D/AudioHardwareALSA( 4682): checkAndSetHwMode: Android Mode=0, Latched Mode=0, HW Mode=0, nb of output devices=1
D/AudioHardwareALSA( 4682): applyRouteAccessibilityRules: in, mode 0, modemAvailable=1, ModemCallActive=0 mIsBluetoothEnabled=0
D/AudioRouteManager( 4682): setRouteAccessible
D/AudioRouteManager( 4682): findRouteByName
D/AudioRoute( 4682): setRouteAccessible mIsRouteAccessible=0
D/AudioRoute( 4682): setRouteAccessible Nothing to do
D/AudioRouteManager( 4682): setRouteAccessible
D/AudioRouteManager( 4682): findRouteByName
D/AudioRoute( 4682): setRouteAccessible mIsRouteAccessible=0
D/AudioRoute( 4682): setRouteAccessible Nothing to do
D/AudioHardwareALSA( 4682): applyRouteAccessibilityRules: out
D/VPC_Module( 4682): vpc_params mode = 0 device = 0x2
D/VPC_Module( 4682): vpc_params previous mode = 0 previous device = 0x0
D/AudioRouteManager( 4682): route mode=0 devices=0x2 bForOutput=1
D/AudioRouteManager( 4682): getRoute
D/AudioRoutMSICVoice( 4682): isApplicable mode=0 devices=0x2 bForOutput=1
D/AudioRouteMM( 4682): isApplicable mode=0 devices=0x2 bForOutput=1
D/AudioRouteManager( 4682): route has been found
D/AudioHardwareALSA( 4682): setRoute mode=0
D/AudioHardwareALSA( 4682): setRoute: stream already attached to the route, identical conditions
D/AudioHardwareALSA( 4682): Configuration application request {
D/AudioHardwareALSA( 4682): Applying configurations {
D/AudioHardwareALSA( 4682): } Applying configurations
D/AudioHardwareALSA( 4682): } Configuration application request
E/MediaPlayer( 4765): error (1, -2147483648)
E/MediaPlayer( 4765): Error (1,-2147483648)
W/AudioFlinger( 4682): session id 9 not found for pid 4765
I/cip_AACdec( 4682): UMC Decoder plugin deleted
E/MultiDisplay( 336): drm_hdmi_connectStatus: HW platform doesn't support HDMI
I/MultiDisplay( 336): HDMI is disconnected.
W/MultiDisplay( 336): HDMI is already in disconnected state.
I/hwcomposer( 336): onMdsMessage: External display monitor onMdsMessage, 0, 0x1
D/hwcomposer( 336): void IntelHWComposer::onUEvent(char const*, int, int): got multiDisplay service event
D/hwcomposer( 336): bool IntelHWComposerDrm::detectDrmModeInfo(): getDisplayMode 0
I/MultiDisplay-DisplaySetting-Jni( 336): virtual void android::JNIMDSListener::onMdsMessage(int, int): No need to call onMdsMessage, 0x1
I/MultiDisplay( 4682): MultiDisplayClient::~MultiDisplayClient(): MDSClient is destroyed
I/OMXVideoDecoder( 4682): Flushing port# 4294967295.
W/OMXVideoDecoder( 4682): Flushing video pipeline.
D/componentbase( 4682): OMX.Intel.VideoDecoder.AVC:video_decoder.avc: transition from OMX_StateExecuting to OMX_StateIdle completed
D/componentbase( 4682): OMX.Intel.VideoDecoder.AVC:video_decoder.avc: transition from OMX_StateIdle to OMX_StateLoaded completed
I/VideoDecoder( 4682): Deleting decoder for video/h264
I/wrs-omxil-core( 4682): free handle of component OMX.Intel.VideoDecoder.AVC successfully
D/AudioStreamOutAlsa( 4682): standby
D/AudioHardwareALSA( 4682): standby
D/ALSAModuleCDK( 4682): android::status_t android_audio_legacy::s_standby(android_audio_legacy::alsa_handle_t*) in
D/ALSAModuleCDK( 4682): void android_audio_legacy::s_drain(android_audio_legacy::alsa_handle_t*) in
D/ALSAModuleCDK( 4682): s_drain: sleeping 0
D/ALSAModuleCDK( 4682): android::status_t android_audio_legacy::s_standby(android_audio_legacy::alsa_handle_t*) out
D/StatusBar.NetworkController( 483): SystemProperties - ODM = ASUS
D/StatusBar.NetworkController( 483): SystemProperties - ODM = ASUS
D/StatusBar.NetworkController( 483): SystemProperties - ODM = ASUS
D/StatusBar.NetworkController( 483): SystemProperties - ODM = ASUS
D/Qt ( 4765): ../notebookanzeiger/cmsdownloader.cpp:379 (void CmsDownloader::onRequestSchemaFinished()): INFO: Got schema from CMS
D/Qt ( 4765): ../notebookanzeiger/device.cpp:304 (void Device::updateSchema()): INFO: Updating schema from: "/mnt/sdcard/Android/data/com.imtsales.tctablet/data/config/schema.cfg"
D/Qt ( 4765): ../notebookanzeiger/cmsdownloader.cpp:337 (void CmsDownloader::onRequestSettingsFinished()): INFO: Got settings from CMS
D/Qt ( 4765): ../notebookanzeiger/cmsdownloader.cpp:441 (void CmsDownloader::onRequestDeviceDataFinished()): INFO: Got device data from CMS
D/Qt ( 4765): ../notebookanzeiger/device.cpp:390 (void Device::updateData(QString)): INFO: Updating data from: "/mnt/sdcard/Android/data/com.imtsales.tctablet/data/config/data.cfg"
D/Qt ( 4765): ../notebookanzeiger/cmsdownloader.cpp:498 (void CmsDownloader::onRequestButtonDataFinished()): INFO: Got button data
D/StatusBar.NetworkController( 483): SystemProperties - ODM = ASUS
D/StatusBar.NetworkController( 483): SystemProperties - ODM = ASUS
D/Bluetooth HS/HF( 581): [BluetoothHF] HandsfreeMessageHandler: BATTERY_CHANGED
D/StatusBar.NetworkController( 483): SystemProperties - ODM = ASUS
D/StatusBar.NetworkController( 483): SystemProperties - ODM = ASUS