--------- beginning of /dev/log/main
D/AndroidRuntime( 4593):
D/AndroidRuntime( 4593): >>>>>> AndroidRuntime START com.android.internal.os.RuntimeInit <<<<<<
D/AndroidRuntime( 4593): CheckJNI is ON
D/dalvikvm( 4593): Trying to load lib libjavacore.so 0x0
D/dalvikvm( 4593): Added shared lib libjavacore.so 0x0
D/dalvikvm( 4593): Trying to load lib libnativehelper.so 0x0
D/dalvikvm( 4593): Added shared lib libnativehelper.so 0x0
D/dalvikvm( 4593): No JNI_OnLoad found in libnativehelper.so 0x0, skipping init
D/dalvikvm( 4593): Note: class Landroid/app/ActivityManagerNative; has 179 unimplemented (abstract) methods
E/memtrack( 4593): Couldn't load memtrack module (No such file or directory)
E/android.os.Debug( 4593): failed to load memtrack module: -2
D/AndroidRuntime( 4593): Calling main entry com.android.commands.pm.Pm --------- beginning of /dev/log/system
I/ActivityManager( 372): Force stopping org.qtproject.example.testAndroid appid=10063 user=-1: uninstall pkg
W/PackageManager( 372): Couldn't delete native library directory /data/app-lib/org.qtproject.example.testAndroid
D/keystore( 56): calling clear_uid in state: 3
I/ActivityManager( 372): Force stopping org.qtproject.example.testAndroid appid=10063 user=0: pkg removed
D/dalvikvm( 696): GC_EXPLICIT freed 1442K, 46% free 10263K/19004K, paused 10ms+12ms, total 103ms
I/PackageManager( 372): Action: "android.intent.action.SENDTO"
I/PackageManager( 372): Adding preferred activity ComponentInfo{com.android.mms/com.android.mms.ui.ComposeMessageActivity} for user 0 :
I/PackageManager( 372): Category: "android.intent.category.DEFAULT"
I/PackageManager( 372): Scheme: "sms"
D/dalvikvm( 372): GC_EXPLICIT freed 748K, 52% free 6188K/12736K, paused 9ms+22ms, total 454ms
I/PackageManager( 372): Action: "android.intent.action.SENDTO"
I/PackageManager( 372): Category: "android.intent.category.DEFAULT"
I/PackageManager( 372): Adding preferred activity ComponentInfo{com.android.mms/com.android.mms.ui.ComposeMessageActivity} for user 0 :
I/PackageManager( 372): Scheme: "smsto"
D/MobileDataStateTracker( 372): default: setPolicyDataEnable(enabled=true)
I/PackageManager( 372): Action: "android.intent.action.SENDTO"
I/PackageManager( 372): Category: "android.intent.category.DEFAULT"
I/PackageManager( 372): Scheme: "mms"
I/PackageManager( 372): Adding preferred activity ComponentInfo{com.android.mms/com.android.mms.ui.ComposeMessageActivity} for user 0 :
I/PackageManager( 372): Action: "android.intent.action.SENDTO"
I/PackageManager( 372): Category: "android.intent.category.DEFAULT"
I/PackageManager( 372): Adding preferred activity ComponentInfo{com.android.mms/com.android.mms.ui.ComposeMessageActivity} for user 0 :
I/PackageManager( 372): Scheme: "mmsto"
I/PackageManager( 372): Action: "android.intent.action.SENDTO"
I/PackageManager( 372): Category: "android.intent.category.DEFAULT"
I/PackageManager( 372): Adding preferred activity ComponentInfo{com.android.mms/com.android.mms.ui.ComposeMessageActivity} for user 0 :
I/PackageManager( 372): Scheme: "sms"
D/dalvikvm( 372): WAIT_FOR_CONCURRENT_GC blocked 886ms
D/dalvikvm( 592): GC_CONCURRENT freed 387K, 15% free 3430K/4032K, paused 33ms+4ms, total 124ms
I/PackageManager( 372): Action: "android.intent.action.SENDTO"
I/PackageManager( 372): Category: "android.intent.category.DEFAULT"
I/PackageManager( 372): Scheme: "smsto"
I/PackageManager( 372): Adding preferred activity ComponentInfo{com.android.mms/com.android.mms.ui.ComposeMessageActivity} for user 0 :
I/InputReader( 372): Reconfiguring input devices. changes=0x00000010
I/PackageManager( 372): Adding preferred activity ComponentInfo{com.android.mms/com.android.mms.ui.ComposeMessageActivity} for user 0 :
I/PackageManager( 372): Action: "android.intent.action.SENDTO"
I/PackageManager( 372): Category: "android.intent.category.DEFAULT"
I/PackageManager( 372): Scheme: "mms"
D/BackupManagerService( 372): Received broadcast Intent { act=android.intent.action.PACKAGE_REMOVED dat=package:org.qtproject.example.testAndroid flg=0x4000010 (has extras) }
V/BackupManagerService( 372): removePackageParticipantsLocked: uid=10063 #1
I/PackageManager( 372): Action: "android.intent.action.SENDTO"
I/PackageManager( 372): Category: "android.intent.category.DEFAULT"
I/PackageManager( 372): Scheme: "mmsto"
I/PackageManager( 372): Adding preferred activity ComponentInfo{com.android.mms/com.android.mms.ui.ComposeMessageActivity} for user 0 :
D/VoicemailCleanupService( 578): Cleaning up data for package: org.qtproject.example.testAndroid
D/Documents( 4273): Used cached roots for com.android.providers.downloads.documents
D/Documents( 4273): Loading roots for com.android.externalstorage.documents
D/dalvikvm( 372): GC_EXPLICIT freed 961K, 53% free 6086K/12736K, paused 611ms+10ms, total 727ms
D/dalvikvm( 372): WAIT_FOR_CONCURRENT_GC blocked 126ms
D/dalvikvm( 372): WAIT_FOR_CONCURRENT_GC blocked 100ms
D/dalvikvm( 372): WAIT_FOR_CONCURRENT_GC blocked 104ms
D/dalvikvm( 372): WAIT_FOR_CONCURRENT_GC blocked 135ms
W/ContextImpl( 4259): Calling a method in the system process without a qualified user: android.app.ContextImpl.startService:1479 android.content.ContextWrapper.startService:494 android.content.ContextWrapper.startService:494 com.android.keychain.KeyChainBroadcastReceiver.onReceive:12 android.app.ActivityThread.handleReceiver:2419
D/Documents( 4273): Used cached roots for com.android.providers.media.documents
D/Documents( 4273): Update found 5 roots in 1357ms
D/dalvikvm( 4273): GC_CONCURRENT freed 444K, 16% free 2883K/3404K, paused 48ms+2ms, total 144ms
I/LatinIME:LogUtils( 562): Dictionary info: dictionary = main:en ; version = 42 ; date = 1381226429
D/AndroidRuntime( 4593): Shutting down VM
D/dalvikvm( 4593): GC_CONCURRENT freed 94K, 15% free 558K/656K, paused 1ms+1ms, total 19ms
D/MobileDataStateTracker( 372): default: setPolicyDataEnable(enabled=true)
D/MobileDataStateTracker( 372): default: setPolicyDataEnable(enabled=true)
D/MobileDataStateTracker( 372): default: setPolicyDataEnable(enabled=true)
D/AndroidRuntime( 4613):
D/AndroidRuntime( 4613): >>>>>> AndroidRuntime START com.android.internal.os.RuntimeInit <<<<<<
D/AndroidRuntime( 4613): CheckJNI is ON
D/dalvikvm( 4613): Trying to load lib libjavacore.so 0x0
D/dalvikvm( 4613): Added shared lib libjavacore.so 0x0
D/dalvikvm( 4613): Trying to load lib libnativehelper.so 0x0
D/dalvikvm( 4613): Added shared lib libnativehelper.so 0x0
D/dalvikvm( 4613): No JNI_OnLoad found in libnativehelper.so 0x0, skipping init
D/dalvikvm( 4613): Note: class Landroid/app/ActivityManagerNative; has 179 unimplemented (abstract) methods
E/memtrack( 4613): Couldn't load memtrack module (No such file or directory)
E/android.os.Debug( 4613): failed to load memtrack module: -2
D/AndroidRuntime( 4613): Calling main entry com.android.commands.pm.Pm
W/ActivityManager( 372): No content provider found for permission revoke: file:///data/local/tmp/QtApp-debug.apk
W/ActivityManager( 372): No content provider found for permission revoke: file:///data/local/tmp/QtApp-debug.apk
I/PackageManager( 372): Copying native libraries to /data/app-lib/vmdl-1015192281
D/dalvikvm( 372): GC_CONCURRENT freed 668K, 52% free 6142K/12736K, paused 7ms+8ms, total 100ms
I/PackageManager( 372): Running dexopt on: org.qtproject.example.testAndroid
D/dalvikvm( 4625): DexOpt: load 81ms, verify+opt 206ms, 527372 bytes
I/ActivityManager( 372): Force stopping org.qtproject.example.testAndroid appid=10064 user=-1: update pkg
I/PackageManager( 372): Adding preferred activity ComponentInfo{com.android.mms/com.android.mms.ui.ComposeMessageActivity} for user 0 :
I/PackageManager( 372): Action: "android.intent.action.SENDTO"
I/PackageManager( 372): Category: "android.intent.category.DEFAULT"
I/PackageManager( 372): Scheme: "sms"
I/InputReader( 372): Reconfiguring input devices. changes=0x00000010
I/PackageManager( 372): Action: "android.intent.action.SENDTO"
I/PackageManager( 372): Category: "android.intent.category.DEFAULT"
I/PackageManager( 372): Scheme: "smsto"
I/PackageManager( 372): Adding preferred activity ComponentInfo{com.android.mms/com.android.mms.ui.ComposeMessageActivity} for user 0 :
D/dalvikvm( 372): GC_CONCURRENT freed 779K, 52% free 6210K/12736K, paused 160ms+7ms, total 296ms
D/dalvikvm( 372): WAIT_FOR_CONCURRENT_GC blocked 36ms
I/PackageManager( 372): Action: "android.intent.action.SENDTO"
I/PackageManager( 372): Category: "android.intent.category.DEFAULT"
I/PackageManager( 372): Adding preferred activity ComponentInfo{com.android.mms/com.android.mms.ui.ComposeMessageActivity} for user 0 :
I/PackageManager( 372): Scheme: "mms"
D/dalvikvm( 592): GC_CONCURRENT freed 424K, 16% free 3402K/4032K, paused 23ms+2ms, total 63ms
I/PackageManager( 372): Action: "android.intent.action.SENDTO"
I/PackageManager( 372): Category: "android.intent.category.DEFAULT"
I/PackageManager( 372): Scheme: "mmsto"
I/PackageManager( 372): Adding preferred activity ComponentInfo{com.android.mms/com.android.mms.ui.ComposeMessageActivity} for user 0 :
I/PackageManager( 372): Action: "android.intent.action.SENDTO"
I/PackageManager( 372): Category: "android.intent.category.DEFAULT"
I/PackageManager( 372): Scheme: "sms"
I/PackageManager( 372): Adding preferred activity ComponentInfo{com.android.mms/com.android.mms.ui.ComposeMessageActivity} for user 0 :
D/BackupManagerService( 372): Received broadcast Intent { act=android.intent.action.PACKAGE_ADDED dat=package:org.qtproject.example.testAndroid flg=0x4000010 (has extras) }
V/BackupManagerService( 372): addPackageParticipantsLocked: #1
I/PackageManager( 372): Action: "android.intent.action.SENDTO"
I/PackageManager( 372): Category: "android.intent.category.DEFAULT"
I/PackageManager( 372): Scheme: "smsto"
I/PackageManager( 372): Adding preferred activity ComponentInfo{com.android.mms/com.android.mms.ui.ComposeMessageActivity} for user 0 :
D/Documents( 4273): Used cached roots for com.android.providers.downloads.documents
D/Documents( 4273): Loading roots for com.android.externalstorage.documents
D/Documents( 4273): Used cached roots for com.android.providers.media.documents
I/PackageManager( 372): Action: "android.intent.action.SENDTO"
I/PackageManager( 372): Category: "android.intent.category.DEFAULT"
I/PackageManager( 372): Scheme: "mms"
I/PackageManager( 372): Adding preferred activity ComponentInfo{com.android.mms/com.android.mms.ui.ComposeMessageActivity} for user 0 :
I/PackageManager( 372): Action: "android.intent.action.SENDTO"
I/PackageManager( 372): Category: "android.intent.category.DEFAULT"
I/PackageManager( 372): Scheme: "mmsto"
I/PackageManager( 372): Adding preferred activity ComponentInfo{com.android.mms/com.android.mms.ui.ComposeMessageActivity} for user 0 :
D/dalvikvm( 592): GC_CONCURRENT freed 470K, 17% free 3377K/4032K, paused 5ms+13ms, total 70ms
D/Documents( 4273): Update found 5 roots in 926ms
D/dalvikvm( 372): GC_EXPLICIT freed 798K, 52% free 6118K/12736K, paused 6ms+19ms, total 1093ms
D/AndroidRuntime( 4613): Shutting down VM
D/dalvikvm( 4613): GC_CONCURRENT freed 95K, 16% free 560K/660K, paused 2ms+2ms, total 21ms
W/RecognitionManagerService( 372): no available voice recognition services found for user 0
D/AndroidRuntime( 4634):
D/AndroidRuntime( 4634): >>>>>> AndroidRuntime START com.android.internal.os.RuntimeInit <<<<<<
D/AndroidRuntime( 4634): CheckJNI is ON
D/dalvikvm( 4634): Trying to load lib libjavacore.so 0x0
D/dalvikvm( 4634): Added shared lib libjavacore.so 0x0
D/dalvikvm( 4634): Trying to load lib libnativehelper.so 0x0
D/dalvikvm( 4634): Added shared lib libnativehelper.so 0x0
D/dalvikvm( 4634): No JNI_OnLoad found in libnativehelper.so 0x0, skipping init
D/dalvikvm( 4634): Note: class Landroid/app/ActivityManagerNative; has 179 unimplemented (abstract) methods
E/memtrack( 4634): Couldn't load memtrack module (No such file or directory)
E/android.os.Debug( 4634): failed to load memtrack module: -2
D/AndroidRuntime( 4634): Calling main entry com.android.commands.am.Am
I/ActivityManager( 372): Force stopping org.qtproject.example.testAndroid appid=10064 user=0: from pid 4634
D/AndroidRuntime( 4634): Shutting down VM
D/dalvikvm( 4634): GC_CONCURRENT freed 93K, 15% free 553K/648K, paused 1ms+2ms, total 22ms
D/AndroidRuntime( 4651):
D/AndroidRuntime( 4651): >>>>>> AndroidRuntime START com.android.internal.os.RuntimeInit <<<<<<
D/AndroidRuntime( 4651): CheckJNI is ON
D/dalvikvm( 4651): Trying to load lib libjavacore.so 0x0
D/dalvikvm( 4651): Added shared lib libjavacore.so 0x0
D/dalvikvm( 4651): Trying to load lib libnativehelper.so 0x0
D/dalvikvm( 4651): Added shared lib libnativehelper.so 0x0
D/dalvikvm( 4651): No JNI_OnLoad found in libnativehelper.so 0x0, skipping init
D/dalvikvm( 4651): Note: class Landroid/app/ActivityManagerNative; has 179 unimplemented (abstract) methods
E/memtrack( 4651): Couldn't load memtrack module (No such file or directory)
E/android.os.Debug( 4651): failed to load memtrack module: -2
D/AndroidRuntime( 4651): Calling main entry com.android.commands.am.Am
I/ActivityManager( 372): START u0 {flg=0x10000000 cmp=org.qtproject.example.testAndroid/org.qtproject.qt5.android.bindings.QtActivity (has extras)} from pid 4651
D/gralloc ( 51): Registering a buffer in the process that created it. This may cause memory ordering problems.
E/libEGL ( 51): called unimplemented OpenGL ES API
E/libEGL ( 51): called unimplemented OpenGL ES API
E/libEGL ( 51): called unimplemented OpenGL ES API
E/libEGL ( 51): called unimplemented OpenGL ES API
E/SurfaceFlinger( 51): glCheckFramebufferStatusOES error 157060684
E/SurfaceFlinger( 51): got GL_FRAMEBUFFER_COMPLETE_OES error while taking screenshot
E/libEGL ( 51): called unimplemented OpenGL ES API
E/libEGL ( 51): called unimplemented OpenGL ES API
W/WindowManager( 372): Screenshot failure taking screenshot for (246x410) to layer 21005
D/AndroidRuntime( 4651): Shutting down VM
D/dalvikvm( 4651): GC_CONCURRENT freed 99K, 15% free 586K/688K, paused 2ms+2ms, total 26ms
I/ActivityManager( 372): Start proc org.qtproject.example.testAndroid for activity org.qtproject.example.testAndroid/org.qtproject.qt5.android.bindings.QtActivity: pid=4662 uid=10064 gids={50064, 3003, 1028, 1015}
I/Choreographer( 372): Skipped 70 frames! The application may be doing too much work on its main thread.
D/dalvikvm( 4662): Not late-enabling CheckJNI (already on)
I/Choreographer( 372): Skipped 35 frames! The application may be doing too much work on its main thread.
D/dalvikvm( 4662): Trying to load lib /data/data/org.qtproject.example.testAndroid/lib/libgnustl_shared.so 0xb3db3cb8
D/dalvikvm( 4662): Added shared lib /data/data/org.qtproject.example.testAndroid/lib/libgnustl_shared.so 0xb3db3cb8
D/dalvikvm( 4662): No JNI_OnLoad found in /data/data/org.qtproject.example.testAndroid/lib/libgnustl_shared.so 0xb3db3cb8, skipping init
D/dalvikvm( 4662): Trying to load lib /data/data/org.qtproject.example.testAndroid/lib/libQt5Core.so 0xb3db3cb8
D/dalvikvm( 4662): Added shared lib /data/data/org.qtproject.example.testAndroid/lib/libQt5Core.so 0xb3db3cb8
D/dalvikvm( 4662): Trying to load lib /data/data/org.qtproject.example.testAndroid/lib/libQt5Gui.so 0xb3db3cb8
D/dalvikvm( 4662): Added shared lib /data/data/org.qtproject.example.testAndroid/lib/libQt5Gui.so 0xb3db3cb8
D/dalvikvm( 4662): No JNI_OnLoad found in /data/data/org.qtproject.example.testAndroid/lib/libQt5Gui.so 0xb3db3cb8, skipping init
D/dalvikvm( 4662): Trying to load lib /data/data/org.qtproject.example.testAndroid/lib/libQt5Widgets.so 0xb3db3cb8
D/dalvikvm( 4662): Added shared lib /data/data/org.qtproject.example.testAndroid/lib/libQt5Widgets.so 0xb3db3cb8
D/dalvikvm( 4662): No JNI_OnLoad found in /data/data/org.qtproject.example.testAndroid/lib/libQt5Widgets.so 0xb3db3cb8, skipping init
D/dalvikvm( 4662): Trying to load lib /data/data/org.qtproject.example.testAndroid/plugins/platforms/android/libqtforandroid.so 0xb3db3cb8
D/dalvikvm( 4662): Added shared lib /data/data/org.qtproject.example.testAndroid/plugins/platforms/android/libqtforandroid.so 0xb3db3cb8
I/Qt ( 4662): qt start
W/dalvikvm( 4662): dvmFindClassByName rejecting 'org/qtproject/qt5/android/QtMessageDialogHelper'
D/dalvikvm( 4662): Trying to load lib /data/app-lib/org.qtproject.example.testAndroid-1/libtestAndroid.so 0xb3db3cb8
D/dalvikvm( 4662): Added shared lib /data/app-lib/org.qtproject.example.testAndroid-1/libtestAndroid.so 0xb3db3cb8
D/dalvikvm( 4662): No JNI_OnLoad found in /data/app-lib/org.qtproject.example.testAndroid-1/libtestAndroid.so 0xb3db3cb8, skipping init
I/Qt JAVA ( 4662): DEBUGGER: extra parameters: Bundle[{debug_ping=true, gdbserver_socket=/data/data/org.qtproject.example.testAndroid/debug-socket, gdbserver_command=/data/data/org.qtproject.example.testAndroid/lib/gdbserver --multi +/data/data/org.qtproject.example.testAndroid/debug-socket, load_local_jars=jar/QtAndroid-bundled.jar:jar/QtAndroidAccessibility-bundled.jar:, load_local_libs=plugins/platforms/android/libqtforandroid.so:, use_local_qt_libs=true, libs_prefix=/data/local/tmp/qt/, ping_file=/data/data/org.qtproject.example.testAndroid/debug-ping, static_init_classes=:, pong_file=/data/local/tmp/qt/debug-pong-org.qtproject.example.testAndroid}]
I/Qt JAVA ( 4662): DEBUGGER: removing ping file /data/data/org.qtproject.example.testAndroid/debug-ping
I/Qt JAVA ( 4662): DEBUGGER: removing pong file /data/local/tmp/qt/debug-pong-org.qtproject.example.testAndroid
I/Qt JAVA ( 4662): DEBUGGER: starting /data/data/org.qtproject.example.testAndroid/lib/gdbserver --multi +/data/data/org.qtproject.example.testAndroid/debug-socket
I/Qt JAVA ( 4662): DEBUGGER: gdbserver started
I/Qt JAVA ( 4662): DEBUGGER: waiting for socket at /data/data/org.qtproject.example.testAndroid/debug-socket, attempt 0
I/Qt JAVA ( 4662): DEBUGGER: waiting for socket at /data/data/org.qtproject.example.testAndroid/debug-socket, attempt 1
I/Qt JAVA ( 4662): DEBUGGER: socket ok
I/Qt JAVA ( 4662): DEBUGGER: writing ping at /data/data/org.qtproject.example.testAndroid/debug-ping
I/Qt JAVA ( 4662): DEBUGGER: wrote ping
I/Qt JAVA ( 4662): DEBUGGER: waiting for pong at /data/local/tmp/qt/debug-pong-org.qtproject.example.testAndroid, attempt 0
I/Qt JAVA ( 4662): DEBUGGER: go to sleep
I/Qt JAVA ( 4662): DEBUGGER: waiting for pong at /data/local/tmp/qt/debug-pong-org.qtproject.example.testAndroid, attempt 1
I/Qt JAVA ( 4662): DEBUGGER: go to sleep
I/Qt JAVA ( 4662): DEBUGGER: waiting for pong at /data/local/tmp/qt/debug-pong-org.qtproject.example.testAndroid, attempt 2
I/Qt JAVA ( 4662): DEBUGGER: go to sleep
I/Qt JAVA ( 4662): DEBUGGER: waiting for pong at /data/local/tmp/qt/debug-pong-org.qtproject.example.testAndroid, attempt 3
I/Qt JAVA ( 4662): DEBUGGER: go to sleep
I/Qt JAVA ( 4662): DEBUGGER: waiting for pong at /data/local/tmp/qt/debug-pong-org.qtproject.example.testAndroid, attempt 4
I/Qt JAVA ( 4662): DEBUGGER: go to sleep
I/Qt JAVA ( 4662): DEBUGGER: waiting for pong at /data/local/tmp/qt/debug-pong-org.qtproject.example.testAndroid, attempt 5
I/Qt JAVA ( 4662): DEBUGGER: go to sleep
I/Qt JAVA ( 4662): DEBUGGER: waiting for pong at /data/local/tmp/qt/debug-pong-org.qtproject.example.testAndroid, attempt 6
I/Qt JAVA ( 4662): DEBUGGER: go to sleep
I/Qt JAVA ( 4662): DEBUGGER: waiting for pong at /data/local/tmp/qt/debug-pong-org.qtproject.example.testAndroid, attempt 7
I/Qt JAVA ( 4662): DEBUGGER: go to sleep
I/Qt JAVA ( 4662): DEBUGGER: waiting for pong at /data/local/tmp/qt/debug-pong-org.qtproject.example.testAndroid, attempt 8
I/Qt JAVA ( 4662): DEBUGGER: go to sleep
I/Qt JAVA ( 4662): DEBUGGER: waiting for pong at /data/local/tmp/qt/debug-pong-org.qtproject.example.testAndroid, attempt 9
I/Qt JAVA ( 4662): DEBUGGER: go to sleep
I/Qt JAVA ( 4662): DEBUGGER: waiting for pong at /data/local/tmp/qt/debug-pong-org.qtproject.example.testAndroid, attempt 10
I/Qt JAVA ( 4662): DEBUGGER: go to sleep
I/Qt JAVA ( 4662): DEBUGGER: waiting for pong at /data/local/tmp/qt/debug-pong-org.qtproject.example.testAndroid, attempt 11
I/Qt JAVA ( 4662): DEBUGGER: go to sleep
I/Qt JAVA ( 4662): DEBUGGER: waiting for pong at /data/local/tmp/qt/debug-pong-org.qtproject.example.testAndroid, attempt 12
I/Qt JAVA ( 4662): DEBUGGER: go to sleep
I/Qt JAVA ( 4662): DEBUGGER: waiting for pong at /data/local/tmp/qt/debug-pong-org.qtproject.example.testAndroid, attempt 13
I/Qt JAVA ( 4662): DEBUGGER: go to sleep
D/dalvikvm( 4662): GC_CONCURRENT freed 211K, 9% free 2946K/3236K, paused 9ms+3ms, total 50ms
I/Qt JAVA ( 4662): DEBUGGER: waiting for pong at /data/local/tmp/qt/debug-pong-org.qtproject.example.testAndroid, attempt 14
I/Qt JAVA ( 4662): DEBUGGER: go to sleep
I/Qt JAVA ( 4662): DEBUGGER: waiting for pong at /data/local/tmp/qt/debug-pong-org.qtproject.example.testAndroid, attempt 15
I/Qt JAVA ( 4662): DEBUGGER: go to sleep
I/Qt JAVA ( 4662): DEBUGGER: waiting for pong at /data/local/tmp/qt/debug-pong-org.qtproject.example.testAndroid, attempt 16
I/Qt JAVA ( 4662): DEBUGGER: go to sleep
I/Qt JAVA ( 4662): DEBUGGER: waiting for pong at /data/local/tmp/qt/debug-pong-org.qtproject.example.testAndroid, attempt 17
I/Qt JAVA ( 4662): DEBUGGER: go to sleep
I/Qt JAVA ( 4662): DEBUGGER: waiting for pong at /data/local/tmp/qt/debug-pong-org.qtproject.example.testAndroid, attempt 18
I/Qt JAVA ( 4662): DEBUGGER: go to sleep
I/Qt JAVA ( 4662): DEBUGGER: waiting for pong at /data/local/tmp/qt/debug-pong-org.qtproject.example.testAndroid, attempt 19
I/Qt JAVA ( 4662): DEBUGGER: go to sleep
I/Qt JAVA ( 4662): DEBUGGER: waiting for pong at /data/local/tmp/qt/debug-pong-org.qtproject.example.testAndroid, attempt 20
I/Qt JAVA ( 4662): DEBUGGER: go to sleep
I/Qt JAVA ( 4662): DEBUGGER: waiting for pong at /data/local/tmp/qt/debug-pong-org.qtproject.example.testAndroid, attempt 21
I/Qt JAVA ( 4662): DEBUGGER: go to sleep
I/Qt JAVA ( 4662): DEBUGGER: waiting for pong at /data/local/tmp/qt/debug-pong-org.qtproject.example.testAndroid, attempt 22
I/Qt JAVA ( 4662): DEBUGGER: go to sleep
I/Qt JAVA ( 4662): DEBUGGER: waiting for pong at /data/local/tmp/qt/debug-pong-org.qtproject.example.testAndroid, attempt 23
I/Qt JAVA ( 4662): DEBUGGER: go to sleep
I/Qt JAVA ( 4662): DEBUGGER: waiting for pong at /data/local/tmp/qt/debug-pong-org.qtproject.example.testAndroid, attempt 24
I/Qt JAVA ( 4662): DEBUGGER: go to sleep
I/Qt JAVA ( 4662): DEBUGGER: waiting for pong at /data/local/tmp/qt/debug-pong-org.qtproject.example.testAndroid, attempt 25
I/Qt JAVA ( 4662): DEBUGGER: go to sleep
I/Qt JAVA ( 4662): DEBUGGER: waiting for pong at /data/local/tmp/qt/debug-pong-org.qtproject.example.testAndroid, attempt 26
I/Qt JAVA ( 4662): DEBUGGER: go to sleep
I/Qt JAVA ( 4662): DEBUGGER: waiting for pong at /data/local/tmp/qt/debug-pong-org.qtproject.example.testAndroid, attempt 27
I/Qt JAVA ( 4662): DEBUGGER: go to sleep
I/Qt JAVA ( 4662): DEBUGGER: waiting for pong at /data/local/tmp/qt/debug-pong-org.qtproject.example.testAndroid, attempt 28
I/Qt JAVA ( 4662): DEBUGGER: go to sleep
I/Qt JAVA ( 4662): DEBUGGER: waiting for pong at /data/local/tmp/qt/debug-pong-org.qtproject.example.testAndroid, attempt 29
I/Qt JAVA ( 4662): DEBUGGER: go to sleep
I/Qt JAVA ( 4662): DEBUGGER: waiting for pong at /data/local/tmp/qt/debug-pong-org.qtproject.example.testAndroid, attempt 30
I/Qt JAVA ( 4662): DEBUGGER: go to sleep
I/Qt JAVA ( 4662): DEBUGGER: waiting for pong at /data/local/tmp/qt/debug-pong-org.qtproject.example.testAndroid, attempt 31
I/Qt JAVA ( 4662): DEBUGGER: go to sleep
I/Qt JAVA ( 4662): DEBUGGER: waiting for pong at /data/local/tmp/qt/debug-pong-org.qtproject.example.testAndroid, attempt 32
I/Qt JAVA ( 4662): DEBUGGER: go to sleep
I/Qt JAVA ( 4662): DEBUGGER: waiting for pong at /data/local/tmp/qt/debug-pong-org.qtproject.example.testAndroid, attempt 33
I/Qt JAVA ( 4662): DEBUGGER: go to sleep
I/Qt JAVA ( 4662): DEBUGGER: waiting for pong at /data/local/tmp/qt/debug-pong-org.qtproject.example.testAndroid, attempt 34
I/Qt JAVA ( 4662): DEBUGGER: go to sleep
W/ActivityManager( 372): Launch timeout has expired, giving up wake lock!
I/Qt JAVA ( 4662): DEBUGGER: waiting for pong at /data/local/tmp/qt/debug-pong-org.qtproject.example.testAndroid, attempt 35
I/Qt JAVA ( 4662): DEBUGGER: go to sleep
E/WindowManager( 372): Starting window AppWindowToken{b4742078 token=Token{b3e78f50 ActivityRecord{b3e9f968 u0 org.qtproject.example.testAndroid/org.qtproject.qt5.android.bindings.QtActivity t18}}} timed out
I/Qt JAVA ( 4662): DEBUGGER: waiting for pong at /data/local/tmp/qt/debug-pong-org.qtproject.example.testAndroid, attempt 36
I/Qt JAVA ( 4662): DEBUGGER: go to sleep
I/Qt JAVA ( 4662): DEBUGGER: waiting for pong at /data/local/tmp/qt/debug-pong-org.qtproject.example.testAndroid, attempt 37
I/Qt JAVA ( 4662): DEBUGGER: go to sleep
I/Qt JAVA ( 4662): DEBUGGER: waiting for pong at /data/local/tmp/qt/debug-pong-org.qtproject.example.testAndroid, attempt 38
I/Qt JAVA ( 4662): DEBUGGER: go to sleep
I/Qt JAVA ( 4662): DEBUGGER: waiting for pong at /data/local/tmp/qt/debug-pong-org.qtproject.example.testAndroid, attempt 39
I/Qt JAVA ( 4662): DEBUGGER: go to sleep
I/Qt JAVA ( 4662): DEBUGGER: waiting for pong at /data/local/tmp/qt/debug-pong-org.qtproject.example.testAndroid, attempt 40
I/Qt JAVA ( 4662): DEBUGGER: go to sleep
I/Qt JAVA ( 4662): DEBUGGER: waiting for pong at /data/local/tmp/qt/debug-pong-org.qtproject.example.testAndroid, attempt 41
I/Qt JAVA ( 4662): DEBUGGER: go to sleep
I/Qt JAVA ( 4662): DEBUGGER: waiting for pong at /data/local/tmp/qt/debug-pong-org.qtproject.example.testAndroid, attempt 42
I/Qt JAVA ( 4662): DEBUGGER: go to sleep
I/Qt JAVA ( 4662): DEBUGGER: waiting for pong at /data/local/tmp/qt/debug-pong-org.qtproject.example.testAndroid, attempt 43
I/Qt JAVA ( 4662): DEBUGGER: go to sleep
I/Qt JAVA ( 4662): DEBUGGER: waiting for pong at /data/local/tmp/qt/debug-pong-org.qtproject.example.testAndroid, attempt 44
I/Qt JAVA ( 4662): DEBUGGER: go to sleep
I/Qt JAVA ( 4662): DEBUGGER: waiting for pong at /data/local/tmp/qt/debug-pong-org.qtproject.example.testAndroid, attempt 45
I/Qt JAVA ( 4662): DEBUGGER: go to sleep
I/Qt JAVA ( 4662): DEBUGGER: waiting for pong at /data/local/tmp/qt/debug-pong-org.qtproject.example.testAndroid, attempt 46
I/Qt JAVA ( 4662): DEBUGGER: go to sleep
I/Qt JAVA ( 4662): DEBUGGER: waiting for pong at /data/local/tmp/qt/debug-pong-org.qtproject.example.testAndroid, attempt 47
I/Qt JAVA ( 4662): DEBUGGER: go to sleep
I/Qt JAVA ( 4662): DEBUGGER: waiting for pong at /data/local/tmp/qt/debug-pong-org.qtproject.example.testAndroid, attempt 48
I/Qt JAVA ( 4662): DEBUGGER: go to sleep
I/Qt JAVA ( 4662): DEBUGGER: waiting for pong at /data/local/tmp/qt/debug-pong-org.qtproject.example.testAndroid, attempt 49
I/Qt JAVA ( 4662): DEBUGGER: go to sleep
I/Qt JAVA ( 4662): DEBUGGER: waiting for pong at /data/local/tmp/qt/debug-pong-org.qtproject.example.testAndroid, attempt 50
I/Qt JAVA ( 4662): DEBUGGER: go to sleep
I/Qt JAVA ( 4662): DEBUGGER: waiting for pong at /data/local/tmp/qt/debug-pong-org.qtproject.example.testAndroid, attempt 51
I/Qt JAVA ( 4662): DEBUGGER: go to sleep
I/Qt JAVA ( 4662): DEBUGGER: waiting for pong at /data/local/tmp/qt/debug-pong-org.qtproject.example.testAndroid, attempt 52
I/Qt JAVA ( 4662): DEBUGGER: go to sleep
I/Qt JAVA ( 4662): DEBUGGER: waiting for pong at /data/local/tmp/qt/debug-pong-org.qtproject.example.testAndroid, attempt 53
I/Qt JAVA ( 4662): DEBUGGER: go to sleep
I/Qt JAVA ( 4662): DEBUGGER: waiting for pong at /data/local/tmp/qt/debug-pong-org.qtproject.example.testAndroid, attempt 54
I/Qt JAVA ( 4662): DEBUGGER: go to sleep
I/Qt JAVA ( 4662): DEBUGGER: waiting for pong at /data/local/tmp/qt/debug-pong-org.qtproject.example.testAndroid, attempt 55
I/Qt JAVA ( 4662): DEBUGGER: go to sleep
I/Qt JAVA ( 4662): DEBUGGER: waiting for pong at /data/local/tmp/qt/debug-pong-org.qtproject.example.testAndroid, attempt 56
I/Qt JAVA ( 4662): DEBUGGER: go to sleep
I/Qt JAVA ( 4662): DEBUGGER: waiting for pong at /data/local/tmp/qt/debug-pong-org.qtproject.example.testAndroid, attempt 57
I/Qt JAVA ( 4662): DEBUGGER: go to sleep
I/Qt JAVA ( 4662): DEBUGGER: waiting for pong at /data/local/tmp/qt/debug-pong-org.qtproject.example.testAndroid, attempt 58
I/Qt JAVA ( 4662): DEBUGGER: go to sleep
I/Qt JAVA ( 4662): DEBUGGER: waiting for pong at /data/local/tmp/qt/debug-pong-org.qtproject.example.testAndroid, attempt 59
I/Qt JAVA ( 4662): DEBUGGER: go to sleep
I/Qt JAVA ( 4662): DEBUGGER: waiting for pong at /data/local/tmp/qt/debug-pong-org.qtproject.example.testAndroid, attempt 60
I/Qt JAVA ( 4662): DEBUGGER: go to sleep
I/Qt JAVA ( 4662): DEBUGGER: waiting for pong at /data/local/tmp/qt/debug-pong-org.qtproject.example.testAndroid, attempt 61
I/Qt JAVA ( 4662): DEBUGGER: go to sleep
I/Qt JAVA ( 4662): DEBUGGER: waiting for pong at /data/local/tmp/qt/debug-pong-org.qtproject.example.testAndroid, attempt 62
I/Qt JAVA ( 4662): DEBUGGER: go to sleep
I/Qt JAVA ( 4662): DEBUGGER: waiting for pong at /data/local/tmp/qt/debug-pong-org.qtproject.example.testAndroid, attempt 63
I/Qt JAVA ( 4662): DEBUGGER: go to sleep
I/Qt JAVA ( 4662): DEBUGGER: waiting for pong at /data/local/tmp/qt/debug-pong-org.qtproject.example.testAndroid, attempt 64
I/Qt JAVA ( 4662): DEBUGGER: go to sleep
I/Qt JAVA ( 4662): DEBUGGER: waiting for pong at /data/local/tmp/qt/debug-pong-org.qtproject.example.testAndroid, attempt 65
I/Qt JAVA ( 4662): DEBUGGER: go to sleep
I/Qt JAVA ( 4662): DEBUGGER: waiting for pong at /data/local/tmp/qt/debug-pong-org.qtproject.example.testAndroid, attempt 66
I/Qt JAVA ( 4662): DEBUGGER: go to sleep
I/Qt JAVA ( 4662): DEBUGGER: waiting for pong at /data/local/tmp/qt/debug-pong-org.qtproject.example.testAndroid, attempt 67
I/Qt JAVA ( 4662): DEBUGGER: go to sleep
I/Qt JAVA ( 4662): DEBUGGER: waiting for pong at /data/local/tmp/qt/debug-pong-org.qtproject.example.testAndroid, attempt 68
I/Qt JAVA ( 4662): DEBUGGER: go to sleep
I/Qt JAVA ( 4662): DEBUGGER: waiting for pong at /data/local/tmp/qt/debug-pong-org.qtproject.example.testAndroid, attempt 69
I/Qt JAVA ( 4662): DEBUGGER: go to sleep
I/Qt JAVA ( 4662): DEBUGGER: waiting for pong at /data/local/tmp/qt/debug-pong-org.qtproject.example.testAndroid, attempt 70
I/Qt JAVA ( 4662): DEBUGGER: go to sleep
I/Qt JAVA ( 4662): DEBUGGER: waiting for pong at /data/local/tmp/qt/debug-pong-org.qtproject.example.testAndroid, attempt 71
I/Qt JAVA ( 4662): DEBUGGER: go to sleep
I/Qt JAVA ( 4662): DEBUGGER: waiting for pong at /data/local/tmp/qt/debug-pong-org.qtproject.example.testAndroid, attempt 72
I/Qt JAVA ( 4662): DEBUGGER: go to sleep
I/Qt JAVA ( 4662): DEBUGGER: waiting for pong at /data/local/tmp/qt/debug-pong-org.qtproject.example.testAndroid, attempt 73
I/Qt JAVA ( 4662): DEBUGGER: go to sleep
I/Qt JAVA ( 4662): DEBUGGER: waiting for pong at /data/local/tmp/qt/debug-pong-org.qtproject.example.testAndroid, attempt 74
I/Qt JAVA ( 4662): DEBUGGER: go to sleep
I/Qt JAVA ( 4662): DEBUGGER: waiting for pong at /data/local/tmp/qt/debug-pong-org.qtproject.example.testAndroid, attempt 75
I/Qt JAVA ( 4662): DEBUGGER: go to sleep
I/Qt JAVA ( 4662): DEBUGGER: waiting for pong at /data/local/tmp/qt/debug-pong-org.qtproject.example.testAndroid, attempt 76
I/Qt JAVA ( 4662): DEBUGGER: go to sleep
I/Qt JAVA ( 4662): DEBUGGER: waiting for pong at /data/local/tmp/qt/debug-pong-org.qtproject.example.testAndroid, attempt 77
I/Qt JAVA ( 4662): DEBUGGER: go to sleep
I/Qt JAVA ( 4662): DEBUGGER: waiting for pong at /data/local/tmp/qt/debug-pong-org.qtproject.example.testAndroid, attempt 78
I/Qt JAVA ( 4662): DEBUGGER: go to sleep
I/Qt JAVA ( 4662): DEBUGGER: waiting for pong at /data/local/tmp/qt/debug-pong-org.qtproject.example.testAndroid, attempt 79
I/Qt JAVA ( 4662): DEBUGGER: go to sleep
I/Qt JAVA ( 4662): DEBUGGER: waiting for pong at /data/local/tmp/qt/debug-pong-org.qtproject.example.testAndroid, attempt 80
I/Qt JAVA ( 4662): DEBUGGER: go to sleep
I/Qt JAVA ( 4662): DEBUGGER: waiting for pong at /data/local/tmp/qt/debug-pong-org.qtproject.example.testAndroid, attempt 81
I/Qt JAVA ( 4662): DEBUGGER: go to sleep
I/Qt JAVA ( 4662): DEBUGGER: waiting for pong at /data/local/tmp/qt/debug-pong-org.qtproject.example.testAndroid, attempt 82
I/Qt JAVA ( 4662): DEBUGGER: go to sleep
I/Qt JAVA ( 4662): DEBUGGER: waiting for pong at /data/local/tmp/qt/debug-pong-org.qtproject.example.testAndroid, attempt 83
I/Qt JAVA ( 4662): DEBUGGER: go to sleep
I/Qt JAVA ( 4662): DEBUGGER: waiting for pong at /data/local/tmp/qt/debug-pong-org.qtproject.example.testAndroid, attempt 84
I/Qt JAVA ( 4662): DEBUGGER: go to sleep
I/Qt JAVA ( 4662): DEBUGGER: waiting for pong at /data/local/tmp/qt/debug-pong-org.qtproject.example.testAndroid, attempt 85
I/Qt JAVA ( 4662): DEBUGGER: go to sleep
I/Qt JAVA ( 4662): DEBUGGER: waiting for pong at /data/local/tmp/qt/debug-pong-org.qtproject.example.testAndroid, attempt 86
I/Qt JAVA ( 4662): DEBUGGER: go to sleep
I/Qt JAVA ( 4662): DEBUGGER: waiting for pong at /data/local/tmp/qt/debug-pong-org.qtproject.example.testAndroid, attempt 87
I/Qt JAVA ( 4662): DEBUGGER: go to sleep
I/Qt JAVA ( 4662): DEBUGGER: waiting for pong at /data/local/tmp/qt/debug-pong-org.qtproject.example.testAndroid, attempt 88
I/Qt JAVA ( 4662): DEBUGGER: go to sleep
I/Qt JAVA ( 4662): DEBUGGER: waiting for pong at /data/local/tmp/qt/debug-pong-org.qtproject.example.testAndroid, attempt 89
I/Qt JAVA ( 4662): DEBUGGER: go to sleep
I/Qt JAVA ( 4662): DEBUGGER: waiting for pong at /data/local/tmp/qt/debug-pong-org.qtproject.example.testAndroid, attempt 90
I/Qt JAVA ( 4662): DEBUGGER: go to sleep
I/Qt JAVA ( 4662): DEBUGGER: waiting for pong at /data/local/tmp/qt/debug-pong-org.qtproject.example.testAndroid, attempt 91
I/Qt JAVA ( 4662): DEBUGGER: go to sleep
I/Qt JAVA ( 4662): DEBUGGER: waiting for pong at /data/local/tmp/qt/debug-pong-org.qtproject.example.testAndroid, attempt 92
I/Qt JAVA ( 4662): DEBUGGER: go to sleep
I/Qt JAVA ( 4662): DEBUGGER: waiting for pong at /data/local/tmp/qt/debug-pong-org.qtproject.example.testAndroid, attempt 93
I/Qt JAVA ( 4662): DEBUGGER: go to sleep
I/Qt JAVA ( 4662): DEBUGGER: waiting for pong at /data/local/tmp/qt/debug-pong-org.qtproject.example.testAndroid, attempt 94
I/Qt JAVA ( 4662): DEBUGGER: go to sleep
I/Qt JAVA ( 4662): DEBUGGER: waiting for pong at /data/local/tmp/qt/debug-pong-org.qtproject.example.testAndroid, attempt 95
I/Qt JAVA ( 4662): DEBUGGER: go to sleep
I/Qt JAVA ( 4662): DEBUGGER: waiting for pong at /data/local/tmp/qt/debug-pong-org.qtproject.example.testAndroid, attempt 96
I/Qt JAVA ( 4662): DEBUGGER: go to sleep
I/Qt JAVA ( 4662): DEBUGGER: waiting for pong at /data/local/tmp/qt/debug-pong-org.qtproject.example.testAndroid, attempt 97
I/Qt JAVA ( 4662): DEBUGGER: go to sleep
I/Qt JAVA ( 4662): DEBUGGER: waiting for pong at /data/local/tmp/qt/debug-pong-org.qtproject.example.testAndroid, attempt 98
I/Qt JAVA ( 4662): DEBUGGER: go to sleep
I/Qt JAVA ( 4662): DEBUGGER: waiting for pong at /data/local/tmp/qt/debug-pong-org.qtproject.example.testAndroid, attempt 99
I/Qt JAVA ( 4662): DEBUGGER: go to sleep
I/Qt JAVA ( 4662): DEBUGGER: waiting for pong at /data/local/tmp/qt/debug-pong-org.qtproject.example.testAndroid, attempt 100
I/Qt JAVA ( 4662): DEBUGGER: go to sleep
I/Qt JAVA ( 4662): DEBUGGER: waiting for pong at /data/local/tmp/qt/debug-pong-org.qtproject.example.testAndroid, attempt 101
I/Qt JAVA ( 4662): DEBUGGER: go to sleep
I/Qt JAVA ( 4662): DEBUGGER: waiting for pong at /data/local/tmp/qt/debug-pong-org.qtproject.example.testAndroid, attempt 102
I/Qt JAVA ( 4662): DEBUGGER: go to sleep
I/Qt JAVA ( 4662): DEBUGGER: waiting for pong at /data/local/tmp/qt/debug-pong-org.qtproject.example.testAndroid, attempt 103
I/Qt JAVA ( 4662): DEBUGGER: go to sleep
I/Qt JAVA ( 4662): DEBUGGER: waiting for pong at /data/local/tmp/qt/debug-pong-org.qtproject.example.testAndroid, attempt 104
I/Qt JAVA ( 4662): DEBUGGER: go to sleep
I/Qt JAVA ( 4662): DEBUGGER: waiting for pong at /data/local/tmp/qt/debug-pong-org.qtproject.example.testAndroid, attempt 105
I/Qt JAVA ( 4662): DEBUGGER: go to sleep
I/Qt JAVA ( 4662): DEBUGGER: waiting for pong at /data/local/tmp/qt/debug-pong-org.qtproject.example.testAndroid, attempt 106
I/Qt JAVA ( 4662): DEBUGGER: go to sleep
I/Qt JAVA ( 4662): DEBUGGER: waiting for pong at /data/local/tmp/qt/debug-pong-org.qtproject.example.testAndroid, attempt 107
I/Qt JAVA ( 4662): DEBUGGER: go to sleep
I/Qt JAVA ( 4662): DEBUGGER: waiting for pong at /data/local/tmp/qt/debug-pong-org.qtproject.example.testAndroid, attempt 108
I/Qt JAVA ( 4662): DEBUGGER: go to sleep
I/Qt JAVA ( 4662): DEBUGGER: waiting for pong at /data/local/tmp/qt/debug-pong-org.qtproject.example.testAndroid, attempt 109
I/Qt JAVA ( 4662): DEBUGGER: go to sleep
I/Qt JAVA ( 4662): DEBUGGER: waiting for pong at /data/local/tmp/qt/debug-pong-org.qtproject.example.testAndroid, attempt 110
I/Qt JAVA ( 4662): DEBUGGER: go to sleep
I/Qt JAVA ( 4662): DEBUGGER: waiting for pong at /data/local/tmp/qt/debug-pong-org.qtproject.example.testAndroid, attempt 111
I/Qt JAVA ( 4662): DEBUGGER: go to sleep
I/Qt JAVA ( 4662): DEBUGGER: waiting for pong at /data/local/tmp/qt/debug-pong-org.qtproject.example.testAndroid, attempt 112
I/Qt JAVA ( 4662): DEBUGGER: go to sleep
I/Qt JAVA ( 4662): DEBUGGER: waiting for pong at /data/local/tmp/qt/debug-pong-org.qtproject.example.testAndroid, attempt 113
I/Qt JAVA ( 4662): DEBUGGER: go to sleep
I/Qt JAVA ( 4662): DEBUGGER: waiting for pong at /data/local/tmp/qt/debug-pong-org.qtproject.example.testAndroid, attempt 114
I/Qt JAVA ( 4662): DEBUGGER: go to sleep
I/Qt JAVA ( 4662): DEBUGGER: waiting for pong at /data/local/tmp/qt/debug-pong-org.qtproject.example.testAndroid, attempt 115
I/Qt JAVA ( 4662): DEBUGGER: go to sleep
I/Qt JAVA ( 4662): DEBUGGER: waiting for pong at /data/local/tmp/qt/debug-pong-org.qtproject.example.testAndroid, attempt 116
I/Qt JAVA ( 4662): DEBUGGER: go to sleep
I/Qt JAVA ( 4662): DEBUGGER: waiting for pong at /data/local/tmp/qt/debug-pong-org.qtproject.example.testAndroid, attempt 117
I/Qt JAVA ( 4662): DEBUGGER: go to sleep
I/Qt JAVA ( 4662): DEBUGGER: waiting for pong at /data/local/tmp/qt/debug-pong-org.qtproject.example.testAndroid, attempt 118
I/Qt JAVA ( 4662): DEBUGGER: go to sleep
I/Qt JAVA ( 4662): DEBUGGER: waiting for pong at /data/local/tmp/qt/debug-pong-org.qtproject.example.testAndroid, attempt 119
I/Qt JAVA ( 4662): DEBUGGER: go to sleep
I/Qt JAVA ( 4662): DEBUGGER: waiting for pong at /data/local/tmp/qt/debug-pong-org.qtproject.example.testAndroid, attempt 120
I/Qt JAVA ( 4662): DEBUGGER: go to sleep
I/Qt JAVA ( 4662): DEBUGGER: waiting for pong at /data/local/tmp/qt/debug-pong-org.qtproject.example.testAndroid, attempt 121
I/Qt JAVA ( 4662): DEBUGGER: go to sleep
I/Qt JAVA ( 4662): DEBUGGER: waiting for pong at /data/local/tmp/qt/debug-pong-org.qtproject.example.testAndroid, attempt 122
I/Qt JAVA ( 4662): DEBUGGER: go to sleep
I/Qt JAVA ( 4662): DEBUGGER: waiting for pong at /data/local/tmp/qt/debug-pong-org.qtproject.example.testAndroid, attempt 123
I/Qt JAVA ( 4662): DEBUGGER: go to sleep
I/Qt JAVA ( 4662): DEBUGGER: waiting for pong at /data/local/tmp/qt/debug-pong-org.qtproject.example.testAndroid, attempt 124
I/Qt JAVA ( 4662): DEBUGGER: go to sleep
I/Qt JAVA ( 4662): DEBUGGER: waiting for pong at /data/local/tmp/qt/debug-pong-org.qtproject.example.testAndroid, attempt 125
I/Qt JAVA ( 4662): DEBUGGER: go to sleep
I/Qt JAVA ( 4662): DEBUGGER: waiting for pong at /data/local/tmp/qt/debug-pong-org.qtproject.example.testAndroid, attempt 126
I/Qt JAVA ( 4662): DEBUGGER: go to sleep
I/Qt JAVA ( 4662): DEBUGGER: waiting for pong at /data/local/tmp/qt/debug-pong-org.qtproject.example.testAndroid, attempt 127
I/Qt JAVA ( 4662): DEBUGGER: go to sleep
I/Qt JAVA ( 4662): DEBUGGER: waiting for pong at /data/local/tmp/qt/debug-pong-org.qtproject.example.testAndroid, attempt 128
I/Qt JAVA ( 4662): DEBUGGER: go to sleep
I/Qt JAVA ( 4662): DEBUGGER: waiting for pong at /data/local/tmp/qt/debug-pong-org.qtproject.example.testAndroid, attempt 129
I/Qt JAVA ( 4662): DEBUGGER: go to sleep
I/Qt JAVA ( 4662): DEBUGGER: waiting for pong at /data/local/tmp/qt/debug-pong-org.qtproject.example.testAndroid, attempt 130
I/Qt JAVA ( 4662): DEBUGGER: go to sleep
I/Qt JAVA ( 4662): DEBUGGER: waiting for pong at /data/local/tmp/qt/debug-pong-org.qtproject.example.testAndroid, attempt 131
I/Qt JAVA ( 4662): DEBUGGER: go to sleep
I/Qt JAVA ( 4662): DEBUGGER: waiting for pong at /data/local/tmp/qt/debug-pong-org.qtproject.example.testAndroid, attempt 132
I/Qt JAVA ( 4662): DEBUGGER: go to sleep
I/Qt JAVA ( 4662): DEBUGGER: waiting for pong at /data/local/tmp/qt/debug-pong-org.qtproject.example.testAndroid, attempt 133
I/Qt JAVA ( 4662): DEBUGGER: go to sleep
I/Qt JAVA ( 4662): DEBUGGER: waiting for pong at /data/local/tmp/qt/debug-pong-org.qtproject.example.testAndroid, attempt 134
I/Qt JAVA ( 4662): DEBUGGER: go to sleep
I/Qt JAVA ( 4662): DEBUGGER: waiting for pong at /data/local/tmp/qt/debug-pong-org.qtproject.example.testAndroid, attempt 135
I/Qt JAVA ( 4662): DEBUGGER: go to sleep
I/Qt JAVA ( 4662): DEBUGGER: waiting for pong at /data/local/tmp/qt/debug-pong-org.qtproject.example.testAndroid, attempt 136
I/Qt JAVA ( 4662): DEBUGGER: go to sleep
I/Qt JAVA ( 4662): DEBUGGER: waiting for pong at /data/local/tmp/qt/debug-pong-org.qtproject.example.testAndroid, attempt 137
I/Qt JAVA ( 4662): DEBUGGER: go to sleep
I/Qt JAVA ( 4662): DEBUGGER: waiting for pong at /data/local/tmp/qt/debug-pong-org.qtproject.example.testAndroid, attempt 138
I/Qt JAVA ( 4662): DEBUGGER: go to sleep
I/Qt JAVA ( 4662): DEBUGGER: waiting for pong at /data/local/tmp/qt/debug-pong-org.qtproject.example.testAndroid, attempt 139
I/Qt JAVA ( 4662): DEBUGGER: go to sleep
I/Qt JAVA ( 4662): DEBUGGER: waiting for pong at /data/local/tmp/qt/debug-pong-org.qtproject.example.testAndroid, attempt 140
I/Qt JAVA ( 4662): DEBUGGER: go to sleep
I/Qt JAVA ( 4662): DEBUGGER: waiting for pong at /data/local/tmp/qt/debug-pong-org.qtproject.example.testAndroid, attempt 141
I/Qt JAVA ( 4662): DEBUGGER: go to sleep
I/Qt JAVA ( 4662): DEBUGGER: waiting for pong at /data/local/tmp/qt/debug-pong-org.qtproject.example.testAndroid, attempt 142
I/Qt JAVA ( 4662): DEBUGGER: go to sleep
I/Qt JAVA ( 4662): DEBUGGER: waiting for pong at /data/local/tmp/qt/debug-pong-org.qtproject.example.testAndroid, attempt 143
I/Qt JAVA ( 4662): DEBUGGER: go to sleep
I/Qt JAVA ( 4662): DEBUGGER: waiting for pong at /data/local/tmp/qt/debug-pong-org.qtproject.example.testAndroid, attempt 144
I/Qt JAVA ( 4662): DEBUGGER: go to sleep
I/Qt JAVA ( 4662): DEBUGGER: waiting for pong at /data/local/tmp/qt/debug-pong-org.qtproject.example.testAndroid, attempt 145
I/Qt JAVA ( 4662): DEBUGGER: go to sleep
I/Qt JAVA ( 4662): DEBUGGER: waiting for pong at /data/local/tmp/qt/debug-pong-org.qtproject.example.testAndroid, attempt 146
I/Qt JAVA ( 4662): DEBUGGER: go to sleep
I/Qt JAVA ( 4662): DEBUGGER: waiting for pong at /data/local/tmp/qt/debug-pong-org.qtproject.example.testAndroid, attempt 147
I/Qt JAVA ( 4662): DEBUGGER: go to sleep
I/Qt JAVA ( 4662): DEBUGGER: waiting for pong at /data/local/tmp/qt/debug-pong-org.qtproject.example.testAndroid, attempt 148
I/Qt JAVA ( 4662): DEBUGGER: go to sleep
I/Qt JAVA ( 4662): DEBUGGER: waiting for pong at /data/local/tmp/qt/debug-pong-org.qtproject.example.testAndroid, attempt 149
I/Qt JAVA ( 4662): DEBUGGER: go to sleep
I/Qt JAVA ( 4662): DEBUGGER: time out when waiting for pong file
W/System.err( 4662): java.lang.Exception:
W/System.err( 4662): at org.qtproject.qt5.android.bindings.QtActivity.loadApplication(QtActivity.java:239)
W/System.err( 4662): at org.qtproject.qt5.android.bindings.QtActivity.startApp(QtActivity.java:522)
W/System.err( 4662): at org.qtproject.qt5.android.bindings.QtActivity.onCreate(QtActivity.java:744)
W/System.err( 4662): at android.app.Activity.performCreate(Activity.java:5231)
W/System.err( 4662): at android.app.Instrumentation.callActivityOnCreate(Instrumentation.java:1087)
W/System.err( 4662): at android.app.ActivityThread.performLaunchActivity(ActivityThread.java:2159)
W/System.err( 4662): at android.app.ActivityThread.handleLaunchActivity(ActivityThread.java:2245)
W/System.err( 4662): at android.app.ActivityThread.access$800(ActivityThread.java:135)
W/System.err( 4662): at android.app.ActivityThread$H.handleMessage(ActivityThread.java:1196)
W/System.err( 4662): at android.os.Handler.dispatchMessage(Handler.java:102)
W/System.err( 4662): at android.os.Looper.loop(Looper.java:136)
W/System.err( 4662): at android.app.ActivityThread.main(ActivityThread.java:5017)
W/System.err( 4662): at java.lang.reflect.Method.invokeNative(Native Method)
W/System.err( 4662): at java.lang.reflect.Method.invoke(Method.java:515)
W/System.err( 4662): at com.android.internal.os.ZygoteInit$MethodAndArgsCaller.run(ZygoteInit.java:779)
W/System.err( 4662): at com.android.internal.os.ZygoteInit.main(ZygoteInit.java:595)
W/System.err( 4662): at dalvik.system.NativeStart.main(Native Method)
D/dalvikvm( 4662): GC_CONCURRENT freed 373K, 13% free 3034K/3484K, paused 15ms+3ms, total 43ms
D/dalvikvm( 4662): WAIT_FOR_CONCURRENT_GC blocked 15ms
I/dalvikvm-heap( 4662): Grow heap (frag case) to 3.642MB for 635812-byte allocation
D/dalvikvm( 4662): GC_FOR_ALLOC freed 10K, 12% free 3644K/4108K, paused 41ms, total 46ms
I/Choreographer( 4662): Skipped 48 frames! The application may be doing too much work on its main thread.
D/gralloc_goldfish( 4662): Emulator without GPU emulation detected.
I/ActivityManager( 372): Displayed org.qtproject.example.testAndroid/org.qtproject.qt5.android.bindings.QtActivity: +34s260ms
E/SoundPool( 372): error loading /system/media/audio/ui/Effect_Tick.ogg
W/AudioService( 372): Soundpool could not load file: /system/media/audio/ui/Effect_Tick.ogg
E/SoundPool( 372): error loading /system/media/audio/ui/Effect_Tick.ogg
W/AudioService( 372): Soundpool could not load file: /system/media/audio/ui/Effect_Tick.ogg
E/SoundPool( 372): error loading /system/media/audio/ui/Effect_Tick.ogg
W/AudioService( 372): Soundpool could not load file: /system/media/audio/ui/Effect_Tick.ogg
E/SoundPool( 372): error loading /system/media/audio/ui/Effect_Tick.ogg
W/AudioService( 372): Soundpool could not load file: /system/media/audio/ui/Effect_Tick.ogg
E/SoundPool( 372): error loading /system/media/audio/ui/Effect_Tick.ogg
W/AudioService( 372): Soundpool could not load file: /system/media/audio/ui/Effect_Tick.ogg
E/SoundPool( 372): error loading /system/media/audio/ui/KeypressStandard.ogg
W/AudioService( 372): Soundpool could not load file: /system/media/audio/ui/KeypressStandard.ogg
E/SoundPool( 372): error loading /system/media/audio/ui/KeypressSpacebar.ogg
W/AudioService( 372): Soundpool could not load file: /system/media/audio/ui/KeypressSpacebar.ogg
E/SoundPool( 372): error loading /system/media/audio/ui/KeypressDelete.ogg
W/AudioService( 372): Soundpool could not load file: /system/media/audio/ui/KeypressDelete.ogg
E/SoundPool( 372): error loading /system/media/audio/ui/KeypressReturn.ogg
W/AudioService( 372): Soundpool could not load file: /system/media/audio/ui/KeypressReturn.ogg
E/SoundPool( 372): error loading /system/media/audio/ui/KeypressInvalid.ogg
W/AudioService( 372): Soundpool could not load file: /system/media/audio/ui/KeypressInvalid.ogg
W/AudioService( 372): onLoadSoundEffects(), Error -1 while loading samples
D/gralloc ( 51): Registering a buffer in the process that created it. This may cause memory ordering problems.
E/libEGL ( 51): called unimplemented OpenGL ES API
E/libEGL ( 51): called unimplemented OpenGL ES API
E/libEGL ( 51): called unimplemented OpenGL ES API
E/libEGL ( 51): called unimplemented OpenGL ES API
E/SurfaceFlinger( 51): glCheckFramebufferStatusOES error 157060684
E/SurfaceFlinger( 51): got GL_FRAMEBUFFER_COMPLETE_OES error while taking screenshot
E/libEGL ( 51): called unimplemented OpenGL ES API
E/libEGL ( 51): called unimplemented OpenGL ES API
W/WindowManager( 372): Screenshot failure taking screenshot for (246x410) to layer 21015
I/Choreographer( 4662): Skipped 44 frames! The application may be doing too much work on its main thread.
D/LightsService( 372): Excessive delay setting light: 293ms
D/LightsService( 372): Excessive delay setting light: 69ms
D/LightsService( 372): Excessive delay setting light: 52ms
I/Choreographer( 372): Skipped 30 frames! The application may be doing too much work on its main thread.
I/Choreographer( 696): Skipped 47 frames! The application may be doing too much work on its main thread.
I/Choreographer( 696): Skipped 81 frames! The application may be doing too much work on its main thread.
W/InputMethodManagerService( 372): Window already focused, ignoring focus gain of: com.android.internal.view.IInputMethodClient$Stub$Proxy@b4256298 attribute=null, token = android.os.BinderProxy@b4153430
I/Choreographer( 372): Skipped 31 frames! The application may be doing too much work on its main thread.
I/AndroidRuntime( 4662): VM exiting with result code 0, cleanup skipped.
I/ActivityManager( 372): Process org.qtproject.example.testAndroid (pid 4662) has died.
I/WindowState( 372): WIN DEATH: Window{b41ad788 u0 org.qtproject.example.testAndroid/org.qtproject.qt5.android.bindings.QtActivity}