E/ ( 2168): ERROR: In boolean H264_Utils::extract_rbsp(OMX_U8*, OMX_U32, OMX_U32, OMX_U8*, OMX_U32*, NALU*)() - line 271
E/ ( 2168): ERROR: In bool H264_Utils::isNewFrame(OMX_BUFFERHEADERTYPE*, OMX_U32, OMX_BOOL&)() - extract_rbsp() failed
W/AudioFlinger( 2168): session id 12 not found for pid 2053
E/OMX-VDEC-1080P( 2168):
E/OMX-VDEC-1080P( 2168): Error in ioctl read next msg
E/ ( 2168):
E/ ( 2168): Destroy C2D instance
E/ ( 2168):
E/ ( 2168): Destroy C2D instance
I/OMXCodec( 2168): [OMX.qcom.video.decoder.avc] AVC profile = 66 (Baseline), level = 51
E/OMX-VDEC-1080P( 2168):
E/OMX-VDEC-1080P( 2168): No color conversion required
E/OMX-VDEC-1080P( 2168):
E/OMX-VDEC-1080P( 2168): No color conversion required
E/OMX-VDEC-1080P( 2168):
E/OMX-VDEC-1080P( 2168): No color conversion required
E/OMX-VDEC-1080P( 2168):
E/OMX-VDEC-1080P( 2168): No color conversion required
E/OMX-VDEC-1080P( 2168):
E/OMX-VDEC-1080P( 2168): No color conversion required
E/OMX-VDEC-1080P( 2168):
E/OMX-VDEC-1080P( 2168): No color conversion required
I/OMXCodec( 2168): [OMX.qcom.video.decoder.avc] video dimensions are 1920 x 800
I/OMXCodec( 2168): [OMX.qcom.video.decoder.avc] Crop rect is 1920 x 800 @ (0, 0)
E/OMX-VDEC-1080P( 2168):
E/OMX-VDEC-1080P( 2168): No color conversion required
E/OMX-VDEC-1080P( 2168):
E/OMX-VDEC-1080P( 2168): No color conversion required
E/OMX-VDEC-1080P( 2168): GET_MV_BUFFER_SIZE returned: Size: 434176 and alignment: 8192
E/OMX-VDEC-1080P( 2168):
E/OMX-VDEC-1080P( 2168): No color conversion required
E/OMX-VDEC-1080P( 2168):
E/OMX-VDEC-1080P( 2168): No color conversion required
E/OMX-VDEC-1080P( 2168):
E/OMX-VDEC-1080P( 2168): No color conversion required
E/OMX-VDEC-1080P( 2168):
E/OMX-VDEC-1080P( 2168): No color conversion required
E/OMX-VDEC-1080P( 2168):
E/OMX-VDEC-1080P( 2168): No color conversion required
E/OMX-VDEC-1080P( 2168):
E/OMX-VDEC-1080P( 2168): No color conversion required
E/OMX-VDEC-1080P( 2168):
E/OMX-VDEC-1080P( 2168): No color conversion required
E/OMX-VDEC-1080P( 2168):
E/OMX-VDEC-1080P( 2168): No color conversion required
E/OMX-VDEC-1080P( 2168):
E/OMX-VDEC-1080P( 2168): No color conversion required
E/OMX-VDEC-1080P( 2168):
E/OMX-VDEC-1080P( 2168): No color conversion required
E/MediaPlayer( 2053): Should have subtitle controller already set
E/OMX-VDEC-1080P( 2168):
E/OMX-VDEC-1080P( 2168): No color conversion required
E/OMX-VDEC-1080P( 2168):
E/OMX-VDEC-1080P( 2168): No color conversion required
I/OMXCodec( 2168): [OMX.qcom.video.decoder.avc] video dimensions are 1920 x 800
I/OMXCodec( 2168): [OMX.qcom.video.decoder.avc] Crop rect is 1920 x 800 @ (0, 0)
E/OMX-VDEC-1080P( 2168):
E/OMX-VDEC-1080P( 2168): No color conversion required
E/OMX-VDEC-1080P( 2168):
E/OMX-VDEC-1080P( 2168): No color conversion required
E/OMX-VDEC-1080P( 2168): GET_MV_BUFFER_SIZE returned: Size: 434176 and alignment: 8192
E/OMX-VDEC-1080P( 2168):
E/OMX-VDEC-1080P( 2168): No color conversion required
E/OMX-VDEC-1080P( 2168):
E/OMX-VDEC-1080P( 2168): No color conversion required
E/OMX-VDEC-1080P( 2168):
E/OMX-VDEC-1080P( 2168): No color conversion required
E/OMX-VDEC-1080P( 2168):
E/OMX-VDEC-1080P( 2168): No color conversion required
E/OMX-VDEC-1080P( 2168):
E/OMX-VDEC-1080P( 2168): No color conversion required
E/OMX-VDEC-1080P( 2168):
E/OMX-VDEC-1080P( 2168): No color conversion required
E/OMX-VDEC-1080P( 2168):
E/OMX-VDEC-1080P( 2168): No color conversion required
E/OMX-VDEC-1080P( 2168):
E/OMX-VDEC-1080P( 2168): No color conversion required
E/OMX-VDEC-1080P( 2168):
E/OMX-VDEC-1080P( 2168): No color conversion required
E/OMX-VDEC-1080P( 2168):
E/OMX-VDEC-1080P( 2168): No color conversion required
E/OMX-VDEC-1080P( 2168):
E/OMX-VDEC-1080P( 2168): No color conversion required
E/OMX-VDEC-1080P( 2168):
E/OMX-VDEC-1080P( 2168): No color conversion required
E/OMX-VDEC-1080P( 2168):
E/OMX-VDEC-1080P( 2168): No color conversion required
E/OMX-VDEC-1080P( 2168):
E/OMX-VDEC-1080P( 2168): No color conversion required
E/OMX-VDEC-1080P( 2168):
E/OMX-VDEC-1080P( 2168): No color conversion required
E/OMX-VDEC-1080P( 2168):
E/OMX-VDEC-1080P( 2168): No color conversion required
E/OMX-VDEC-1080P( 2168):
E/OMX-VDEC-1080P( 2168): Set output buffer failed
E/OMXNodeInstance( 2168): OMX_UseBuffer failed with error -2147479552 (0x80001000)
E/OMXCodec( 2168): [OMX.qcom.video.decoder.avc] registering GraphicBuffer with OMX IL component failed: -2147483648
E/OMXCodec( 2168): [OMX.qcom.video.decoder.avc] allocateBuffersOnPort (output) failed (err = -2147483648)
I/SoftAAC2( 2168): Reconfiguring decoder: 0->48000 Hz, 0->2 channels
E/MediaPlayer( 2053): error (1, -2147483648)
E/MediaPlayer( 2053): Error (1,-2147483648)
W/AudioFlinger( 2168): session id 12 not found for pid 2053
W/OMXNodeInstance( 2168): Attempt to remove an active buffer we know nothing about...
E/OMX-VDEC-1080P( 2168): Invalid state to free buffer,ports need to be disabled
F/libc ( 2168): Fatal signal 11 (SIGSEGV) at 0x00000005 (code=1), thread 2185 (Binder_3)
I/DEBUG ( 178): *** *** *** *** *** *** *** *** *** *** *** *** *** *** *** ***
I/DEBUG ( 178): Build fingerprint: 'google/razor/flo:4.4.2/KOT49H/937116:user/release-keys'
I/DEBUG ( 178): Revision: '0'
I/DEBUG ( 178): pid: 2168, tid: 2185, name: Binder_3 >>> /system/bin/mediaserver <<<
I/DEBUG ( 178): AM write failure (32 / Broken pipe)
I/DEBUG ( 178): signal 11 (SIGSEGV), code 1 (SEGV_MAPERR), fault addr 00000005
W/NativeCrashListener( 587): Couldn't find ProcessRecord for pid 2168
I/DEBUG ( 178): r0 00000001 r1 00000005 r2 00000001 r3 80001018
I/DEBUG ( 178): r4 00000001 r5 80001018 r6 b7b6a3a8 r7 00000001
I/DEBUG ( 178): r8 00000010 r9 00000001 sl b5571bfc fp b6e932ec
I/DEBUG ( 178): ip 00000001 sp b5471a70 lr b6584f67 pc b6584d6c cpsr 000f0030
I/DEBUG ( 178): d0 6c62617369642065 d1 7265666675622065
I/DEBUG ( 178): d2 6e207374726f702c d3 62206f7420646565
I/DEBUG ( 178): d4 0061006900640065 d5 00790061006c0050
I/DEBUG ( 178): d6 006c004300720065 d7 0074006e00650069
I/DEBUG ( 178): d8 0000000000000000 d9 0000000000000000
I/DEBUG ( 178): d10 0000000000000000 d11 0000000000000000
I/DEBUG ( 178): d12 0000000000000000 d13 0000000000000000
I/DEBUG ( 178): d14 0000000000000000 d15 0000000000000000
I/DEBUG ( 178): d16 3ed79cc981f879a1 d17 0000000000000dfd
I/DEBUG ( 178): d18 000000000000001b d19 3f6370dee0000000
I/DEBUG ( 178): d20 3fc5555533bce6df d21 bf66c16be38d5283
I/DEBUG ( 178): d22 3f636ee70bc10671 d23 3fe0000000000000
I/DEBUG ( 178): d24 3ec7a3f72680d999 d25 bec7a4600e3daf7e
I/DEBUG ( 178): d26 0000000000000000 d27 4000000000000000
I/DEBUG ( 178): d28 3ffff6488c7a1f7d d29 bf6376c7f8038f6c
I/DEBUG ( 178): d30 3ff0000000000000 d31 3fe009bb63fc01c8
I/DEBUG ( 178): scr 80000010
I/DEBUG ( 178):
I/DEBUG ( 178): backtrace:
I/DEBUG ( 178): #00 pc 0000fd6c /system/lib/libstagefright_omx.so
I/DEBUG ( 178): #01 pc 0000ff63 /system/lib/libstagefright_omx.so (android::OMXNodeInstance::freeBuffer(unsigned long, void*)+42)
I/DEBUG ( 178): #02 pc 00078e35 /system/lib/libstagefright.so (android::OMXCodec::freeBuffer(unsigned long, unsigned int)+44)
I/DEBUG ( 178): #03 pc 00078f9d /system/lib/libstagefright.so (android::OMXCodec::freeBuffersOnPort(unsigned long, bool)+96)
I/DEBUG ( 178): #04 pc 0007ae49 /system/lib/libstagefright.so (android::OMXCodec::stopOmxComponent_l()+80)
I/DEBUG ( 178): #05 pc 0007afe1 /system/lib/libstagefright.so (android::OMXCodec::stop()+20)
I/DEBUG ( 178): #06 pc 000548b1 /system/lib/libstagefright.so (android::AwesomePlayer::shutdownVideoDecoder_l()+32)
I/DEBUG ( 178): #07 pc 00056ff3 /system/lib/libstagefright.so (android::AwesomePlayer::reset_l()+390)
I/DEBUG ( 178): #08 pc 000570f9 /system/lib/libstagefright.so (android::AwesomePlayer::reset()+16)
I/DEBUG ( 178): #09 pc 00036b15 /system/lib/libmediaplayerservice.so (android::StagefrightPlayer::reset()+4)
I/DEBUG ( 178): #10 pc 00032413 /system/lib/libmediaplayerservice.so (android::MediaPlayerService::Client::reset()+24)
I/DEBUG ( 178): #11 pc 00056349 /system/lib/libmedia.so (android::BnMediaPlayer::onTransact(unsigned int, android::Parcel const&, android::Parcel*, unsigned int)+488)
I/DEBUG ( 178): #12 pc 000191ad /system/lib/libbinder.so (android::BBinder::transact(unsigned int, android::Parcel const&, android::Parcel*, unsigned int)+60)
I/DEBUG ( 178): #13 pc 0001d721 /system/lib/libbinder.so (android::IPCThreadState::executeCommand(int)+508)
I/DEBUG ( 178): #14 pc 0001da9f /system/lib/libbinder.so (android::IPCThreadState::getAndExecuteCommand()+38)
I/DEBUG ( 178): #15 pc 0001db15 /system/lib/libbinder.so (android::IPCThreadState::joinThreadPool(bool)+48)
I/DEBUG ( 178): #16 pc 00021921 /system/lib/libbinder.so
I/DEBUG ( 178): #17 pc 0000ea5d /system/lib/libutils.so (android::Thread::_threadLoop(void*)+216)
I/DEBUG ( 178): #18 pc 0000e58f /system/lib/libutils.so
I/DEBUG ( 178): #19 pc 0000d170 /system/lib/libc.so (__thread_entry+72)
I/DEBUG ( 178): #20 pc 0000d308 /system/lib/libc.so (pthread_create+240)
I/DEBUG ( 178):
I/DEBUG ( 178): stack:
I/DEBUG ( 178): b5471a30 b1bf8afc [stack:2340]
I/DEBUG ( 178): b5471a34 00000001
I/DEBUG ( 178): b5471a38 00000010
I/DEBUG ( 178): b5471a3c b55af03f /system/lib/libOmxVdec.so (omx_vdec::free_buffer(void*, unsigned long, OMX_BUFFERHEADERTYPE*)+122)
I/DEBUG ( 178): b5471a40 b1bf8afc [stack:2340]
I/DEBUG ( 178): b5471a44 b55aefc5 /system/lib/libOmxVdec.so (omx_vdec::free_buffer(void*, unsigned long, OMX_BUFFERHEADERTYPE*))
I/DEBUG ( 178): b5471a48 b1bf8afc [stack:2340]
I/DEBUG ( 178): b5471a4c b7b6a3a8 [heap]
I/DEBUG ( 178): b5471a50 00000001
I/DEBUG ( 178): b5471a54 b59522e9 /system/lib/libOmxCore.so (qc_omx_component_free_buffer+64)
I/DEBUG ( 178): b5471a58 b7b6a920 [heap]
I/DEBUG ( 178): b5471a5c b1bf8afc [stack:2340]
I/DEBUG ( 178): b5471a60 00000001
I/DEBUG ( 178): b5471a64 b7b5b6bc [heap]
I/DEBUG ( 178): b5471a68 80001018
I/DEBUG ( 178): b5471a6c b7b5b6b8 [heap]
I/DEBUG ( 178): #00 b5471a70 00000001
I/DEBUG ( 178): b5471a74 b6584f67 /system/lib/libstagefright_omx.so (android::OMXNodeInstance::freeBuffer(unsigned long, void*)+46)
I/DEBUG ( 178): #01 b5471a78 b7b6a3a8 [heap]
I/DEBUG ( 178): b5471a7c b7b6a3a8 [heap]
I/DEBUG ( 178): b5471a80 b1bf8afc [stack:2340]
I/DEBUG ( 178): b5471a84 b7b6a920 [heap]
I/DEBUG ( 178): b5471a88 b6583637 /system/lib/libstagefright_omx.so (android::OMX::freeBuffer(void*, unsigned long, void*))
I/DEBUG ( 178): b5471a8c b7ba27c0 [heap]
I/DEBUG ( 178): b5471a90 b7ba2828 [heap]
I/DEBUG ( 178): b5471a94 b6887e37 /system/lib/libstagefright.so (android::OMXCodec::freeBuffer(unsigned long, unsigned int)+46)
I/DEBUG ( 178): #02 b5471a98 b7b69fe8 [heap]
I/DEBUG ( 178): b5471a9c 00000001
I/DEBUG ( 178): b5471aa0 b7b6a008 [heap]
I/DEBUG ( 178): b5471aa4 b6e58257 /system/lib/libc.so (dlfree+50)
I/DEBUG ( 178): b5471aa8 b7be89d8 [heap]
I/DEBUG ( 178): b5471aac b7b6a008 [heap]
I/DEBUG ( 178): b5471ab0 b7b69fec [heap]
I/DEBUG ( 178): b5471ab4 b7be89e0 [heap]
I/DEBUG ( 178): b5471ab8 b7b6a008 [heap]
I/DEBUG ( 178): b5471abc b6e58257 /system/lib/libc.so (dlfree+50)
I/DEBUG ( 178): b5471ac0 00000011
I/DEBUG ( 178): b5471ac4 00000010
I/DEBUG ( 178): b5471ac8 00000000
I/DEBUG ( 178): b5471acc b7ba2828 [heap]
I/DEBUG ( 178): b5471ad0 00000001
I/DEBUG ( 178): b5471ad4 b7ba27c0 [heap]
I/DEBUG ( 178): ........ ........
I/DEBUG ( 178):
I/DEBUG ( 178): memory near r3:
I/DEBUG ( 178): 80000ff8 ffffffff ffffffff ffffffff ffffffff
I/DEBUG ( 178): 80001008 ffffffff ffffffff ffffffff ffffffff
I/DEBUG ( 178): 80001018 ffffffff ffffffff ffffffff ffffffff
I/DEBUG ( 178): 80001028 ffffffff ffffffff ffffffff ffffffff
I/DEBUG ( 178): 80001038 ffffffff ffffffff ffffffff ffffffff
I/DEBUG ( 178): 80001048 ffffffff ffffffff ffffffff ffffffff
I/DEBUG ( 178): 80001058 ffffffff ffffffff ffffffff ffffffff
I/DEBUG ( 178): 80001068 ffffffff ffffffff ffffffff ffffffff
I/DEBUG ( 178): 80001078 ffffffff ffffffff ffffffff ffffffff
I/DEBUG ( 178): 80001088 ffffffff ffffffff ffffffff ffffffff
I/DEBUG ( 178): 80001098 ffffffff ffffffff ffffffff ffffffff
I/DEBUG ( 178): 800010a8 ffffffff ffffffff ffffffff ffffffff
I/DEBUG ( 178): 800010b8 ffffffff ffffffff ffffffff ffffffff
I/DEBUG ( 178): 800010c8 ffffffff ffffffff ffffffff ffffffff
I/DEBUG ( 178): 800010d8 ffffffff ffffffff ffffffff ffffffff
I/DEBUG ( 178): 800010e8 ffffffff ffffffff ffffffff ffffffff
I/DEBUG ( 178):
I/DEBUG ( 178): memory near r5:
I/DEBUG ( 178): 80000ff8 ffffffff ffffffff ffffffff ffffffff
I/DEBUG ( 178): 80001008 ffffffff ffffffff ffffffff ffffffff
I/DEBUG ( 178): 80001018 ffffffff ffffffff ffffffff ffffffff
I/DEBUG ( 178): 80001028 ffffffff ffffffff ffffffff ffffffff
I/DEBUG ( 178): 80001038 ffffffff ffffffff ffffffff ffffffff
I/DEBUG ( 178): 80001048 ffffffff ffffffff ffffffff ffffffff
I/DEBUG ( 178): 80001058 ffffffff ffffffff ffffffff ffffffff
I/DEBUG ( 178): 80001068 ffffffff ffffffff ffffffff ffffffff
I/DEBUG ( 178): 80001078 ffffffff ffffffff ffffffff ffffffff
I/DEBUG ( 178): 80001088 ffffffff ffffffff ffffffff ffffffff
I/DEBUG ( 178): 80001098 ffffffff ffffffff ffffffff ffffffff
I/DEBUG ( 178): 800010a8 ffffffff ffffffff ffffffff ffffffff
I/DEBUG ( 178): 800010b8 ffffffff ffffffff ffffffff ffffffff
I/DEBUG ( 178): 800010c8 ffffffff ffffffff ffffffff ffffffff
I/DEBUG ( 178): 800010d8 ffffffff ffffffff ffffffff ffffffff
I/DEBUG ( 178): 800010e8 ffffffff ffffffff ffffffff ffffffff
I/DEBUG ( 178):
I/DEBUG ( 178): memory near r6:
I/DEBUG ( 178): b7b6a388 00000000 00000001 74696d65 00000000
I/DEBUG ( 178): b7b6a398 00000000 00000000 756e7265 00000043
I/DEBUG ( 178): b7b6a3a8 00000001 b7b45390 00000008 b7b5b6bc
I/DEBUG ( 178): b7b6a3b8 b7b88ad0 00000000 00000000 00000000
I/DEBUG ( 178): b7b6a3c8 b658ea08 b7ba3768 00000012 00000000
I/DEBUG ( 178): b7b6a3d8 00000008 00000000 00000040 00000083
I/DEBUG ( 178): b7b6a3e8 b6d33cf0 b7b6abc0 5f626672 00000060
I/DEBUG ( 178): b7b6a3f8 00000000 00000000 00000000 00000000
I/DEBUG ( 178): b7b6a408 b6d2f7bd b6d2f7b3 00000780 00000438
I/DEBUG ( 178): b7b6a418 00000780 7fa30c03 40002100 00720050
I/DEBUG ( 178): b7b6a428 0064006f b7b6ab78 00720065 00000000
I/DEBUG ( 178): b7b6a438 00000006 00000780 00000438 7fa30c03
I/DEBUG ( 178): b7b6a448 40002100 00000000 00000000 b7b4c088
I/DEBUG ( 178): b7b6a458 00000000 b7b6aad8 00000080 00000083
I/DEBUG ( 178): b7b6a468 b6d33cf0 b7b6a4e8 5f626672 00000060
I/DEBUG ( 178): b7b6a478 00000000 00000000 00000000 00000000
I/DEBUG ( 178):
I/DEBUG ( 178): memory near sl:
I/DEBUG ( 178): b5571bdc b6e08055 b7b49d70 00007206 00000000
I/DEBUG ( 178): b5571bec b6e04885 b7b49da0 b5571c14 b7b49ef4
I/DEBUG ( 178): b5571bfc b6e075f5 b5571cd4 b6e95384 b5571c74
I/DEBUG ( 178): b5571c0c b6e044c5 b6e12df0 b5571cd4 b5571c34
I/DEBUG ( 178): b5571c1c b5571cd4 b5571c4c b6e00895 b6e130e0
I/DEBUG ( 178): b5571c2c b6e092ab b7bf0d20 00000000 b6e95384
I/DEBUG ( 178): b5571c3c b7bf0d28 b63d8068 b5571ca4 00000005
I/DEBUG ( 178): b5571c4c b7b49da0 b63d8028 b6e04237 b63d8068
I/DEBUG ( 178): b5571c5c b5571ca4 b6e0421d b6e07341 00000000
I/DEBUG ( 178): b5571c6c b7b49d40 00000001 b5571ca4 00000010
I/DEBUG ( 178): b5571c7c b6e073bd b7b49d40 b6e04779 00000010
I/DEBUG ( 178): b5571c8c b6e0421d b7b49d40 00000000 b7bf0ba8
I/DEBUG ( 178): b5571c9c b7bf0c28 b7b81754 00000000 b63d8028
I/DEBUG ( 178): b5571cac 00000040 00000040 00000040 b63d8068
I/DEBUG ( 178): b5571cbc 00000000 00000000 00000000 00010001
I/DEBUG ( 178): b5571ccc b6e0421d b7b49d40 00000000 b7bf0d28
I/DEBUG ( 178):
I/DEBUG ( 178): memory near fp:
I/DEBUG ( 178): b6e932cc 00000000 00000000 00000000 00000000
I/DEBUG ( 178): b6e932dc 00000000 00000000 ffffffff 00000000
I/DEBUG ( 178): b6e932ec 00000000 00000001 00003fff 00000000
I/DEBUG ( 178): b6e932fc 00000000 00000000 00000000 00000000
I/DEBUG ( 178): b6e9330c 00000000 00000000 00000000 00000000
I/DEBUG ( 178): b6e9331c 00000000 00000000 b6e59a4d b6e59a49
I/DEBUG ( 178): b6e9332c b6e5a3fb b6e5a535 00000000 b6e043ed
I/DEBUG ( 178): b6e9333c b58c0858 00000000 00000000 00000000
I/DEBUG ( 178): b6e9334c 00000000 00000000 00000000 00000000
I/DEBUG ( 178): b6e9335c 00000000 00000000 00000000 00000000
I/DEBUG ( 178): b6e9336c 00000000 00000000 00000000 00000000
I/DEBUG ( 178): b6e9337c 00000000 00000000 00000000 00000000
I/DEBUG ( 178): b6e9338c 00000000 00000000 00000000 00000000
I/DEBUG ( 178): b6e9339c 00000000 00000000 00000000 00000000
I/DEBUG ( 178): b6e933ac 00000000 00000000 00000000 00000000
I/DEBUG ( 178): b6e933bc 00000000 00000000 00000000 00000000
I/DEBUG ( 178):
I/DEBUG ( 178): memory near sp:
I/DEBUG ( 178): b5471a50 00000001 b59522e9 b7b6a920 b1bf8afc
I/DEBUG ( 178): b5471a60 00000001 b7b5b6bc 80001018 b7b5b6b8
I/DEBUG ( 178): b5471a70 00000001 b6584f67 b7b6a3a8 b7b6a3a8
I/DEBUG ( 178): b5471a80 b1bf8afc b7b6a920 b6583637 b7ba27c0
I/DEBUG ( 178): b5471a90 b7ba2828 b6887e37 b7b69fe8 00000001
I/DEBUG ( 178): b5471aa0 b7b6a008 b6e58257 b7be89d8 b7b6a008
I/DEBUG ( 178): b5471ab0 b7b69fec b7be89e0 b7b6a008 b6e58257
I/DEBUG ( 178): b5471ac0 00000011 00000010 00000000 b7ba2828
I/DEBUG ( 178): b5471ad0 00000001 b7ba27c0 00000001 b6887fa1
I/DEBUG ( 178): b5471ae0 00000003 b7ba27c0 00000000 00000008
I/DEBUG ( 178): b5471af0 b7ba2878 b7ba2874 b5374000 b6889e4d
I/DEBUG ( 178): b5471b00 b5374000 b5571bfc b6e932ec b6e826c4
I/DEBUG ( 178): b5471b10 00000000 00000000 00000000 b7b8b0a8
I/DEBUG ( 178): b5471b20 b7ba27c0 b5471b44 b7ba27c0 b5471b44
I/DEBUG ( 178): b5471b30 b7b80c58 00000000 b5471cd4 b6889fe5
I/DEBUG ( 178): b5471b40 b7ba27c0 b7ba2874 b7b80c58 b7b80cec
I/DEBUG ( 178):
I/DEBUG ( 178): code around pc:
I/DEBUG ( 178): b6584d4c e8bdb00b bf0083f0 00004749 00004552
I/DEBUG ( 178): b6584d5c 000045f2 00004502 00004711 1d01b510
I/DEBUG ( 178): b6584d6c 46046843 681ab12b 0c0cf852 f7fc1818
I/DEBUG ( 178): b6584d7c 6820ea4a 4621b110 ea44f7fc bd104620
I/DEBUG ( 178): b6584d8c 4617b5f7 9001461c fe38f7fc 68a6683d
I/DEBUG ( 178): b6584d9c b11d69a4 46214628 ea7cf7fc b1106820
I/DEBUG ( 178): b6584dac f7fc4621 6025ea30 60332301 6c416838
I/DEBUG ( 178): b6584dbc 6071a801 fe1bf7fc bdfe2000 ad02b573
I/DEBUG ( 178): b6584dcc 4606460c 0d04f845 fe18f7fc 61232300
I/DEBUG ( 178): b6584ddc 46216163 68f06423 47906c42 fd38f7ff
I/DEBUG ( 178): b6584dec 46284604 fe03f7fc bd7c4620 41f3e92d
I/DEBUG ( 178): b6584dfc 4615460e 4607461c f7fc9001 9b08fdff
I/DEBUG ( 178): b6584e0c 613469b1 e9dd6433 6175230a 230ee9c6
I/DEBUG ( 178): b6584e1c b1587b08 68b46848 ecd6f7fc eb046973
I/DEBUG ( 178): b6584e2c 69320805 464018c1 eb12f7fc 463168f8
I/DEBUG ( 178): b6584e3c 47906c02 fd0cf7ff a8014604 fdd7f7fc
I/DEBUG ( 178):
I/DEBUG ( 178): code around lr:
I/DEBUG ( 178): b6584f44 462afd61 46394630 ffccf7ff 462a68f0
I/DEBUG ( 178): b6584f54 69ac4639 47986bc3 b12c4605 f7ff4620
I/DEBUG ( 178): b6584f64 4620ff01 e928f7fc f7ff4628 4604fc75
I/DEBUG ( 178): b6584f74 f7fca801 4620fd40 b5f8bdfe 6a874605
I/DEBUG ( 178): b6584f84 f1072400 3e015600 1b32e00b 46286a6b
I/DEBUG ( 178): b6584f94 eb033401 f8530ec2 f8de1032 f7ff2004
I/DEBUG ( 178): b6584fa4 42bcffc9 bdf8d1f1 3110b510 f7fc4604
I/DEBUG ( 178): b6584fb4 4620ffcc 0000bd10 4604b5f8 2100460d
I/DEBUG ( 178): b6584fc4 f7fc4617 6065e97e 46392500 60e560a5
I/DEBUG ( 178): b6584fd4 0010f104 ffb9f7fc 75254629 0018f104
I/DEBUG ( 178): b6584fe4 e96ef7fc 61e54e07 0020f104 462a2108
I/DEBUG ( 178): b6584ff4 e948f7fc 447e4b04 300858f0 46206220
I/DEBUG ( 178): b6585004 bf00bdf8 00009daa ffffffec 4604b510
I/DEBUG ( 178): b6585014 b93b68c3 681ae010 0c0cf852 f7fc1818
I/DEBUG ( 178): b6585024 e01ae8f6 4910480f 44784a10 44794b10
I/DEBUG ( 178): b6585034 447b447a e902f7fc 0020f100 fc3cf7ff
I/BootReceiver( 587): Copying /data/tombstones/tombstone_04 to DropBox (SYSTEM_TOMBSTONE)
I/ServiceManager( 174): service 'media.audio_policy' died
I/ServiceManager( 174): service 'media.audio_flinger' died
W/AudioSystem( 2265): AudioPolicyService server died!
I/ServiceManager( 174): service 'media.player' died
I/ServiceManager( 174): service 'media.camera' died
W/AudioSystem( 2265): AudioFlinger server died!
W/IMediaDeathNotifier( 2265): media server died
W/AudioSystem( 587): AudioPolicyService server died!
W/AudioSystem( 587): AudioFlinger server died!
W/IMediaDeathNotifier( 2053): media server died
E/MediaPlayer( 2053): error (100, 0)
E/MediaPlayer( 2053): error (100, 0)
E/MediaPlayer( 2053): error (100, 0)
E/MediaPlayer( 2053): Error (100,0)
E/MediaPlayer( 2053): Error (100,0)
E/MediaPlayer( 2053): Error (100,0)
E/AudioService( 587): Media server died.
I/ServiceManager( 2053): Waiting for service media.player...
I/mediaserver( 2349): ServiceManager: 0xb7629460
I/AudioFlinger( 2349): Using default 3000 mSec as standby time.
I/CameraService( 2349): CameraService started (pid=2349)
I/CameraService( 2349): Loaded "QCamera Module" camera module
I/AudioPolicyManagerBase( 2349): loadAudioPolicyConfig() loaded /system/etc/audio_policy.conf
D/audio_hw_primary( 2349): adev_open: enter
D/ACDB-LOADER( 2349): ACDB -> ACDB_CMD_INITIALIZE
E/ ( 2349): [ACDB RTC]->rtc init done!->result [0]
D/Diag_Lib( 2349): actp_diag_init: call diag init function with B60B3209
E/Diag_Lib( 2349): Diag_LSM_Init: Failed to open handle to diag driver, error = 13
E/Diag_Lib( 2349): actp_diag_init: diag init failed
E/ ( 2349): [ACDB ACPH]->actp diag init done!
D/ACDB-LOADER( 2349): No existing ION info in ACDB driver
D/ACDB-LOADER( 2349): ACDB -> ION_IOC_ALLOC
D/ACDB-LOADER( 2349): ACDB -> ION_IOC_SHARE
D/ACDB-LOADER( 2349): ACDB -> MMAP ADDR
D/ACDB-LOADER( 2349): ACDB -> register MEM to ACDB driver: 0xb5eb9000
D/ACDB-LOADER( 2349): ACDB -> send_asm_topology
D/ACDB-LOADER( 2349): ACDB -> ACDB_CMD_GET_AUDPROC_STREAM_TOPOLOGY_ID
D/ACDB-LOADER( 2349): send mbhc data
D/ACDB-LOADER( 2349): send tabla anc data
D/ACDB-LOADER( 2349): ACDB -> ACDB_CMD_GET_ANC_SETTING
D/ACDB-LOADER( 2349): done with conversion, anc config size is 148
D/ACDB-LOADER( 2349): ACDB -> ACDB_CMD_GET_ANC_SETTING
D/ACDB-LOADER( 2349): done with conversion, anc config size is 148
D/ACDB-LOADER( 2349): ACDB -> ACDB_CMD_GET_ANC_SETTING
D/ACDB-LOADER( 2349): done with conversion, anc config size is 148
D/ACDB-LOADER( 2349): ACDB -> ACDB_CMD_GET_ANC_SETTING
D/ACDB-LOADER( 2349): done with conversion, anc config size is 148
D/ACDB-LOADER( 2349): ACDB -> ACDB_CMD_GET_ANC_SETTING
D/ACDB-LOADER( 2349): done with conversion, anc config size is 74
D/ACDB-LOADER( 2349): ACDB -> ACDB_CMD_GET_ANC_SETTING
D/ACDB-LOADER( 2349): done with conversion, anc config size is 74
D/ACDB-LOADER( 2349): ACDB -> init done!
I/AudioFlinger( 2349): loadHwModule() Loaded primary audio interface from QCOM Audio HAL (audio) handle 1
I/AudioFlinger( 2349): HAL output buffer size 240 frames, normal mix buffer size 960 frames
I/AudioMixer( 2349): found effect "Downmixer" from Fraunhofer IIS
E/MonoPipe( 2349): Failed to fetch local time frequency when constructing a MonoPipe (res = -32). getNextWriteTimestamp calls will be non-functional
I/AudioFlinger( 2349): Using module 1 has the primary audio interface
I/AudioFlinger( 2349): AudioFlinger's thread 0xb5e78008 ready to run
D/audio_hw_primary( 2349): out_set_parameters: enter: usecase(1: low-latency-playback) kvpairs: routing=2
I/AudioFlinger( 2349): HAL output buffer size 960 frames, normal mix buffer size 960 frames
I/AudioMixer( 2349): found effect "Downmixer" from Fraunhofer IIS
I/AudioFlinger( 2349): AudioFlinger's thread 0xb5bef008 ready to run
D/audio_hw_primary( 2349): out_set_parameters: enter: usecase(0: deep-buffer-playback) kvpairs: routing=2
I/audio_a2dp_hw( 2349): adev_open: adev_open in A2dp_hw module
I/AudioFlinger( 2349): loadHwModule() Loaded a2dp audio interface from A2DP Audio HW HAL (audio) handle 4
I/AudioFlinger( 2349): loadHwModule() Loaded usb audio interface from USB audio HW HAL (audio) handle 5
I/r_submix( 2349): adev_open(name=audio_hw_if)
I/r_submix( 2349): adev_init_check()
I/AudioFlinger( 2349): loadHwModule() Loaded r_submix audio interface from Wifi Display audio HAL (audio) handle 6
I/AudioPolicyService( 2349): Loaded audio policy from LEGACY Audio Policy HAL (audio_policy)
E/AudioService( 587): Media server started.
W/AudioPolicyManagerBase( 2349): setPhoneState() setting same state 0
E/OMXMaster( 2349): A component of name 'OMX.qcom.audio.decoder.aac' already exists, ignoring this one.
I/SampleTable( 2349): There are reordered frames present.
I/SampleTable( 2349): There are reordered frames present.
E/OMX-VDEC-1080P( 2349):
E/OMX-VDEC-1080P( 2349): No color conversion required
E/OMX-VDEC-1080P( 2349):
E/OMX-VDEC-1080P( 2349): No color conversion required
E/OMX-VDEC-1080P( 2349):
E/OMX-VDEC-1080P( 2349): No color conversion required
E/OMX-VDEC-1080P( 2349):
E/OMX-VDEC-1080P( 2349): No color conversion required
E/OMX-VDEC-1080P( 2349):
E/OMX-VDEC-1080P( 2349): No color conversion required
E/OMX-VDEC-1080P( 2349):
E/OMX-VDEC-1080P( 2349): No color conversion required
I/OMXCodec( 2349): [OMX.qcom.video.decoder.mpeg4] video dimensions are 1920 x 1080
I/OMXCodec( 2349): [OMX.qcom.video.decoder.mpeg4] Crop rect is 1920 x 1080 @ (0, 0)
E/OMX-VDEC-1080P( 2349):
E/OMX-VDEC-1080P( 2349): No color conversion required
E/OMX-VDEC-1080P( 2349):
E/OMX-VDEC-1080P( 2349): No color conversion required
E/OMX-VDEC-1080P( 2349):
E/OMX-VDEC-1080P( 2349): No color conversion required
E/OMX-VDEC-1080P( 2349):
E/OMX-VDEC-1080P( 2349): No color conversion required
E/OMX-VDEC-1080P( 2349):
E/OMX-VDEC-1080P( 2349): No color conversion required
E/OMX-VDEC-1080P( 2349):
E/OMX-VDEC-1080P( 2349): No color conversion required
I/OMXCodec( 2349): [OMX.qcom.video.decoder.avc] AVC profile = 100 (High), level = 50
E/OMX-VDEC-1080P( 2349):
E/OMX-VDEC-1080P( 2349): No color conversion required
E/OMX-VDEC-1080P( 2349):
E/OMX-VDEC-1080P( 2349): No color conversion required
E/OMX-VDEC-1080P( 2349):
E/OMX-VDEC-1080P( 2349): No color conversion required
E/OMX-VDEC-1080P( 2349):
E/OMX-VDEC-1080P( 2349): No color conversion required
E/OMX-VDEC-1080P( 2349):
E/OMX-VDEC-1080P( 2349): No color conversion required
E/OMX-VDEC-1080P( 2349):
E/OMX-VDEC-1080P( 2349): No color conversion required