E/StrictMode( 3538): at android.app.LoadedApk$ServiceDispatcher.(LoadedApk.java:969)
E/StrictMode( 3538): at android.app.LoadedApk.getServiceDispatcher(LoadedApk.java:863)
E/StrictMode( 3538): at android.app.ContextImpl.bindService(ContextImpl.java:1418)
E/StrictMode( 3538): at android.app.ContextImpl.bindService(ContextImpl.java:1407)
E/StrictMode( 3538): at android.content.ContextWrapper.bindService(ContextWrapper.java:473)
E/StrictMode( 3538): at com.android.emailcommon.service.ServiceProxy.setTask(ServiceProxy.java:157)
E/StrictMode( 3538): at com.android.emailcommon.service.ServiceProxy.setTask(ServiceProxy.java:145)
E/StrictMode( 3538): at com.android.emailcommon.service.AccountServiceProxy.getDeviceId(AccountServiceProxy.java:116)
E/StrictMode( 3538): at com.android.exchange.ExchangeService.getDeviceId(ExchangeService.java:1249)
E/StrictMode( 3538): at com.android.exchange.ExchangeService$7.run(ExchangeService.java:1856)
E/StrictMode( 3538): at com.android.emailcommon.utility.Utility$2.doInBackground(Utility.java:551)
E/StrictMode( 3538): at com.android.emailcommon.utility.Utility$2.doInBackground(Utility.java:549)
E/StrictMode( 3538): at android.os.AsyncTask$2.call(AsyncTask.java:287)
E/StrictMode( 3538): at java.util.concurrent.FutureTask.run(FutureTask.java:234)
E/StrictMode( 3538): at java.util.concurrent.ThreadPoolExecutor.runWorker(ThreadPoolExecutor.java:1080)
E/StrictMode( 3538): at java.util.concurrent.ThreadPoolExecutor$Worker.run(ThreadPoolExecutor.java:573)
E/StrictMode( 3538): at java.lang.Thread.run(Thread.java:856)
E/StrictMode( 3538): null
E/StrictMode( 3538): android.app.ServiceConnectionLeaked: Service com.android.exchange.ExchangeService has leaked ServiceConnection com.android.emailcommon.service.ServiceProxy$ProxyConnection@41591360 that was originally bound here
E/StrictMode( 3538): at android.app.LoadedApk$ServiceDispatcher.(LoadedApk.java:969)
E/StrictMode( 3538): at android.app.LoadedApk.getServiceDispatcher(LoadedApk.java:863)
E/StrictMode( 3538): at android.app.ContextImpl.bindService(ContextImpl.java:1418)
E/StrictMode( 3538): at android.app.ContextImpl.bindService(ContextImpl.java:1407)
E/StrictMode( 3538): at android.content.ContextWrapper.bindService(ContextWrapper.java:473)
E/StrictMode( 3538): at com.android.emailcommon.service.ServiceProxy.setTask(ServiceProxy.java:157)
E/StrictMode( 3538): at com.android.emailcommon.service.ServiceProxy.setTask(ServiceProxy.java:145)
E/StrictMode( 3538): at com.android.emailcommon.service.ServiceProxy.test(ServiceProxy.java:191)
E/StrictMode( 3538): at com.android.exchange.ExchangeService$7.run(ExchangeService.java:1850)
E/StrictMode( 3538): at com.android.emailcommon.utility.Utility$2.doInBackground(Utility.java:551)
E/StrictMode( 3538): at com.android.emailcommon.utility.Utility$2.doInBackground(Utility.java:549)
E/StrictMode( 3538): at android.os.AsyncTask$2.call(AsyncTask.java:287)
E/StrictMode( 3538): at java.util.concurrent.FutureTask.run(FutureTask.java:234)
E/StrictMode( 3538): at java.util.concurrent.ThreadPoolExecutor.runWorker(ThreadPoolExecutor.java:1080)
E/StrictMode( 3538): at java.util.concurrent.ThreadPoolExecutor$Worker.run(ThreadPoolExecutor.java:573)
E/StrictMode( 3538): at java.lang.Thread.run(Thread.java:856)
W/ActivityManager( 2066): Unable to start service Intent { act=com.android.email.ACCOUNT_INTENT } U=0: not found
W/ActivityManager( 2066): Unbind failed: could not find connection for android.os.BinderProxy@416f4808
E/ActivityThread( 3538): Service com.android.exchange.ExchangeService has leaked ServiceConnection com.android.emailcommon.service.ServiceProxy$ProxyConnection@41591360 that was originally bound here
E/ActivityThread( 3538): android.app.ServiceConnectionLeaked: Service com.android.exchange.ExchangeService has leaked ServiceConnection com.android.emailcommon.service.ServiceProxy$ProxyConnection@41591360 that was originally bound here
E/ActivityThread( 3538): at android.app.LoadedApk$ServiceDispatcher.(LoadedApk.java:969)
E/ActivityThread( 3538): at android.app.LoadedApk.getServiceDispatcher(LoadedApk.java:863)
E/ActivityThread( 3538): at android.app.ContextImpl.bindService(ContextImpl.java:1418)
E/ActivityThread( 3538): at android.app.ContextImpl.bindService(ContextImpl.java:1407)
E/ActivityThread( 3538): at android.content.ContextWrapper.bindService(ContextWrapper.java:473)
E/ActivityThread( 3538): at com.android.emailcommon.service.ServiceProxy.setTask(ServiceProxy.java:157)
E/ActivityThread( 3538): at com.android.emailcommon.service.ServiceProxy.setTask(ServiceProxy.java:145)
E/ActivityThread( 3538): at com.android.emailcommon.service.ServiceProxy.test(ServiceProxy.java:191)
E/ActivityThread( 3538): at com.android.exchange.ExchangeService$7.run(ExchangeService.java:1850)
E/ActivityThread( 3538): at com.android.emailcommon.utility.Utility$2.doInBackground(Utility.java:551)
E/ActivityThread( 3538): at com.android.emailcommon.utility.Utility$2.doInBackground(Utility.java:549)
E/ActivityThread( 3538): at android.os.AsyncTask$2.call(AsyncTask.java:287)
E/ActivityThread( 3538): at java.util.concurrent.FutureTask.run(FutureTask.java:234)
E/ActivityThread( 3538): at java.util.concurrent.ThreadPoolExecutor.runWorker(ThreadPoolExecutor.java:1080)
E/ActivityThread( 3538): at java.util.concurrent.ThreadPoolExecutor$Worker.run(ThreadPoolExecutor.java:573)
E/ActivityThread( 3538): at java.lang.Thread.run(Thread.java:856)
W/ActivityManager( 2066): Unbind failed: could not find connection for android.os.BinderProxy@41733948
D/dalvikvm( 2066): GC_FOR_ALLOC freed 389K, 7% free 7175K/7672K, paused 55ms, total 55ms
D/dalvikvm( 2066): GC_FOR_ALLOC freed 284K, 10% free 7265K/7996K, paused 53ms, total 53ms
D/dalvikvm( 2066): GC_FOR_ALLOC freed 242K, 10% free 7330K/8064K, paused 54ms, total 54ms
D/dalvikvm( 2066): GC_CONCURRENT freed 367K, 6% free 7687K/8132K, paused 3ms+4ms, total 64ms
D/dalvikvm( 2066): WAIT_FOR_CONCURRENT_GC blocked 54ms
D/dalvikvm( 2066): GC_CONCURRENT freed 736K, 9% free 7861K/8628K, paused 3ms+4ms, total 67ms
D/dalvikvm( 2066): WAIT_FOR_CONCURRENT_GC blocked 49ms
D/dalvikvm( 2066): GC_CONCURRENT freed 912K, 11% free 7876K/8844K, paused 3ms+5ms, total 67ms
D/dalvikvm( 2066): WAIT_FOR_CONCURRENT_GC blocked 57ms
D/dalvikvm( 2066): GC_CONCURRENT freed 943K, 11% free 7892K/8868K, paused 4ms+5ms, total 70ms
D/dalvikvm( 2066): WAIT_FOR_CONCURRENT_GC blocked 58ms
D/dalvikvm( 2066): GC_CONCURRENT freed 949K, 12% free 7884K/8892K, paused 3ms+5ms, total 67ms
D/dalvikvm( 2066): WAIT_FOR_CONCURRENT_GC blocked 57ms
I/dalvikvm( 2066): Jit: resizing JitTable from 4096 to 8192
D/dalvikvm( 2066): GC_CONCURRENT freed 952K, 12% free 7894K/8892K, paused 2ms+5ms, total 67ms
D/dalvikvm( 2066): WAIT_FOR_CONCURRENT_GC blocked 56ms
D/dalvikvm( 2066): GC_CONCURRENT freed 953K, 12% free 7899K/8892K, paused 3ms+6ms, total 71ms
D/dalvikvm( 2066): WAIT_FOR_CONCURRENT_GC blocked 60ms
I/PackageManager( 2066): Running dexopt on: org.qtproject.example.QtDemo
D/dalvikvm( 3838): DexOpt: load 41ms, verify+opt 106ms, 515316 bytes
I/ActivityManager( 2066): Force stopping package org.qtproject.example.QtDemo appid=10049 user=-1
D/dalvikvm( 2066): GC_CONCURRENT freed 831K, 11% free 7939K/8864K, paused 4ms+13ms, total 70ms
D/PackageManager( 2066): New package installed in /data/app/org.qtproject.example.QtDemo-1.apk
I/InputReader( 2066): Reconfiguring input devices. changes=0x00000010
W/AccountTypeManager( 3295): No authenticator found for type=com.android.exchange, ignoring it.
I/ActivityManager( 2066): Start proc com.metago.astro:remote for broadcast com.metago.astro/.receiver.PackageAddedReceiver: pid=3839 uid=10045 gids={50045, 3003, 1015, 1028}
I/AccountTypeManager( 3295): Loaded meta-data for 0 account types, 0 accounts in 34ms(wall) 1ms(cpu)
I/dalvikvm( 3839): Turning on JNI app bug workarounds for target SDK version 11...
W/ResourceType( 2066): Failure getting entry for 0x7f060000 (t=5 e=0) in package 0 (error -75)
W/ResourceType( 2066): Failure getting entry for 0x7f060000 (t=5 e=0) in package 0 (error -75)
W/InputMethodManagerService( 2066): Found no subtypes in a system IME: com.android.inputmethod.pinyin
I/ActivityManager( 2066): Start proc com.svox.pico for broadcast com.svox.pico/.VoiceDataInstallerReceiver: pid=3856 uid=10029 gids={50029, 1015, 1028}
W/RecognitionManagerService( 2066): no available voice recognition services found for user 0
W/dalvikvm( 2066): threadid=17: spin on suspend #1 threadid=54 (pcf=0)
W/dalvikvm( 2066): threadid=17: spin on suspend #2 threadid=54 (pcf=0)
I/dalvikvm( 2066): "PackageManager" prio=5 tid=17 RUNNABLE
I/dalvikvm( 2066): | group="main" sCount=0 dsCount=0 obj=0x4160adb8 self=0x5d9e14e8
I/dalvikvm( 2066): | sysTid=2127 nice=10 sched=0/0 cgrp=apps/bg_non_interactive handle=1566513128
I/dalvikvm( 2066): | state=R schedstat=( 0 0 0 ) utm=213 stm=29 core=0
I/dalvikvm( 2066): at java.lang.Runtime.gc(Native Method)
I/dalvikvm( 2066): at com.android.server.pm.PackageManagerService$PackageHandler.doHandleMessage(PackageManagerService.java:773)
I/dalvikvm( 2066): at com.android.server.pm.PackageManagerService$PackageHandler.handleMessage(PackageManagerService.java:509)
I/dalvikvm( 2066): at android.os.Handler.dispatchMessage(Handler.java:99)
I/dalvikvm( 2066): at android.os.Looper.loop(Looper.java:137)
I/dalvikvm( 2066): at android.os.HandlerThread.run(HandlerThread.java:60)
I/dalvikvm( 2066):
I/dalvikvm( 2066): "Binder_4" prio=5 tid=54 RUNNABLE
I/dalvikvm( 2066): | group="main" sCount=1 dsCount=0 obj=0x4158c3c0 self=0x5b2e0c60
I/dalvikvm( 2066): | sysTid=2740 nice=0 sched=0/0 cgrp=apps handle=1529744416
I/dalvikvm( 2066): | state=D schedstat=( 0 0 0 ) utm=13 stm=3 core=0
I/dalvikvm( 2066): at dalvik.system.DexFile.isDexOptNeeded(Native Method)
I/dalvikvm( 2066): at com.android.server.pm.PackageManagerService.performDexOptLI(PackageManagerService.java:3518)
I/dalvikvm( 2066): at com.android.server.pm.PackageManagerService.performDexOpt(PackageManagerService.java:3503)
I/dalvikvm( 2066): at com.android.server.am.ActivityManagerService.ensurePackageDexOpt(ActivityManagerService.java:1927)
I/dalvikvm( 2066): at com.android.server.am.ActivityManagerService.generateApplicationProvidersLocked(ActivityManagerService.java:6248)
I/dalvikvm( 2066): at com.android.server.am.ActivityManagerService.attachApplicationLocked(ActivityManagerService.java:4157)
I/dalvikvm( 2066): at com.android.server.am.ActivityManagerService.attachApplication(ActivityManagerService.java:4316)
I/dalvikvm( 2066): at android.app.ActivityManagerNative.onTransact(ActivityManagerNative.java:386)
I/dalvikvm( 2066): at com.android.server.am.ActivityManagerService.onTransact(ActivityManagerService.java:1674)
I/dalvikvm( 2066): at android.os.Binder.execTransact(Binder.java:351)
I/dalvikvm( 2066): at dalvik.system.NativeStart.run(Native Method)
I/dalvikvm( 2066):
W/dalvikvm( 2066): threadid=17: spin on suspend resolved in 3284 msec
D/dalvikvm( 2066): GC_EXPLICIT freed 1503K, 21% free 7052K/8864K, paused 5ms+3296ms, total 3522ms
D/AndroidRuntime( 3818): Shutting down VM
D/dalvikvm( 3818): GC_CONCURRENT freed 91K, 17% free 460K/552K, paused 1ms+0ms, total 5ms
E/com.kii.cloud.applog.a( 3775): failed to get setting
D/AndroidRuntime( 3886):
D/AndroidRuntime( 3886): >>>>>> AndroidRuntime START com.android.internal.os.RuntimeInit <<<<<<
D/AndroidRuntime( 3886): CheckJNI is ON
D/dalvikvm( 3886): Trying to load lib libjavacore.so 0x0
D/dalvikvm( 3886): Added shared lib libjavacore.so 0x0
D/dalvikvm( 3886): Trying to load lib libnativehelper.so 0x0
D/dalvikvm( 3886): Added shared lib libnativehelper.so 0x0
W/SocketClient( 1324): write error (Broken pipe)
D/AndroidRuntime( 3886): Calling main entry com.android.commands.am.Am
D/dalvikvm( 3886): Note: class Landroid/app/ActivityManagerNative; has 157 unimplemented (abstract) methods
D/AndroidRuntime( 3886): Shutting down VM
I/ActivityManager( 2066): Force stopping package org.qtproject.example.QtDemo appid=10049 user=0
D/dalvikvm( 3886): GC_CONCURRENT freed 89K, 17% free 456K/548K, paused 1ms+0ms, total 5ms
D/AndroidRuntime( 3902):
D/AndroidRuntime( 3902): >>>>>> AndroidRuntime START com.android.internal.os.RuntimeInit <<<<<<
D/AndroidRuntime( 3902): CheckJNI is ON
D/dalvikvm( 3902): Trying to load lib libjavacore.so 0x0
D/dalvikvm( 3902): Added shared lib libjavacore.so 0x0
D/dalvikvm( 3902): Trying to load lib libnativehelper.so 0x0
D/dalvikvm( 3902): Added shared lib libnativehelper.so 0x0
D/AndroidRuntime( 3902): Calling main entry com.android.commands.am.Am
D/dalvikvm( 3902): Note: class Landroid/app/ActivityManagerNative; has 157 unimplemented (abstract) methods
I/ActivityManager( 2066): START u0 {flg=0x10000000 cmp=org.qtproject.example.QtDemo/org.qtproject.qt5.android.bindings.QtActivity (has extras)} from pid 3902
D/PermissionCache( 1327): checking android.permission.READ_FRAME_BUFFER for uid=1000 => granted (223 us)
D/dalvikvm( 2066): GC_FOR_ALLOC freed 131K, 21% free 7039K/8864K, paused 54ms, total 54ms
I/dalvikvm-heap( 2066): Grow heap (frag case) to 7.019MB for 124216-byte allocation
D/dalvikvm( 2066): GC_FOR_ALLOC freed 14K, 21% free 7146K/8988K, paused 53ms, total 53ms
D/AndroidRuntime( 3902): Shutting down VM
D/dalvikvm( 3902): GC_CONCURRENT freed 93K, 17% free 493K/588K, paused 1ms+1ms, total 5ms
D/dalvikvm( 3912): Not late-enabling CheckJNI (already on)
I/ActivityManager( 2066): Start proc org.qtproject.example.QtDemo for activity org.qtproject.example.QtDemo/org.qtproject.qt5.android.bindings.QtActivity: pid=3912 uid=10049 gids={50049, 3003, 1015, 1028}
D/dalvikvm( 3912): GC_CONCURRENT freed 246K, 7% free 4201K/4472K, paused 2ms+2ms, total 24ms
D/dalvikvm( 3912): GC_CONCURRENT freed 390K, 10% free 4211K/4628K, paused 2ms+3ms, total 22ms
D/dalvikvm( 3912): Trying to load lib /data/data/org.qtproject.example.QtDemo/lib/libgnustl_shared.so 0x415996f0
D/dalvikvm( 3912): Added shared lib /data/data/org.qtproject.example.QtDemo/lib/libgnustl_shared.so 0x415996f0
D/dalvikvm( 3912): No JNI_OnLoad found in /data/data/org.qtproject.example.QtDemo/lib/libgnustl_shared.so 0x415996f0, skipping init
D/dalvikvm( 3912): Trying to load lib /data/data/org.qtproject.example.QtDemo/lib/libgnustl_shared.so 0x415996f0
D/dalvikvm( 3912): Shared lib '/data/data/org.qtproject.example.QtDemo/lib/libgnustl_shared.so' already loaded in same CL 0x415996f0
D/dalvikvm( 3912): Trying to load lib /data/data/org.qtproject.example.QtDemo/lib/libQt5Core.so 0x415996f0
D/dalvikvm( 3912): Added shared lib /data/data/org.qtproject.example.QtDemo/lib/libQt5Core.so 0x415996f0
D/dalvikvm( 3912): Trying to load lib /data/data/org.qtproject.example.QtDemo/lib/libQt5Network.so 0x415996f0
D/dalvikvm( 3912): Added shared lib /data/data/org.qtproject.example.QtDemo/lib/libQt5Network.so 0x415996f0
D/dalvikvm( 3912): No JNI_OnLoad found in /data/data/org.qtproject.example.QtDemo/lib/libQt5Network.so 0x415996f0, skipping init
D/dalvikvm( 3912): Trying to load lib /data/data/org.qtproject.example.QtDemo/lib/libQt5Qml.so 0x415996f0
D/dalvikvm( 3912): Added shared lib /data/data/org.qtproject.example.QtDemo/lib/libQt5Qml.so 0x415996f0
D/dalvikvm( 3912): No JNI_OnLoad found in /data/data/org.qtproject.example.QtDemo/lib/libQt5Qml.so 0x415996f0, skipping init
D/dalvikvm( 3912): Trying to load lib /data/data/org.qtproject.example.QtDemo/lib/libQt5Gui.so 0x415996f0
D/dalvikvm( 3912): Added shared lib /data/data/org.qtproject.example.QtDemo/lib/libQt5Gui.so 0x415996f0
D/dalvikvm( 3912): No JNI_OnLoad found in /data/data/org.qtproject.example.QtDemo/lib/libQt5Gui.so 0x415996f0, skipping init
D/dalvikvm( 3912): Trying to load lib /data/data/org.qtproject.example.QtDemo/lib/libQt5Quick.so 0x415996f0
D/dalvikvm( 3912): Added shared lib /data/data/org.qtproject.example.QtDemo/lib/libQt5Quick.so 0x415996f0
D/dalvikvm( 3912): No JNI_OnLoad found in /data/data/org.qtproject.example.QtDemo/lib/libQt5Quick.so 0x415996f0, skipping init
D/dalvikvm( 3912): Trying to load lib /data/data/org.qtproject.example.QtDemo/lib/libQt5QuickParticles.so 0x415996f0
D/dalvikvm( 3912): Added shared lib /data/data/org.qtproject.example.QtDemo/lib/libQt5QuickParticles.so 0x415996f0
D/dalvikvm( 3912): No JNI_OnLoad found in /data/data/org.qtproject.example.QtDemo/lib/libQt5QuickParticles.so 0x415996f0, skipping init
D/dalvikvm( 3912): Trying to load lib /data/data/org.qtproject.example.QtDemo/plugins/platforms/android/libqtforandroidGL.so 0x415996f0
D/dalvikvm( 3912): Added shared lib /data/data/org.qtproject.example.QtDemo/plugins/platforms/android/libqtforandroidGL.so 0x415996f0
I/Qt ( 3912): qt start
W/dalvikvm( 3912): dvmFindClassByName rejecting 'org/qtproject/qt5/android/QtMessageDialogHelper'
D/dalvikvm( 3912): Trying to load lib /data/data/org.qtproject.example.QtDemo/lib/libQt5QuickParticles.so 0x415996f0
D/dalvikvm( 3912): Shared lib '/data/data/org.qtproject.example.QtDemo/lib/libQt5QuickParticles.so' already loaded in same CL 0x415996f0
D/dalvikvm( 3912): Trying to load lib /data/app-lib/org.qtproject.example.QtDemo-1/libQtDemo.so 0x415996f0
D/Qt ( 3912): qml\qqmlengine.cpp:1451 (QQmlDebuggingEnabler::QQmlDebuggingEnabler(bool)): QML debugging is enabled. Only use this in a safe environment.
D/dalvikvm( 3912): Added shared lib /data/app-lib/org.qtproject.example.QtDemo-1/libQtDemo.so 0x415996f0
D/dalvikvm( 3912): No JNI_OnLoad found in /data/app-lib/org.qtproject.example.QtDemo-1/libQtDemo.so 0x415996f0, skipping init
W/Qt ( 3912): kernel\qcoreapplication.cpp:416 (QCoreApplicationPrivate::QCoreApplicationPrivate(int&, char**, uint)): WARNING: QApplication was not created in the main() thread.
W/dalvikvm( 3912): dvmFindClassByName rejecting 'org/qtproject/qt5/android/QtNativeInputConnection'
W/dalvikvm( 3912): dvmFindClassByName rejecting 'org/qtproject/qt5/android/QtExtractedText'
D/libEGL ( 3912): loaded /vendor/lib/egl/libEGL_POWERVR_SGX544_115.so
D/libEGL ( 3912): loaded /vendor/lib/egl/libGLESv1_CM_POWERVR_SGX544_115.so
D/libEGL ( 3912): loaded /vendor/lib/egl/libGLESv2_POWERVR_SGX544_115.so
W/IInputConnectionWrapper( 3049): showStatusIcon on inactive InputConnection
I/ActivityManager( 2066): Displayed org.qtproject.example.QtDemo/org.qtproject.qt5.android.bindings.QtActivity: +2s726ms
W/Qt ( 3912): opengl\qopenglshaderprogram.cpp:319 (bool QOpenGLShaderPrivate::compile(QOpenGLShader*)): QOpenGLShader::compile(Vertex): Compile failed.
W/Qt ( 3912):
W/Qt ( 3912): opengl\qopenglshaderprogram.cpp:325 (bool QOpenGLShaderPrivate::compile(QOpenGLShader*)): *** Problematic Vertex shader source code ***
W/Qt ( 3912): opengl\qopenglshaderprogram.cpp:326 (bool QOpenGLShaderPrivate::compile(QOpenGLShader*)): uniform highp vec2 pixelSize;
W/Qt ( 3912): uniform highp mat4 qt_Matrix;
W/Qt ( 3912): uniform lowp float opacity;
W/Qt ( 3912):
W/Qt ( 3912): attribute highp vec4 vertex;
W/Qt ( 3912): attribute highp vec2 multiTexCoord;
W/Qt ( 3912): attribute highp vec2 vertexOffset;
W/Qt ( 3912): attribute highp vec2 texCoordOffset;
W/Qt ( 3912):
W/Qt ( 3912): varying highp vec2 texCoord;
W/Qt ( 3912): varying lowp float vertexOpacity;
W/Qt ( 3912):
W/Qt ( 3912): void main()
W/Qt ( 3912): {
W/Qt ( 3912): highp vec4 pos = qt_Matrix * vertex;
W/Qt ( 3912): gl_Position = pos;
W/Qt ( 3912): texCoord = multiTexCoord;
W/Qt ( 3912):
W/Qt ( 3912): if (vertexOffset.x != 0.) {
W/Qt ( 3912): highp vec4 delta = qt_Matrix[0] * vertexOffset.x;
W/Qt ( 3912): highp vec2 dir = delta.xy * pos.w - pos.xy * delta.w;
W/Qt ( 3912): highp vec2 ndir = .5 * pixelSize * normalize(dir / pixelSize);
W/Qt ( 3912): dir -= ndir * delta.w * pos.w;
W/Qt ( 3912): highp float numerator = dot(dir, ndir * pos.w * pos.w);
W/Qt ( 3912): highp float scale = 0.0;
W/Qt ( 3912): if (numerator < 0.0)
W/Qt ( 3912): scale = 1.0;
W/Qt ( 3912): else
W/Qt ( 3912): scale = min(1.0, numerator / dot(dir, dir));
W/Qt ( 3912): gl_Position += scale * delta;
W/Qt ( 3912): texC
W/Qt ( 3912): opengl\qopenglshaderprogram.cpp:327 (bool QOpenGLShaderPrivate::compile(QOpenGLShader*)): ***
W/Qt ( 3912): opengl\qopenglshaderprogram.cpp:915 (virtual bool QOpenGLShaderProgram::link()): QOpenGLShader::link: "Link Error: Vertex shader is missing.
W/Qt ( 3912): "
W/Qt ( 3912): scenegraph\coreapi\qsgmaterial.cpp:375 (virtual void QSGMaterialShader::compile()): QSGMaterialShader: Shader compilation failed:
W/Qt ( 3912): scenegraph\coreapi\qsgmaterial.cpp:376 (virtual void QSGMaterialShader::compile()): "Link Error: Vertex shader is missing.
W/Qt ( 3912): "
W/Qt ( 3912): opengl\qopenglshaderprogram.cpp:1750 (int QOpenGLShaderProgram::uniformLocation(const char*) const): QOpenGLShaderProgram::uniformLocation( pixelSize ): shader program is not linked
W/Qt ( 3912): opengl\qopenglshaderprogram.cpp:1750 (int QOpenGLShaderProgram::uniformLocation(const char*) const): QOpenGLShaderProgram::uniformLocation( qt_Matrix ): shader program is not linked
W/Qt ( 3912): opengl\qopenglshaderprogram.cpp:1750 (int QOpenGLShaderProgram::uniformLocation(const char*) const): QOpenGLShaderProgram::uniformLocation( opacity ): shader program is not linked
W/Qt ( 3912): opengl\qopenglshaderprogram.cpp:915 (virtual bool QOpenGLShaderProgram::link()): QOpenGLShader::link: "Link Error: Vertex shader is missing.
W/Qt ( 3912): "
W/Qt ( 3912): opengl\qopenglshaderprogram.cpp:915 (virtual bool QOpenGLShaderProgram::link()): QOpenGLShader::link: "Link Error: Vertex shader is missing.
W/Qt ( 3912): "
W/Qt ( 3912): opengl\qopenglshaderprogram.cpp:319 (bool QOpenGLShaderPrivate::compile(QOpenGLShader*)): QOpenGLShader::compile(Vertex): Compile failed.
W/Qt ( 3912):
W/Qt ( 3912): opengl\qopenglshaderprogram.cpp:325 (bool QOpenGLShaderPrivate::compile(QOpenGLShader*)): *** Problematic Vertex shader source code ***
W/Qt ( 3912): opengl\qopenglshaderprogram.cpp:326 (bool QOpenGLShaderPrivate::compile(QOpenGLShader*)): uniform highp vec2 pixelSize;
W/Qt ( 3912): uniform highp mat4 qt_Matrix;
W/Qt ( 3912): uniform lowp float opacity;
W/Qt ( 3912):
W/Qt ( 3912): attribute highp vec4 vertex;
W/Qt ( 3912): attribute highp vec2 multiTexCoord;
W/Qt ( 3912): attribute highp vec2 vertexOffset;
W/Qt ( 3912): attribute highp vec2 texCoordOffset;
W/Qt ( 3912):
W/Qt ( 3912): varying highp vec2 texCoord;
W/Qt ( 3912): varying lowp float vertexOpacity;
W/Qt ( 3912):
W/Qt ( 3912): attribute highp float _qt_order;
W/Qt ( 3912): uniform highp float _qt_zRange;
W/Qt ( 3912): void main()
W/Qt ( 3912): {
W/Qt ( 3912): highp vec4 pos = qt_Matrix * vertex;
W/Qt ( 3912): gl_Position = pos;
W/Qt ( 3912): texCoord = multiTexCoord;
W/Qt ( 3912):
W/Qt ( 3912): if (vertexOffset.x != 0.) {
W/Qt ( 3912): highp vec4 delta = qt_Matrix[0] * vertexOffset.x;
W/Qt ( 3912): highp vec2 dir = delta.xy * pos.w - pos.xy * delta.w;
W/Qt ( 3912): highp vec2 ndir = .5 * pixelSize * normalize(dir / pixelSize);
W/Qt ( 3912): dir -= ndir * delta.w * pos.w;
W/Qt ( 3912): highp float numerator = dot(dir, ndir * pos.w * pos.w);
W/Qt ( 3912): highp float scale = 0.0;
W/Qt ( 3912): if (numerator < 0.0)
W/Qt ( 3912): scale = 1.0;
W/Qt ( 3912): else
W/Qt ( 3912): scale = min(1.0, numerator / d
W/Qt ( 3912): opengl\qopenglshaderprogram.cpp:327 (bool QOpenGLShaderPrivate::compile(QOpenGLShader*)): ***
W/Qt ( 3912): opengl\qopenglshaderprogram.cpp:915 (virtual bool QOpenGLShaderProgram::link()): QOpenGLShader::link: "Link Error: Vertex shader is missing.
W/Qt ( 3912): "
D/Qt ( 3912): scenegraph\coreapi\qsgbatchrenderer.cpp:155 (QSGBatchRenderer::ShaderManager::Shader* QSGBatchRenderer::ShaderManager::prepareMaterial(QSGMaterial*)): Renderer failed shader compilation:
D/Qt ( 3912): "Link Error: Vertex shader is missing.
D/Qt ( 3912): "
F/libc ( 3912): Fatal signal 11 (SIGSEGV) at 0x00000008 (code=1), thread 3970 (.example.QtDemo)
I/DEBUG ( 1325): *** *** *** *** *** *** *** *** *** *** *** *** *** *** *** ***
I/DEBUG ( 1325): Build fingerprint: 'Android/full_koelsch/koelsch:4.2.2/JDQ39/eng.anhhoang.20140213.150857:eng/test-keys'
I/DEBUG ( 1325): Revision: '0'
I/DEBUG ( 1325): pid: 3912, tid: 3970, name: .example.QtDemo >>> org.qtproject.example.QtDemo <<<
I/DEBUG ( 1325): signal 11 (SIGSEGV), code 1 (SEGV_MAPERR), fault addr 00000008
I/DEBUG ( 1325): r0 00000000 r1 00000000 r2 00000001 r3 5cc84498
I/DEBUG ( 1325): r4 5cc74228 r5 00000000 r6 5caf61c0 r7 5caf6224
I/DEBUG ( 1325): r8 5cc4cb88 r9 5cc4cc88 sl 5edcf7e8 fp 00000000
I/DEBUG ( 1325): ip 00000000 sp 5edcf598 lr 40259f15 pc 5ebbd278 cpsr 20000030
I/DEBUG ( 1325): d0 6564616873206465 d1 6c69706d6f632072
I/DEBUG ( 1325): d2 0a203a6e6f697461 d3 7245206b6e694c22
I/DEBUG ( 1325): d4 726556203a726f72 d5 6461687320786574
I/DEBUG ( 1325): d6 696d207369207265 d7 220a2e676e697373
I/DEBUG ( 1325): d8 3ff0000000000000 d9 3ff0000000000000
I/DEBUG ( 1325): d10 3ff0000000000000 d11 0000000000000000
I/DEBUG ( 1325): d12 0000000000000000 d13 0000000000000000
I/DEBUG ( 1325): d14 0000000000000000 d15 0000000000000000
I/DEBUG ( 1325): d16 0000000000000000 d17 3ff0000000000000
I/DEBUG ( 1325): d18 3fdffffffddaaf00 d19 3fe0000000000000
I/DEBUG ( 1325): d20 3fe000000112a880 d21 3e66376972bea4d0
I/DEBUG ( 1325): d22 3f4de16b9c24a98f d23 3fb0f4a31edab38b
I/DEBUG ( 1325): d24 3fede16b9c24a98f d25 3fe55559ee5e69f9
I/DEBUG ( 1325): d26 0000000000000000 d27 0000000000000000
I/DEBUG ( 1325): d28 0000000000000005 d29 0000000000000000
I/DEBUG ( 1325): d30 0000000000000000 d31 0000000000000000
I/DEBUG ( 1325): scr 60000091
I/DEBUG ( 1325):
I/DEBUG ( 1325): backtrace:
I/DEBUG ( 1325): #00 pc 000be278 /data/app-lib/org.qtproject.example.QtDemo-1/libQt5Quick.so (QSGBatchRenderer::Renderer::renderMergedBatch(QSGBatchRenderer::Batch const*)+699)
I/DEBUG ( 1325): #01 pc 000beafb /data/app-lib/org.qtproject.example.QtDemo-1/libQt5Quick.so (QSGBatchRenderer::Renderer::renderBatches()+614)
I/DEBUG ( 1325): #02 pc 000bf389 /data/app-lib/org.qtproject.example.QtDemo-1/libQt5Quick.so (QSGBatchRenderer::Renderer::render()+2056)
I/DEBUG ( 1325): #03 pc 000c1e87 /data/app-lib/org.qtproject.example.QtDemo-1/libQt5Quick.so (QSGRenderer::renderScene(QSGBindable const&)+114)
I/DEBUG ( 1325): #04 pc 000c200f /data/app-lib/org.qtproject.example.QtDemo-1/libQt5Quick.so (QSGRenderer::renderScene()+14)
I/DEBUG ( 1325): #05 pc 000c92f5 /data/app-lib/org.qtproject.example.QtDemo-1/libQt5Quick.so (QSGRenderContext::renderNextFrame(QSGRenderer*, unsigned int)+76)
I/DEBUG ( 1325): #06 pc 000e4ac3 /data/app-lib/org.qtproject.example.QtDemo-1/libQt5Quick.so (QQuickWindowPrivate::renderSceneGraph(QSize const&)+318)
I/DEBUG ( 1325): #07 pc 000d51ff /data/app-lib/org.qtproject.example.QtDemo-1/libQt5Quick.so
I/DEBUG ( 1325): #08 pc 000d555b /data/app-lib/org.qtproject.example.QtDemo-1/libQt5Quick.so
I/DEBUG ( 1325): #09 pc 0012ab11 /data/app-lib/org.qtproject.example.QtDemo-1/libQt5Core.so (QCoreApplicationPrivate::notify_helper(QObject*, QEvent*)+40)
I/DEBUG ( 1325): #10 pc 0012ab5b /data/app-lib/org.qtproject.example.QtDemo-1/libQt5Core.so (QCoreApplication::notify(QObject*, QEvent*)+70)
I/DEBUG ( 1325): #11 pc 0012a941 /data/app-lib/org.qtproject.example.QtDemo-1/libQt5Core.so (QCoreApplication::notifyInternal(QObject*, QEvent*)+60)
I/DEBUG ( 1325):
I/DEBUG ( 1325): stack:
I/DEBUG ( 1325): 5edcf558 5cedaf68
I/DEBUG ( 1325): 5edcf55c 00000001
I/DEBUG ( 1325): 5edcf560 0000009b
I/DEBUG ( 1325): 5edcf564 5ec8412e /data/app-lib/org.qtproject.example.QtDemo-1/libQt5Quick.so
I/DEBUG ( 1325): 5edcf568 5ec8bdbc /data/app-lib/org.qtproject.example.QtDemo-1/libQt5Quick.so
I/DEBUG ( 1325): 5edcf56c 5ec836f2 /data/app-lib/org.qtproject.example.QtDemo-1/libQt5Quick.so
I/DEBUG ( 1325): 5edcf570 00000000
I/DEBUG ( 1325): 5edcf574 5cc74228
I/DEBUG ( 1325): 5edcf578 00000000
I/DEBUG ( 1325): 5edcf57c 5caf61c0
I/DEBUG ( 1325): 5edcf580 5caf6224
I/DEBUG ( 1325): 5edcf584 5cc4cb88
I/DEBUG ( 1325): 5edcf588 5cc4cc88
I/DEBUG ( 1325): 5edcf58c 5edcf7e8 [stack:3970]
I/DEBUG ( 1325): 5edcf590 df0027ad
I/DEBUG ( 1325): 5edcf594 00000000
I/DEBUG ( 1325): #00 5edcf598 00000000
I/DEBUG ( 1325): 5edcf59c 00000140
I/DEBUG ( 1325): 5edcf5a0 3f800000
I/DEBUG ( 1325): 5edcf5a4 00000003
I/DEBUG ( 1325): 5edcf5a8 3a888889
I/DEBUG ( 1325): 5edcf5ac 00000008
I/DEBUG ( 1325): 5edcf5b0 5ecbe250 /data/app-lib/org.qtproject.example.QtDemo-1/libQt5Quick.so
I/DEBUG ( 1325): 5edcf5b4 5ec8bca8 /data/app-lib/org.qtproject.example.QtDemo-1/libQt5Quick.so
I/DEBUG ( 1325): 5edcf5b8 00000000
I/DEBUG ( 1325): 5edcf5bc bb02292f
I/DEBUG ( 1325): 5edcf5c0 00000000
I/DEBUG ( 1325): 5edcf5c4 5cc4cd78
I/DEBUG ( 1325): 5edcf5c8 00000000
I/DEBUG ( 1325): 5edcf5cc 00000000
I/DEBUG ( 1325): 5edcf5d0 3f800000
I/DEBUG ( 1325): 5edcf5d4 00000000
I/DEBUG ( 1325): ........ ........
I/DEBUG ( 1325): #01 5edcf660 5cc6ac28
I/DEBUG ( 1325): 5edcf664 00000001
I/DEBUG ( 1325): 5edcf668 ffffffff
I/DEBUG ( 1325): 5edcf66c ffffffff
I/DEBUG ( 1325): 5edcf670 5caf0000 /dev/pvrsrvkm
I/DEBUG ( 1325): 5edcf674 00000001
I/DEBUG ( 1325): 5edcf678 ffffffff
I/DEBUG ( 1325): 5edcf67c ffffffff
I/DEBUG ( 1325): 5edcf680 5ebb0000 /data/app-lib/org.qtproject.example.QtDemo-1/libQt5Quick.so
I/DEBUG ( 1325): 5edcf684 00000001
I/DEBUG ( 1325): 5edcf688 ffffffff
I/DEBUG ( 1325): 5edcf68c ffffffff
I/DEBUG ( 1325): 5edcf690 5cc80000
I/DEBUG ( 1325): 5edcf694 00000001
I/DEBUG ( 1325): 5edcf698 ffffffff
I/DEBUG ( 1325): 5edcf69c ffffffff
I/DEBUG ( 1325): ........ ........
I/DEBUG ( 1325): #02 5edcf6d8 5e71f860 /data/app-lib/org.qtproject.example.QtDemo-1/libQt5Core.so
I/DEBUG ( 1325): 5edcf6dc 5eafe840 /data/app-lib/org.qtproject.example.QtDemo-1/libQt5Gui.so
I/DEBUG ( 1325): 5edcf6e0 5ca27064
I/DEBUG ( 1325): 5edcf6e4 5ca79008
I/DEBUG ( 1325): 5edcf6e8 5ca798f8
I/DEBUG ( 1325): 5edcf6ec 00000000
I/DEBUG ( 1325): 5edcf6f0 5ca79008
I/DEBUG ( 1325): 5edcf6f4 5ca798f8
I/DEBUG ( 1325): 5edcf6f8 00000000
I/DEBUG ( 1325): 5edcf6fc 5c47019c /system/vendor/lib/egl/libGLESv2_POWERVR_SGX544_115.so
I/DEBUG ( 1325): 5edcf700 5ca79008
I/DEBUG ( 1325): 5edcf704 5ca289f0
I/DEBUG ( 1325): 5edcf708 5b491d8c
I/DEBUG ( 1325): 5edcf70c 5cef9f18
I/DEBUG ( 1325): 5edcf710 5d9ef5f8
I/DEBUG ( 1325): 5edcf714 00000000
I/DEBUG ( 1325): ........ ........
I/DEBUG ( 1325):
I/DEBUG ( 1325): memory near r3:
I/DEBUG ( 1325): 5cc84478 00000000 00000000 000000a8 00000013
I/DEBUG ( 1325): 5cc84488 00000000 43676172 726f6c6f 0000001b
I/DEBUG ( 1325): 5cc84498 00000002 00000002 5cd18ea0 3f800000
I/DEBUG ( 1325): 5cc844a8 00006572 0000001b 5cd09168 1964c02d
I/DEBUG ( 1325): 5cc844b8 5eccf572 5cc84498 40297c7c 0000003b
I/DEBUG ( 1325): 5cc844c8 00000001 0000001e 0000001f 00000010
I/DEBUG ( 1325): 5cc844d8 4f5f4c47 725f5345 69757165 5f646572
I/DEBUG ( 1325): 5cc844e8 65746e69 6c616e72 6d726f66 00007461
I/DEBUG ( 1325): 5cc844f8 00000000 00000033 00000001 00000014
I/DEBUG ( 1325): 5cc84508 00000015 00000010 4f5f4c47 645f5345
I/DEBUG ( 1325): 5cc84518 68747065 7865745f 65727574 40297c00
I/DEBUG ( 1325): 5cc84528 00000030 000004fb 5cc84308 00000000
I/DEBUG ( 1325): 5cc84538 00000000 00000000 00000000 00000001
I/DEBUG ( 1325): 5cc84548 00000001 00000001 00000001 00000003
I/DEBUG ( 1325): 5cc84558 00000000 00020001 80018001 00000000
I/DEBUG ( 1325): 5cc84568 00000000 00000000 00000000 00000000
I/DEBUG ( 1325):
I/DEBUG ( 1325): memory near r4:
I/DEBUG ( 1325): 5cc74208 00000000 0000001b 00000000 00000140
I/DEBUG ( 1325): 5cc74218 00000190 0000001e 5cc74218 0000003b
I/DEBUG ( 1325): 5cc74228 5cc4cd78 5caf8120 00000000 00000008
I/DEBUG ( 1325): 5cc74238 00000010 00000004 001de85c 00000140
I/DEBUG ( 1325): 5cc74248 5cc71ab8 00000001 00000001 5cc74260
I/DEBUG ( 1325): 5cc74258 00000000 0000001b 00000000 00000100
I/DEBUG ( 1325): 5cc74268 00000120 00000010 3e39332e 0000003b
I/DEBUG ( 1325): 5cc74278 5cc517b8 5cc50280 00000000 00000024
I/DEBUG ( 1325): 5cc74288 00000036 1e110004 001ef9cd 0000033c
I/DEBUG ( 1325): 5cc74298 5cc894e8 00000001 00000001 5cc742b0
I/DEBUG ( 1325): 5cc742a8 00000000 0000001b 00000000 00000240
I/DEBUG ( 1325): 5cc742b8 000002d0 00000036 00102131 0000003b
I/DEBUG ( 1325): 5cc742c8 5cc4d220 5caf8120 00000000 00000008
I/DEBUG ( 1325): 5cc742d8 00000010 6d777e84 00200b3e 00000140
I/DEBUG ( 1325): 5cc742e8 5cc85370 00000001 00000001 5cc74300
I/DEBUG ( 1325): 5cc742f8 a29d9688 0000001b 00000000 00000100
I/DEBUG ( 1325):
I/DEBUG ( 1325): memory near r6:
I/DEBUG ( 1325): 5caf61a0 3f800000 00000000 00000000 00000000
I/DEBUG ( 1325): 5caf61b0 00000000 3f800000 00000000 00000213
I/DEBUG ( 1325): 5caf61c0 5ecc0308 5ae2b558 5b247360 00000001
I/DEBUG ( 1325): 5caf61d0 ffffffff ffffffff 706e0000 00000007
I/DEBUG ( 1325): 5caf61e0 3a888889 00000000 00000000 00000000
I/DEBUG ( 1325): 5caf61f0 00000000 bb02292f 00000000 00000000
I/DEBUG ( 1325): 5caf6200 00000000 00000000 3f800000 00000000
I/DEBUG ( 1325): 5caf6210 bf800000 3f800000 00000000 3f800000
I/DEBUG ( 1325): 5caf6220 00000003 3e702290 00000000 00000000
I/DEBUG ( 1325): 5caf6230 00000000 00000000 3e702290 00000000
I/DEBUG ( 1325): 5caf6240 00000000 00000000 00000000 3f800000
I/DEBUG ( 1325): 5caf6250 00000000 44700000 43fbc000 00000000
I/DEBUG ( 1325): 5caf6260 3f800000 00000003 00000000 3ff00000
I/DEBUG ( 1325): 5caf6270 55522000 3fac281a 00000000 3ff00000
I/DEBUG ( 1325): 5caf6280 00000000 00000000 0000077f 000003ee
I/DEBUG ( 1325): 5caf6290 00000000 5d9f0460 5cad2d58 5caf6d20
I/DEBUG ( 1325):
I/DEBUG ( 1325): memory near r7:
I/DEBUG ( 1325): 5caf6204 00000000 3f800000 00000000 bf800000
I/DEBUG ( 1325): 5caf6214 3f800000 00000000 3f800000 00000003
I/DEBUG ( 1325): 5caf6224 3e702290 00000000 00000000 00000000
I/DEBUG ( 1325): 5caf6234 00000000 3e702290 00000000 00000000
I/DEBUG ( 1325): 5caf6244 00000000 00000000 3f800000 00000000
I/DEBUG ( 1325): 5caf6254 44700000 43fbc000 00000000 3f800000
I/DEBUG ( 1325): 5caf6264 00000003 00000000 3ff00000 55522000
I/DEBUG ( 1325): 5caf6274 3fac281a 00000000 3ff00000 00000000
I/DEBUG ( 1325): 5caf6284 00000000 0000077f 000003ee 00000000
I/DEBUG ( 1325): 5caf6294 5d9f0460 5cad2d58 5caf6d20 00000000
I/DEBUG ( 1325): 5caf62a4 00000000 0000077f 000003ee 00000000
I/DEBUG ( 1325): 5caf62b4 00000000 0000077f 000003ee 5cb7faa8
I/DEBUG ( 1325): 5caf62c4 3a888889 00000000 00000000 00000000
I/DEBUG ( 1325): 5caf62d4 00000000 bb02292f 00000000 00000000
I/DEBUG ( 1325): 5caf62e4 00000000 00000000 3f800000 00000000
I/DEBUG ( 1325): 5caf62f4 bf800000 3f800000 00000000 3f800000
I/DEBUG ( 1325):
I/DEBUG ( 1325): memory near r8:
I/DEBUG ( 1325): 5cc4cb68 00000000 00000001 5cc4cb28 00000000
I/DEBUG ( 1325): 5cc4cb78 00000000 401b0000 aaaaaaab 00000193
I/DEBUG ( 1325): 5cc4cb88 5ecc1220 5cc4caf8 00000001 00000000
I/DEBUG ( 1325): 5cc4cb98 00000000 00000000 00000000 00000001
I/DEBUG ( 1325): 5cc4cba8 00010001 00000000 00000000 5cc91c20
I/DEBUG ( 1325): 5cc4cbb8 00000003 00000000 5cc4c870 5caf7730
I/DEBUG ( 1325): 5cc4cbc8 00000000 5cc4cc88 00000000 00000000
I/DEBUG ( 1325): 5cc4cbd8 00000000 3ff00000 00000000 00000000
I/DEBUG ( 1325): 5cc4cbe8 00000000 00000000 33333334 40971333
I/DEBUG ( 1325): 5cc4cbf8 33333334 40871333 00000000 00000000
I/DEBUG ( 1325): 5cc4cc08 00000000 00000000 33333334 40971333
I/DEBUG ( 1325): 5cc4cc18 33333334 40871333 00000000 00000000
I/DEBUG ( 1325): 5cc4cc28 00000000 00000000 00000000 3ff00000
I/DEBUG ( 1325): 5cc4cc38 00000000 3ff00000 00000000 00000000
I/DEBUG ( 1325): 5cc4cc48 00000000 00000000 00000000 3ff00000
I/DEBUG ( 1325): 5cc4cc58 00000000 3ff00000 5ecc0890 00000001
I/DEBUG ( 1325):
I/DEBUG ( 1325): memory near r9:
I/DEBUG ( 1325): 5cc4cc68 00000000 5cb76590 00000036 5ecc08b0
I/DEBUG ( 1325): 5cc4cc78 00000001 00000000 5cb76590 40327836
I/DEBUG ( 1325): 5cc4cc88 5ecc1200 00000007 00000003 5cb76590
I/DEBUG ( 1325): 5cc4cc98 55555576 4033d551 5ecc0360 00000005
I/DEBUG ( 1325): 5cc4cca8 00000004 00000000 00001403 5eccf048
I/DEBUG ( 1325): 5cc4ccb8 5cc4ccc8 ffffffff 00000000 00000000
I/DEBUG ( 1325): 5cc4ccc8 00000000 00000000 00000000 00000000
I/DEBUG ( 1325): 5cc4ccd8 00000000 4438999a 00000000 3f800000
I/DEBUG ( 1325): 5cc4cce8 44b8999a 00000000 3f800000 00000000
I/DEBUG ( 1325): 5cc4ccf8 44b8999a 4438999a 3f800000 3f800000
I/DEBUG ( 1325): 5cc4cd08 3f800000 00000000 00000000 00000023
I/DEBUG ( 1325): 5cc4cd18 5cc4cb88 5cc4cb28 5cc4cd78 5e5b131c
I/DEBUG ( 1325): 5cc4cd28 00003000 402f12a8 55555555 0000001b
I/DEBUG ( 1325): 5cc4cd38 5caf74a0 1b6cfed7 5cc4cb88 5cc4cd18
I/DEBUG ( 1325): 5cc4cd48 00000000 0000002b 00000001 00000004
I/DEBUG ( 1325): 5cc4cd58 00000000 00000001 5cc4cd18 c01ca000
I/DEBUG ( 1325):
I/DEBUG ( 1325): memory near sl:
I/DEBUG ( 1325): 5edcf7c8 00000000 5caf61c0 00000000 3ff00000
I/DEBUG ( 1325): 5edcf7d8 00000000 5edcf7e4 5edcf800 5ebb7e00
I/DEBUG ( 1325): 5edcf7e8 00000000 00000000 00000000 00000000
I/DEBUG ( 1325): 5edcf7f8 0000077f 000003ee 00000000 00000000
I/DEBUG ( 1325): 5edcf808 00000000 00000000 00000000 409e0000
I/DEBUG ( 1325): 5edcf818 00000000 408f7800 5edcf844 5d9fb198
I/DEBUG ( 1325): 5edcf828 00000000 5d9f03e8 5c9bc26c 5edcf8a4
I/DEBUG ( 1325): 5edcf838 5e8f7380 00000001 00000000 5ebd4203
I/DEBUG ( 1325): 5edcf848 5edcf9a8 5edcf880 5edcf890 0000002b
I/DEBUG ( 1325): 5edcf858 5c3718a8 5c371ab8 5c371cc8 5e5541e3
I/DEBUG ( 1325): 5edcf868 00000000 00000000 5edcf898 5edcf900
I/DEBUG ( 1325): 5edcf878 5c3717c0 5edcfa70 00000000 5e5545cb
I/DEBUG ( 1325): 5edcf888 00000001 00000000 5d3d91c8 00000000
I/DEBUG ( 1325): 5edcf898 4c3928bd ffffffff ffffffff 00000780
I/DEBUG ( 1325): 5edcf8a8 000003ef 5e555327 00000001 00000064
I/DEBUG ( 1325): 5edcf8b8 00000000 5c9bc260 5d9f03e8 5ce1c028
I/DEBUG ( 1325):
I/DEBUG ( 1325): memory near sp:
I/DEBUG ( 1325): 5edcf578 00000000 5caf61c0 5caf6224 5cc4cb88
I/DEBUG ( 1325): 5edcf588 5cc4cc88 5edcf7e8 df0027ad 00000000
I/DEBUG ( 1325): 5edcf598 00000000 00000140 3f800000 00000003
I/DEBUG ( 1325): 5edcf5a8 3a888889 00000008 5ecbe250 5ec8bca8
I/DEBUG ( 1325): 5edcf5b8 00000000 bb02292f 00000000 5cc4cd78
I/DEBUG ( 1325): 5edcf5c8 00000000 00000000 3f800000 00000000
I/DEBUG ( 1325): 5edcf5d8 bf800000 3f800000 00000000 3f800000
I/DEBUG ( 1325): 5edcf5e8 00000003 00000001 5caf61c0 3a888889
I/DEBUG ( 1325): 5edcf5f8 00000000 00000000 00000000 00000000
I/DEBUG ( 1325): 5edcf608 bb02292f 00000000 00000000 00000000
I/DEBUG ( 1325): 5edcf618 00000000 3f800000 00000000 bf800000
I/DEBUG ( 1325): 5edcf628 3f800000 00000000 3f800000 00000003
I/DEBUG ( 1325): 5edcf638 3ff00000 5caf61c0 00000006 00000017
I/DEBUG ( 1325): 5edcf648 a0000000 00000000 5edcf8a4 5edcf7e8
I/DEBUG ( 1325): 5edcf658 5ebc10b9 5ebbdaff 5cc6ac28 00000001
I/DEBUG ( 1325): 5edcf668 ffffffff ffffffff 5caf0000 00000001
I/DEBUG ( 1325):
I/DEBUG ( 1325): code around pc:
I/DEBUG ( 1325): 5ebbd258 ecfcf7d0 464046ab fa66f002 f8d64681
I/DEBUG ( 1325): 5ebbd268 464901ec fb24f7fe 31f8f8d6 46054283
I/DEBUG ( 1325): 5ebbd278 d0046887 46394630 f7fb462a ed98fd82
I/DEBUG ( 1325): 5ebbd288 ed867b14 ed957b2a eeb76a03 46386ac6
I/DEBUG ( 1325): 5ebbd298 eeb4a915 eef16b47 bf1bfa10 7bc7eeb7
I/DEBUG ( 1325): 5ebbd2a8 23012303 7a03ed85 f8d2683a 464ac010
I/DEBUG ( 1325): 5ebbd2b8 96169315 31f0f8d6 f8c647e0 683b91f0
I/DEBUG ( 1325): 5ebbd2c8 f8d84638 2700a02c 4798695b 447b4b3d
I/DEBUG ( 1325): 5ebbd2d8 90069307 429f6aa3 6ae3da4a 46b42600
I/DEBUG ( 1325): 5ebbd2e8 1807eb03 59939a06 781bb35b f8dab33b
I/DEBUG ( 1325): 5ebbd2f8 f2411014 688b4e06 eb036849 f8d90986
I/DEBUG ( 1325): 5ebbd308 91002008 1000f8d8 91014461 0026f853
I/DEBUG ( 1325): 5ebbd318 030eebb2 1004f8d9 2301bf18 c014f8cd
I/DEBUG ( 1325): 5ebbd328 ed00f7d0 3008f8d9 f5a39907 f8d953a0
I/DEBUG ( 1325): 5ebbd338 f8dd2004 f851c014 fb033023 3604cc02
I/DEBUG ( 1325): 5ebbd348 9300e7d0 f8d82101 37012004 f2419201
I/DEBUG ( 1325):
I/DEBUG ( 1325): code around lr:
I/DEBUG ( 1325): 40259ef4 b5084903 68094479 4798680b bf00bd08
I/DEBUG ( 1325): 40259f04 0003b104 b5084903 68094479 4798684b
I/DEBUG ( 1325): 40259f14 bf00bd08 0003b0f0 b5084a03 6812447a
I/DEBUG ( 1325): 40259f24 47986893 bf00bd08 0003b0dc b5084a03
I/DEBUG ( 1325): 40259f34 6812447a 479868d3 bf00bd08 0003b0c8
I/DEBUG ( 1325): 40259f44 b5084a03 6812447a 47986913 bf00bd08
I/DEBUG ( 1325): 40259f54 0003b0b4 49094808 4478b508 f0014479
I/DEBUG ( 1325): 40259f64 b140ed2e 20064906 44794a06 e8bd447a
I/DEBUG ( 1325): 40259f74 f01d4008 bd08bd8d 0003c372 fffffb1d
I/DEBUG ( 1325): 40259f84 000313e8 000316c8 49094808 4478b508
I/DEBUG ( 1325): 40259f94 f0014479 b140ed14 20064906 44794a06
I/DEBUG ( 1325): 40259fa4 e8bd447a f01d4008 bd08bd73 0003db6e
I/DEBUG ( 1325): 40259fb4 fffff911 000313b4 000316c1 e92d4038
I/DEBUG ( 1325): 40259fc4 e1a04000 e1a05001 e1a00002 e1a01004
I/DEBUG ( 1325): 40259fd4 eb0029f2 e5952004 e5940004 e5951000
I/DEBUG ( 1325): 40259fe4 e0602002 e5943000 e3520000 e5842004
I/BootReceiver( 2066): Copying /data/tombstones/tombstone_08 to DropBox (SYSTEM_TOMBSTONE)
W/InputDispatcher( 2066): channel '417cc6a8 org.qtproject.example.QtDemo/org.qtproject.qt5.android.bindings.QtActivity (server)' ~ Consumer closed input channel or an error occurred. events=0x9
E/InputDispatcher( 2066): channel '417cc6a8 org.qtproject.example.QtDemo/org.qtproject.qt5.android.bindings.QtActivity (server)' ~ Channel is unrecoverably broken and will be disposed!
D/dalvikvm( 2066): GC_FOR_ALLOC freed 80K, 19% free 7294K/8988K, paused 57ms, total 57ms
I/dalvikvm-heap( 2066): Grow heap (frag case) to 7.337MB for 196624-byte allocation
D/Zygote ( 1328): Process 3912 terminated by signal (11)
D/dalvikvm( 2066): GC_FOR_ALLOC freed 5K, 19% free 7480K/9184K, paused 56ms, total 56ms
W/InputDispatcher( 2066): Attempted to unregister already unregistered input channel '417cc6a8 org.qtproject.example.QtDemo/org.qtproject.qt5.android.bindings.QtActivity (server)'
I/ActivityManager( 2066): Process org.qtproject.example.QtDemo (pid 3912) has died.
W/ActivityManager( 2066): Force removing ActivityRecord{417961a8 u0 org.qtproject.example.QtDemo/org.qtproject.qt5.android.bindings.QtActivity}: app died, no saved state
I/WindowState( 2066): WIN DEATH: Window{417cc6a8 u0 org.qtproject.example.QtDemo/org.qtproject.qt5.android.bindings.QtActivity}
W/WindowManager( 2066): Force-removing child win Window{4188bef0 u0 SurfaceView} from container Window{417cc6a8 u0 org.qtproject.example.QtDemo/org.qtproject.qt5.android.bindings.QtActivity}
D/dalvikvm( 2066): GC_FOR_ALLOC freed 81K, 20% free 7430K/9184K, paused 58ms, total 58ms
I/dalvikvm-heap( 2066): Grow heap (frag case) to 7.470MB for 196624-byte allocation
D/dalvikvm( 2066): GC_FOR_ALLOC freed <1K, 19% free 7621K/9380K, paused 54ms, total 54ms
D/dalvikvm( 2066): GC_FOR_ALLOC freed 4K, 19% free 7655K/9380K, paused 55ms, total 55ms
I/dalvikvm-heap( 2066): Grow heap (frag case) to 7.784MB for 294932-byte allocation
D/dalvikvm( 2066): GC_FOR_ALLOC freed 192K, 20% free 7750K/9672K, paused 57ms, total 57ms
D/dalvikvm( 2066): GC_FOR_ALLOC freed <1K, 20% free 7750K/9672K, paused 53ms, total 53ms
I/dalvikvm-heap( 2066): Grow heap (frag case) to 7.783MB for 196652-byte allocation
D/dalvikvm( 2066): GC_FOR_ALLOC freed <1K, 20% free 7942K/9868K, paused 54ms, total 54ms
D/dalvikvm( 2066): GC_FOR_ALLOC freed 584K, 26% free 7358K/9868K, paused 55ms, total 56ms
W/WindowManager( 2066): Failed looking up window
W/WindowManager( 2066): java.lang.IllegalArgumentException: Requested window android.os.BinderProxy@416e1e98 does not exist
W/WindowManager( 2066): at com.android.server.wm.WindowManagerService.windowForClientLocked(WindowManagerService.java:8102)
W/WindowManager( 2066): at com.android.server.wm.WindowManagerService.windowForClientLocked(WindowManagerService.java:8093)
W/WindowManager( 2066): at com.android.server.wm.WindowState$DeathRecipient.binderDied(WindowState.java:932)
W/WindowManager( 2066): at android.os.BinderProxy.sendDeathNotice(Binder.java:433)
W/WindowManager( 2066): at dalvik.system.NativeStart.run(Native Method)
I/WindowState( 2066): WIN DEATH: null
W/InputMethodManagerService( 2066): Got RemoteException sending setActive(false) notification to pid 3912 uid 10049
D/ExchangeService( 3538): Received deviceId from Email app: null
D/ExchangeService( 3538): !!! deviceId unknown; stopping self and retrying
E/com.kii.cloud.applog.a( 3775): failed to get setting
D/ExchangeService( 3538): !!! EAS ExchangeService, onCreate
D/ExchangeService( 3538): !!! EAS ExchangeService, onStartCommand, startingUp = false, running = false
D/ExchangeService( 3538): !!! EAS ExchangeService, onStartCommand, startingUp = true, running = false
D/ExchangeService( 3538): !!! Email application not found; stopping self
W/ActivityManager( 2066): Unable to start service Intent { act=com.android.email.ACCOUNT_INTENT } U=0: not found
E/StrictMode( 3538): null
E/StrictMode( 3538): android.app.ServiceConnectionLeaked: Service com.android.exchange.ExchangeService has leaked ServiceConnection com.android.emailcommon.service.ServiceProxy$ProxyConnection@415b1618 that was originally bound here
E/StrictMode( 3538): at android.app.LoadedApk$ServiceDispatcher.(LoadedApk.java:969)
E/StrictMode( 3538): at android.app.LoadedApk.getServiceDispatcher(LoadedApk.java:863)
E/StrictMode( 3538): at android.app.ContextImpl.bindService(ContextImpl.java:1418)
E/StrictMode( 3538): at android.app.ContextImpl.bindService(ContextImpl.java:1407)
E/StrictMode( 3538): at android.content.ContextWrapper.bindService(ContextWrapper.java:473)
E/StrictMode( 3538): at com.android.emailcommon.service.ServiceProxy.setTask(ServiceProxy.java:157)
E/StrictMode( 3538): at com.android.emailcommon.service.ServiceProxy.setTask(ServiceProxy.java:145)
E/StrictMode( 3538): at com.android.emailcommon.service.AccountServiceProxy.getDeviceId(AccountServiceProxy.java:116)
E/StrictMode( 3538): at com.android.exchange.ExchangeService.getDeviceId(ExchangeService.java:1249)
E/StrictMode( 3538): at com.android.exchange.ExchangeService$7.run(ExchangeService.java:1856)
E/StrictMode( 3538): at com.android.emailcommon.utility.Utility$2.doInBackground(Utility.java:551)
E/StrictMode( 3538): at com.android.emailcommon.utility.Utility$2.doInBackground(Utility.java:549)
E/StrictMode( 3538): at android.os.AsyncTask$2.call(AsyncTask.java:287)
E/StrictMode( 3538): at java.util.concurrent.FutureTask.run(FutureTask.java:234)
E/StrictMode( 3538): at java.util.concurrent.ThreadPoolExecutor.runWorker(ThreadPoolExecutor.java:1080)
E/StrictMode( 3538): at java.util.concurrent.ThreadPoolExecutor$Worker.run(ThreadPoolExecutor.java:573)
E/StrictMode( 3538): at java.lang.Thread.run(Thread.java:856)
E/ActivityThread( 3538): Service com.android.exchange.ExchangeService has leaked ServiceConnection com.android.emailcommon.service.ServiceProxy$ProxyConnection@415b1618 that was originally bound here
E/ActivityThread( 3538): android.app.ServiceConnectionLeaked: Service com.android.exchange.ExchangeService has leaked ServiceConnection com.android.emailcommon.service.ServiceProxy$ProxyConnection@415b1618 that was originally bound here
E/ActivityThread( 3538): at android.app.LoadedApk$ServiceDispatcher.(LoadedApk.java:969)
E/ActivityThread( 3538): at android.app.LoadedApk.getServiceDispatcher(LoadedApk.java:863)
E/ActivityThread( 3538): at android.app.ContextImpl.bindService(ContextImpl.java:1418)
E/ActivityThread( 3538): at android.app.ContextImpl.bindService(ContextImpl.java:1407)
E/ActivityThread( 3538): at android.content.ContextWrapper.bindService(ContextWrapper.java:473)
E/ActivityThread( 3538): at com.android.emailcommon.service.ServiceProxy.setTask(ServiceProxy.java:157)
E/ActivityThread( 3538): at com.android.emailcommon.service.ServiceProxy.setTask(ServiceProxy.java:145)
E/ActivityThread( 3538): at com.android.emailcommon.service.AccountServiceProxy.getDeviceId(AccountServiceProxy.java:116)
E/ActivityThread( 3538): at com.android.exchange.ExchangeService.getDeviceId(ExchangeService.java:1249)
E/ActivityThread( 3538): at com.android.exchange.ExchangeService$7.run(ExchangeService.java:1856)
E/ActivityThread( 3538): at com.android.emailcommon.utility.Utility$2.doInBackground(Utility.java:551)
E/ActivityThread( 3538): at com.android.emailcommon.utility.Utility$2.doInBackground(Utility.java:549)
E/ActivityThread( 3538): at android.os.AsyncTask$2.call(AsyncTask.java:287)
E/ActivityThread( 3538): at java.util.concurrent.FutureTask.run(FutureTask.java:234)
E/ActivityThread( 3538): at java.util.concurrent.ThreadPoolExecutor.runWorker(ThreadPoolExecutor.java:1080)
E/ActivityThread( 3538): at java.util.concurrent.ThreadPoolExecutor$Worker.run(ThreadPoolExecutor.java:573)
E/ActivityThread( 3538): at java.lang.Thread.run(Thread.java:856)
W/ActivityManager( 2066): Unable to start service Intent { act=com.android.email.ACCOUNT_INTENT } U=0: not found
W/ActivityManager( 2066): Unbind failed: could not find connection for android.os.BinderProxy@416e79d8
E/ActivityThread( 3538): Service com.android.exchange.ExchangeService has leaked ServiceConnection com.android.emailcommon.service.ServiceProxy$ProxyConnection@415b1270 that was originally bound here
E/ActivityThread( 3538): android.app.ServiceConnectionLeaked: Service com.android.exchange.ExchangeService has leaked ServiceConnection com.android.emailcommon.service.ServiceProxy$ProxyConnection@415b1270 that was originally bound here
E/ActivityThread( 3538): at android.app.LoadedApk$ServiceDispatcher.(LoadedApk.java:969)
E/ActivityThread( 3538): at android.app.LoadedApk.getServiceDispatcher(LoadedApk.java:863)
E/ActivityThread( 3538): at android.app.ContextImpl.bindService(ContextImpl.java:1418)
E/ActivityThread( 3538): at android.app.ContextImpl.bindService(ContextImpl.java:1407)
E/ActivityThread( 3538): at android.content.ContextWrapper.bindService(ContextWrapper.java:473)
E/ActivityThread( 3538): at com.android.emailcommon.service.ServiceProxy.setTask(ServiceProxy.java:157)
E/ActivityThread( 3538): at com.android.emailcommon.service.ServiceProxy.setTask(ServiceProxy.java:145)
E/ActivityThread( 3538): at com.android.emailcommon.service.ServiceProxy.test(ServiceProxy.java:191)
E/ActivityThread( 3538): at com.android.exchange.ExchangeService$7.run(ExchangeService.java:1850)
E/ActivityThread( 3538): at com.android.emailcommon.utility.Utility$2.doInBackground(Utility.java:551)
E/ActivityThread( 3538): at com.android.emailcommon.utility.Utility$2.doInBackground(Utility.java:549)
E/ActivityThread( 3538): at android.os.AsyncTask$2.call(AsyncTask.java:287)
