I/ActivityManager( 2066): Start proc com.android.location.fused for service com.android.location.fused/.FusedLocationService: pid=3089 uid=10034 gids={50034, 1028}
D/dalvikvm( 2719): GC_CONCURRENT freed 158K, 5% free 4276K/4456K, paused 4ms+512ms, total 556ms
I/LatinIME( 3006): Hardware accelerated drawing: true
I/DownloadManager( 2702): in removeSpuriousFiles
E/LocationManagerService( 2066): no geocoder provider found
W/InputAttributes( 3006): No editor info for this field. Bug?
E/ActivityThread( 3006): Failed to find provider info for com.android.inputmethod.latin.dictionarypack
E/BinaryDictionaryGetter( 3006): Could not find a dictionary pack
W/TelephonyProvider( 3027): onCreate: confFile=/system/etc/apns-conf.xml oldCheckSum=-1
D/TelephonyManager( 3027): getLteOnCdmaMode=0 curVal=-1 product_type='' lteOnCdmaProductType=''
E/UserHistoryDictionary( 3006): when loading: file not foundjava.io.FileNotFoundException: /data/data/com.android.inputmethod.latin/files/UserHistoryDictionary.en_US.dict: open failed: ENOENT (No such file or directory)
D/BluetoothManagerService( 2066): Message: 300
D/BluetoothManagerService( 2066): MESSAGE_USER_SWITCHED
I/AudioService( 2066): Remote Control registerMediaButtonIntent() for PendingIntent{416971f0: PendingIntentRecord{417b3b28 android broadcastIntent}}
D/dalvikvm( 3006): GC_CONCURRENT freed 245K, 7% free 4188K/4460K, paused 13ms+2ms, total 37ms
E/StrictMode( 3006): A resource was acquired at attached stack trace but never released. See java.io.Closeable for information on avoiding resource leaks.
E/StrictMode( 3006): java.lang.Throwable: Explicit termination method 'close' not called
E/StrictMode( 3006): at dalvik.system.CloseGuard.open(CloseGuard.java:184)
E/StrictMode( 3006): at android.os.ParcelFileDescriptor.(ParcelFileDescriptor.java:412)
E/StrictMode( 3006): at android.content.res.AssetManager.openNonAssetFdNative(Native Method)
E/StrictMode( 3006): at android.content.res.AssetManager.openNonAssetFd(AssetManager.java:428)
E/StrictMode( 3006): at android.content.res.Resources.openRawResourceFd(Resources.java:979)
E/StrictMode( 3006): at com.android.inputmethod.latin.BinaryDictionaryGetter.loadFallbackResource(BinaryDictionaryGetter.java:183)
E/StrictMode( 3006): at com.android.inputmethod.latin.BinaryDictionaryGetter.getDictionaryFiles(BinaryDictionaryGetter.java:456)
E/StrictMode( 3006): at com.android.inputmethod.latin.DictionaryFactory.createMainDictionaryFromManager(DictionaryFactory.java:57)
E/StrictMode( 3006): at com.android.inputmethod.latin.DictionaryFactory.createMainDictionaryFromManager(DictionaryFactory.java:87)
E/StrictMode( 3006): at com.android.inputmethod.latin.Suggest$1.run(Suggest.java:108)
D/dalvikvm( 2066): GC_CONCURRENT freed 517K, 8% free 6785K/7336K, paused 4ms+7ms, total 160ms
D/dalvikvm( 2066): WAIT_FOR_CONCURRENT_GC blocked 54ms
D/dalvikvm( 2066): WAIT_FOR_CONCURRENT_GC blocked 53ms
D/dalvikvm( 2066): WAIT_FOR_CONCURRENT_GC blocked 43ms
D/dalvikvm( 2066): WAIT_FOR_CONCURRENT_GC blocked 14ms
D/dalvikvm( 2066): WAIT_FOR_CONCURRENT_GC blocked 15ms
D/MediaScannerReceiver( 2702): action: android.intent.action.MEDIA_MOUNTED path: /mnt/sdcard
D/TelephonyManager( 3027): getLteOnCdmaMode=0 curVal=-1 product_type='' lteOnCdmaProductType=''
W/ResourceType( 2066): Failure getting entry for 0x7f060000 (t=5 e=0) in package 0 (error -75)
W/ResourceType( 2066): Failure getting entry for 0x7f060000 (t=5 e=0) in package 0 (error -75)
W/InputMethodManagerService( 2066): Found no subtypes in a system IME: com.android.inputmethod.pinyin
D/TelephonyManager( 3027): getLteOnCdmaMode=0 curVal=-1 product_type='' lteOnCdmaProductType=''
I/FusedLocation( 3089): engine started (com.android.location.fused)
D/dalvikvm( 2629): GREF has increased to 201
V/StatusBar( 2629): userId 0 is in the house
W/Settings( 3027): Setting airplane_mode_on has moved from android.provider.Settings.System to android.provider.Settings.Global, returning read-only value.
W/Settings( 3027): Setting auto_time has moved from android.provider.Settings.System to android.provider.Settings.Global, returning read-only global URI.
W/Settings( 3027): Setting auto_time_zone has moved from android.provider.Settings.System to android.provider.Settings.Global, returning read-only global URI.
D/dalvikvm( 2066): GREF has increased to 401
I/ActivityManager( 2066): Start proc com.android.smspush for service com.android.smspush/.WapPushManager: pid=3164 uid=10028 gids={50028, 1028}
D/MtpService( 2702): updating state; isCurrentUser=true, mMtpLocked=false
D/MtpService( 2702): addStorageLocked 65537 /mnt/sdcard
D/MtpService( 2702): updating state; isCurrentUser=true, mMtpLocked=false
D/ ( 3027): [ApnContext:default] set reason as dataEnabled,current state IDLE
D/ ( 3027): [ApnContext:default] setRetryCount: 0
D/ ( 3027): [ApnContext:mms] set reason as dataEnabled,current state IDLE
D/ ( 3027): [ApnContext:mms] setRetryCount: 0
D/ ( 3027): [ApnContext:supl] set reason as dataEnabled,current state IDLE
D/ ( 3027): [ApnContext:supl] setRetryCount: 0
D/ ( 3027): [ApnContext:hipri] set reason as dataEnabled,current state IDLE
D/ ( 3027): [ApnContext:hipri] setRetryCount: 0
D/ ( 3027): [ApnContext:fota] set reason as dataEnabled,current state IDLE
D/ ( 3027): [ApnContext:fota] setRetryCount: 0
D/ ( 3027): [ApnContext:ims] set reason as dataEnabled,current state IDLE
D/ ( 3027): [ApnContext:ims] setRetryCount: 0
D/ ( 3027): [ApnContext:cbs] set reason as dataEnabled,current state IDLE
D/ ( 3027): [ApnContext:cbs] setRetryCount: 0
D/MtpService( 2702): starting MTP server in MTP mode
D/MtpService( 2702): addStorageLocked 65537 /mnt/sdcard
D/dalvikvm( 2066): GC_CONCURRENT freed 651K, 10% free 6823K/7508K, paused 19ms+5ms, total 96ms
D/dalvikvm( 2066): WAIT_FOR_CONCURRENT_GC blocked 79ms
D/dalvikvm( 2066): WAIT_FOR_CONCURRENT_GC blocked 64ms
D/dalvikvm( 2066): WAIT_FOR_CONCURRENT_GC blocked 54ms
D/dalvikvm( 2066): WAIT_FOR_CONCURRENT_GC blocked 49ms
D/dalvikvm( 2066): WAIT_FOR_CONCURRENT_GC blocked 65ms
D/TelephonyManager( 3027): getLteOnCdmaMode=0 curVal=-1 product_type='' lteOnCdmaProductType=''
D/dalvikvm( 2066): WAIT_FOR_CONCURRENT_GC blocked 59ms
D/CallManager( 3027): registerPhone(GSM Handler (com.android.internal.telephony.PhoneProxy) {415bf5d0})
I/ActivityManager( 2066): Start proc com.android.settings for broadcast com.android.settings/.widget.SettingsAppWidgetProvider: pid=3192 uid=1000 gids={41000, 1015, 1028, 3002, 3001, 3003}
D/dalvikvm( 1328): GC_EXPLICIT freed 35K, 2% free 4035K/4092K, paused 2ms+3ms, total 43ms
D/dalvikvm( 3049): GC_CONCURRENT freed 192K, 5% free 4296K/4504K, paused 4ms+17ms, total 67ms
D/dalvikvm( 1328): GC_EXPLICIT freed <1K, 2% free 4035K/4092K, paused 3ms+3ms, total 33ms
D/dalvikvm( 2629): GC_CONCURRENT freed 126K, 3% free 5298K/5448K, paused 2ms+6ms, total 110ms
D/dalvikvm( 1328): GC_EXPLICIT freed <1K, 2% free 4035K/4092K, paused 2ms+4ms, total 32ms
D/BluetoothManagerService( 2066): Message: 20
D/BluetoothManagerService( 2066): Added callback: android.bluetooth.IBluetoothManagerCallback$Stub$Proxy@417a6ae0:true
D/dalvikvm( 3027): GC_CONCURRENT freed 166K, 5% free 4260K/4448K, paused 4ms+2ms, total 52ms
D/BluetoothManagerService( 2066): Message: 30
D/dalvikvm( 2629): GC_FOR_ALLOC freed 69K, 4% free 5231K/5448K, paused 86ms, total 89ms
I/dalvikvm-heap( 2629): Grow heap (frag case) to 14.501MB for 9830416-byte allocation
D/DebugService( 3027): DebugService DebugService:
D/TelephonyDebugService( 3027): TelephonyDebugService()
D/BluetoothManagerService( 2066): Message: 30
E/BluetoothPhoneService( 3027): Could not get a handle on Connection object for the call
D/dalvikvm( 2629): GC_FOR_ALLOC freed 1K, 2% free 14830K/15052K, paused 74ms, total 74ms
I/PhoneApp( 3027): Headset phone created, binding local service.
D/BluetoothManagerService( 2066): Message: 20
D/BluetoothManagerService( 2066): Added callback: android.bluetooth.IBluetoothManagerCallback$Stub$Proxy@417b9718:true
D/BluetoothAdapter( 3192): 1096443592: getState() : mService = null. Returning STATE_OFF
D/BluetoothManagerService( 2066): Message: 30
W/ContextImpl( 3192): Calling a method in the system process without a qualified user: android.app.ContextImpl.bindService:1406 android.content.ContextWrapper.bindService:473 android.bluetooth.BluetoothInputDevice.:240 android.bluetooth.BluetoothAdapter.getProfileProxy:1161 com.android.settings.bluetooth.LocalBluetoothAdapter.getProfileProxy:94
D/BluetoothManagerService( 2066): Message: 30
D/BluetoothPan( 3192): BluetoothPan() call bindService
D/dalvikvm( 2629): GC_CONCURRENT freed <1K, 2% free 14830K/15052K, paused 3ms+8ms, total 84ms
D/BluetoothPan( 3192): BluetoothPan(), bindService called
D/BluetoothManagerService( 2066): Message: 30
D/LocalBluetoothProfileManager( 3192): LocalBluetoothProfileManager construction complete
D/BluetoothAdapter( 3192): 1096443592: getState() : mService = null. Returning STATE_OFF
D/BluetoothAdapter( 3192): 1096443592: getState() : mService = null. Returning STATE_OFF
W/ContextImpl( 3192): Calling a method in the system process without a qualified user: android.app.ContextImpl.bindService:1406 android.content.ContextWrapper.bindService:473 android.bluetooth.BluetoothPan.:141 android.bluetooth.BluetoothAdapter.getProfileProxy:1164 com.android.settings.bluetooth.PanProfile.:73
W/ContextImpl( 3192): Calling a method in the system process without a qualified user: android.app.ContextImpl.bindService:1406 android.content.ContextWrapper.bindService:473 android.bluetooth.BluetoothPbap.:161 com.android.settings.bluetooth.PbapServerProfile.:68 com.android.settings.bluetooth.LocalBluetoothProfileManager.:124
D/dalvikvm( 3027): GC_CONCURRENT freed 348K, 8% free 4308K/4680K, paused 14ms+4ms, total 92ms
I/ActivityManager( 2066): Start proc com.android.music for broadcast com.android.music/.MediaButtonIntentReceiver: pid=3240 uid=10038 gids={50038, 3003, 1015, 1028}
I/dalvikvm( 3240): Turning on JNI app bug workarounds for target SDK version 9...
D/dalvikvm( 3049): GC_CONCURRENT freed 146K, 4% free 4566K/4736K, paused 2ms+7ms, total 60ms
I/AudioService( 2066): Remote Control registerMediaButtonIntent() for PendingIntent{4182f740: PendingIntentRecord{41895820 com.android.music broadcastIntent}}
D/libEGL ( 3049): loaded /vendor/lib/egl/libEGL_POWERVR_SGX544_115.so
D/libEGL ( 3049): loaded /vendor/lib/egl/libGLESv1_CM_POWERVR_SGX544_115.so
D/libEGL ( 3049): loaded /vendor/lib/egl/libGLESv2_POWERVR_SGX544_115.so
D/dalvikvm( 2629): GC_FOR_ALLOC freed <1K, 2% free 14831K/15052K, paused 29ms, total 29ms
D/OpenGLRenderer( 3049): Enabling debug mode 0
I/dalvikvm-heap( 2629): Grow heap (frag case) to 36.920MB for 23508496-byte allocation
D/dalvikvm( 2629): GC_CONCURRENT freed 0K, 1% free 37788K/38012K, paused 4ms+5ms, total 38ms
D/dalvikvm( 2629): WAIT_FOR_CONCURRENT_GC blocked 34ms
D/dalvikvm( 3049): GC_FOR_ALLOC freed 43K, 4% free 4780K/4964K, paused 24ms, total 24ms
D/dalvikvm( 3049): GC_FOR_ALLOC freed 4K, 4% free 5001K/5192K, paused 21ms, total 21ms
D/dalvikvm( 3049): GREF has increased to 201
I/ActivityManager( 2066): Displayed com.android.launcher/com.android.launcher2.Launcher: +2s491ms
D/dalvikvm( 3049): GC_CONCURRENT freed 34K, 2% free 5387K/5444K, paused 2ms+5ms, total 57ms
D/BluetoothManagerService( 2066): Message: 20
D/BluetoothManagerService( 2066): Added callback: android.bluetooth.BluetoothAdapter$1@418ccc60:true
D/BluetoothManagerService( 2066): Message: 30
W/ContextImpl( 2066): Calling a method in the system process without a qualified user: android.app.ContextImpl.bindService:1406 android.bluetooth.BluetoothHeadset.:273 android.bluetooth.BluetoothAdapter.getProfileProxy:1155 android.media.AudioService.getBluetoothHeadset:2111 android.media.AudioService.access$2700:100
E/WVMExtractor( 1330): Failed to open libwvm.so
E/AudioCache( 1330): Error 1, -2147483648 occurred
E/SoundPool( 2066): Unable to load sample: (null)
E/WVMExtractor( 1330): Failed to open libwvm.so
I/ActivityManager( 2066): Start proc com.android.contacts for broadcast com.android.contacts/.calllog.CallLogReceiver: pid=3295 uid=10020 gids={50020, 3003, 1015, 1028}
D/BluetoothManagerService( 2066): Message: 30
E/AudioCache( 1330): Error 1, -2147483648 occurred
E/SoundPool( 2066): Unable to load sample: (null)
W/ContextImpl( 2066): Calling a method in the system process without a qualified user: android.app.ContextImpl.bindService:1406 android.bluetooth.BluetoothA2dp.:160 android.bluetooth.BluetoothAdapter.getProfileProxy:1158 android.media.AudioService$AudioServiceBroadcastReceiver.onReceive:3935 android.app.LoadedApk$ReceiverDispatcher$Args.run:758
V/WiredAccessoryManager( 2066): init()
E/WVMExtractor( 1330): Failed to open libwvm.so
E/AudioCache( 1330): Error 1, -2147483648 occurred
E/SoundPool( 2066): Unable to load sample: (null)
E/WVMExtractor( 1330): Failed to open libwvm.so
E/AudioCache( 1330): Error 1, -2147483648 occurred
E/SoundPool( 2066): Unable to load sample: (null)
E/WVMExtractor( 1330): Failed to open libwvm.so
D/dalvikvm( 2066): GREF has increased to 501
E/AudioCache( 1330): Error 1, -2147483648 occurred
E/SoundPool( 2066): Unable to load sample: (null)
W/AudioService( 2066): loadSoundEffects(), Error -1 while loading samples
D/dalvikvm( 2702): GC_CONCURRENT freed 213K, 6% free 4201K/4436K, paused 3ms+10ms, total 72ms
I/RecoverySystem( 2066): No recovery log file
I/ActivityManager( 2066): Start proc com.android.deskclock for broadcast com.android.deskclock/.AlarmInitReceiver: pid=3330 uid=10000 gids={50000, 1028}
D/dalvikvm( 2066): GC_CONCURRENT freed 550K, 8% free 6925K/7508K, paused 6ms+19ms, total 121ms
I/SurfaceFlinger( 1327): Boot is finished (34867 ms)
I/ActivityManager( 2066): Config changes=1400 {1.15 ?mcc?mnc en_US ldltr sw1080dp w1920dp h1007dp 160dpi xlrg long land finger -keyb/v/h -nav/h s.5}
I/Choreographer( 2629): Skipped 64 frames! The application may be doing too much work on its main thread.
D/dalvikvm( 3049): GC_CONCURRENT freed 124K, 3% free 5713K/5868K, paused 3ms+3ms, total 115ms
W/AccountTypeManager( 3295): No authenticator found for type=com.android.exchange, ignoring it.
I/AccountTypeManager( 3295): Loaded meta-data for 0 account types, 0 accounts in 39ms(wall) 2ms(cpu)
I/PowerManagerService( 2066): Boot animation finished.
W/ProcessStats( 2066): Skipping unknown process pid 3449
D/dalvikvm( 3049): GC_CONCURRENT freed 492K, 9% free 5717K/6252K, paused 2ms+3ms, total 28ms
V/AlarmClock( 3330): No next alarm
V/AlarmClock( 3330): AlarmInitReceiver - Reset timers and clear stopwatch data
W/MediaScanner( 2702): Error opening directory '/mnt/sdcard/.android_secure/', skipping: Permission denied.
V/AlarmClock( 3330): No next alarm
V/AlarmClock( 3330): AlarmInitReceiver finished
I/ActivityManager( 2066): Start proc com.android.providers.calendar for broadcast com.android.providers.calendar/.CalendarReceiver: pid=3522 uid=10002 gids={50002, 3003, 1015, 1028}
D/dalvikvm( 2702): GREF has increased to 201
D/dalvikvm( 2066): GREF has increased to 601
D/MtpService( 2702): updating state; isCurrentUser=true, mMtpLocked=false
I/ActivityManager( 2066): Start proc com.android.exchange for broadcast com.android.exchange/.service.ExchangeBroadcastReceiver: pid=3538 uid=10041 gids={50041, 3003, 1015, 1028}
D/dalvikvm( 2066): GC_EXPLICIT freed 339K, 8% free 6921K/7508K, paused 4ms+8ms, total 83ms
W/BroadcastQueue( 2066): Permission Denial: receiving Intent { act=android.intent.action.BOOT_COMPLETED flg=0x10 (has extras) } to com.metago.astro/com.kii.cloud.applog.Receiver requires android.permission.RECEIVE_BOOT_COMPLETED due to sender null (uid 1000)
D/dalvikvm( 2702): GC_CONCURRENT freed 264K, 7% free 4336K/4624K, paused 2ms+4ms, total 41ms
D/BluetoothAdapter( 3192): 1096443592: getState() : mService = null. Returning STATE_OFF
D/ExchangeService( 3538): !!! EAS ExchangeService, onStartCommand, startingUp = false, running = false
I/ActivityManager( 2066): Start proc com.android.calendar for broadcast com.android.calendar/.widget.CalendarAppWidgetProvider: pid=3553 uid=10033 gids={50033, 3003, 1028}
D/ExchangeService( 3538): !!! Email application not found; stopping self
W/ActivityManager( 2066): Unable to start service Intent { act=com.android.email.ACCOUNT_INTENT } U=0: not found
W/ActivityManager( 2066): Unable to start service Intent { act=com.android.email.ACCOUNT_INTENT } U=0: not found
E/StrictMode( 3538): null
E/StrictMode( 3538): android.app.ServiceConnectionLeaked: Service com.android.exchange.ExchangeService has leaked ServiceConnection com.android.emailcommon.service.ServiceProxy$ProxyConnection@415a7ea0 that was originally bound here
E/StrictMode( 3538): at android.app.LoadedApk$ServiceDispatcher.(LoadedApk.java:969)
E/StrictMode( 3538): at android.app.LoadedApk.getServiceDispatcher(LoadedApk.java:863)
E/StrictMode( 3538): at android.app.ContextImpl.bindService(ContextImpl.java:1418)
E/StrictMode( 3538): at android.app.ContextImpl.bindService(ContextImpl.java:1407)
E/StrictMode( 3538): at android.content.ContextWrapper.bindService(ContextWrapper.java:473)
E/StrictMode( 3538): at com.android.emailcommon.service.ServiceProxy.setTask(ServiceProxy.java:157)
E/StrictMode( 3538): at com.android.emailcommon.service.ServiceProxy.setTask(ServiceProxy.java:145)
E/StrictMode( 3538): at com.android.emailcommon.service.AccountServiceProxy.getDeviceId(AccountServiceProxy.java:116)
E/StrictMode( 3538): at com.android.exchange.ExchangeService.getDeviceId(ExchangeService.java:1249)
E/StrictMode( 3538): at com.android.exchange.ExchangeService$7.run(ExchangeService.java:1856)
E/StrictMode( 3538): at com.android.emailcommon.utility.Utility$2.doInBackground(Utility.java:551)
E/StrictMode( 3538): at com.android.emailcommon.utility.Utility$2.doInBackground(Utility.java:549)
E/StrictMode( 3538): at android.os.AsyncTask$2.call(AsyncTask.java:287)
E/StrictMode( 3538): at java.util.concurrent.FutureTask.run(FutureTask.java:234)
E/StrictMode( 3538): at java.util.concurrent.ThreadPoolExecutor.runWorker(ThreadPoolExecutor.java:1080)
E/StrictMode( 3538): at java.util.concurrent.ThreadPoolExecutor$Worker.run(ThreadPoolExecutor.java:573)
E/StrictMode( 3538): at java.lang.Thread.run(Thread.java:856)
E/ActivityThread( 3538): Service com.android.exchange.ExchangeService has leaked ServiceConnection com.android.emailcommon.service.ServiceProxy$ProxyConnection@415a7ea0 that was originally bound here
E/ActivityThread( 3538): android.app.ServiceConnectionLeaked: Service com.android.exchange.ExchangeService has leaked ServiceConnection com.android.emailcommon.service.ServiceProxy$ProxyConnection@415a7ea0 that was originally bound here
E/ActivityThread( 3538): at android.app.LoadedApk$ServiceDispatcher.(LoadedApk.java:969)
E/ActivityThread( 3538): at android.app.LoadedApk.getServiceDispatcher(LoadedApk.java:863)
E/ActivityThread( 3538): at android.app.ContextImpl.bindService(ContextImpl.java:1418)
E/ActivityThread( 3538): at android.app.ContextImpl.bindService(ContextImpl.java:1407)
E/ActivityThread( 3538): at android.content.ContextWrapper.bindService(ContextWrapper.java:473)
E/ActivityThread( 3538): at com.android.emailcommon.service.ServiceProxy.setTask(ServiceProxy.java:157)
E/ActivityThread( 3538): at com.android.emailcommon.service.ServiceProxy.setTask(ServiceProxy.java:145)
E/ActivityThread( 3538): at com.android.emailcommon.service.AccountServiceProxy.getDeviceId(AccountServiceProxy.java:116)
E/ActivityThread( 3538): at com.android.exchange.ExchangeService.getDeviceId(ExchangeService.java:1249)
E/ActivityThread( 3538): at com.android.exchange.ExchangeService$7.run(ExchangeService.java:1856)
E/ActivityThread( 3538): at com.android.emailcommon.utility.Utility$2.doInBackground(Utility.java:551)
E/ActivityThread( 3538): at com.android.emailcommon.utility.Utility$2.doInBackground(Utility.java:549)
E/ActivityThread( 3538): at android.os.AsyncTask$2.call(AsyncTask.java:287)
E/ActivityThread( 3538): at java.util.concurrent.FutureTask.run(FutureTask.java:234)
E/ActivityThread( 3538): at java.util.concurrent.ThreadPoolExecutor.runWorker(ThreadPoolExecutor.java:1080)
E/ActivityThread( 3538): at java.util.concurrent.ThreadPoolExecutor$Worker.run(ThreadPoolExecutor.java:573)
E/ActivityThread( 3538): at java.lang.Thread.run(Thread.java:856)
D/dalvikvm( 3049): GC_CONCURRENT freed 309K, 7% free 5856K/6252K, paused 5ms+3ms, total 47ms
W/ActivityManager( 2066): Unbind failed: could not find connection for android.os.BinderProxy@417d95c8
E/ActivityThread( 3538): Service com.android.exchange.ExchangeService has leaked ServiceConnection com.android.emailcommon.service.ServiceProxy$ProxyConnection@415a7370 that was originally bound here
E/ActivityThread( 3538): android.app.ServiceConnectionLeaked: Service com.android.exchange.ExchangeService has leaked ServiceConnection com.android.emailcommon.service.ServiceProxy$ProxyConnection@415a7370 that was originally bound here
E/ActivityThread( 3538): at android.app.LoadedApk$ServiceDispatcher.(LoadedApk.java:969)
E/ActivityThread( 3538): at android.app.LoadedApk.getServiceDispatcher(LoadedApk.java:863)
E/ActivityThread( 3538): at android.app.ContextImpl.bindService(ContextImpl.java:1418)
E/ActivityThread( 3538): at android.app.ContextImpl.bindService(ContextImpl.java:1407)
E/ActivityThread( 3538): at android.content.ContextWrapper.bindService(ContextWrapper.java:473)
E/ActivityThread( 3538): at com.android.emailcommon.service.ServiceProxy.setTask(ServiceProxy.java:157)
E/ActivityThread( 3538): at com.android.emailcommon.service.ServiceProxy.setTask(ServiceProxy.java:145)
E/ActivityThread( 3538): at com.android.emailcommon.service.ServiceProxy.test(ServiceProxy.java:191)
E/ActivityThread( 3538): at com.android.exchange.ExchangeService$7.run(ExchangeService.java:1850)
E/ActivityThread( 3538): at com.android.emailcommon.utility.Utility$2.doInBackground(Utility.java:551)
E/ActivityThread( 3538): at com.android.emailcommon.utility.Utility$2.doInBackground(Utility.java:549)
E/ActivityThread( 3538): at android.os.AsyncTask$2.call(AsyncTask.java:287)
E/ActivityThread( 3538): at java.util.concurrent.FutureTask.run(FutureTask.java:234)
E/ActivityThread( 3538): at java.util.concurrent.ThreadPoolExecutor.runWorker(ThreadPoolExecutor.java:1080)
E/ActivityThread( 3538): at java.util.concurrent.ThreadPoolExecutor$Worker.run(ThreadPoolExecutor.java:573)
E/ActivityThread( 3538): at java.lang.Thread.run(Thread.java:856)
E/StrictMode( 3538): null
E/StrictMode( 3538): android.app.ServiceConnectionLeaked: Service com.android.exchange.ExchangeService has leaked ServiceConnection com.android.emailcommon.service.ServiceProxy$ProxyConnection@415a7370 that was originally bound here
E/StrictMode( 3538): at android.app.LoadedApk$ServiceDispatcher.(LoadedApk.java:969)
E/StrictMode( 3538): at android.app.LoadedApk.getServiceDispatcher(LoadedApk.java:863)
E/StrictMode( 3538): at android.app.ContextImpl.bindService(ContextImpl.java:1418)
E/StrictMode( 3538): at android.app.ContextImpl.bindService(ContextImpl.java:1407)
E/StrictMode( 3538): at android.content.ContextWrapper.bindService(ContextWrapper.java:473)
E/StrictMode( 3538): at com.android.emailcommon.service.ServiceProxy.setTask(ServiceProxy.java:157)
E/StrictMode( 3538): at com.android.emailcommon.service.ServiceProxy.setTask(ServiceProxy.java:145)
E/StrictMode( 3538): at com.android.emailcommon.service.ServiceProxy.test(ServiceProxy.java:191)
E/StrictMode( 3538): at com.android.exchange.ExchangeService$7.run(ExchangeService.java:1850)
E/StrictMode( 3538): at com.android.emailcommon.utility.Utility$2.doInBackground(Utility.java:551)
E/StrictMode( 3538): at com.android.emailcommon.utility.Utility$2.doInBackground(Utility.java:549)
E/StrictMode( 3538): at android.os.AsyncTask$2.call(AsyncTask.java:287)
E/StrictMode( 3538): at java.util.concurrent.FutureTask.run(FutureTask.java:234)
E/StrictMode( 3538): at java.util.concurrent.ThreadPoolExecutor.runWorker(ThreadPoolExecutor.java:1080)
E/StrictMode( 3538): at java.util.concurrent.ThreadPoolExecutor$Worker.run(ThreadPoolExecutor.java:573)
E/StrictMode( 3538): at java.lang.Thread.run(Thread.java:856)
W/ActivityManager( 2066): Unbind failed: could not find connection for android.os.BinderProxy@416fa7e8
V/MediaScanner( 2702): pruneDeadThumbnailFiles... android.database.sqlite.SQLiteCursor@415d5fb0
V/MediaScanner( 2702): /pruneDeadThumbnailFiles... android.database.sqlite.SQLiteCursor@415d5fb0
D/BluetoothAdapter( 3192): 1096443592: getState() : mService = null. Returning STATE_OFF
D/dalvikvm( 3553): GREF has increased to 201
I/CalendarProvider2( 3522): Sending notification intent: Intent { act=android.intent.action.PROVIDER_CHANGED dat=content://com.android.calendar }
W/ContentResolver( 3522): Failed to get type for: content://com.android.calendar (Unknown URL content://com.android.calendar)
D/AlertReceiver( 3553): onReceive: a=android.intent.action.PROVIDER_CHANGED Intent { act=android.intent.action.PROVIDER_CHANGED dat=content://com.android.calendar flg=0x10 cmp=com.android.calendar/.alerts.AlertReceiver }
D/AlertService( 3553): 0 Action = android.intent.action.PROVIDER_CHANGED
D/AlertService( 3553): Beginning updateAlertNotification
D/AlertService( 3553): No fired or scheduled alerts
D/dalvikvm( 2702): GC_EXPLICIT freed 332K, 8% free 4286K/4640K, paused 3ms+5ms, total 37ms
D/dalvikvm( 2066): GC_EXPLICIT freed 250K, 8% free 6937K/7508K, paused 3ms+6ms, total 72ms
D/dalvikvm( 2702): GREF has increased to 301
D/dalvikvm( 2066): GC_EXPLICIT freed 123K, 8% free 6932K/7508K, paused 4ms+6ms, total 72ms
D/dalvikvm( 2702): GC_CONCURRENT freed 340K, 8% free 4369K/4736K, paused 2ms+11ms, total 44ms
W/MediaScanner( 2702): Error opening directory '/mnt/sdcard/.android_secure/', skipping: Permission denied.
D/dalvikvm( 2066): GC_EXPLICIT freed 121K, 8% free 6932K/7508K, paused 3ms+6ms, total 71ms
D/dalvikvm( 2702): GC_CONCURRENT freed 437K, 10% free 4355K/4820K, paused 2ms+4ms, total 36ms
V/MediaScanner( 2702): pruneDeadThumbnailFiles... android.database.sqlite.SQLiteCursor@41626980
V/MediaScanner( 2702): /pruneDeadThumbnailFiles... android.database.sqlite.SQLiteCursor@41626980
D/ExchangeService( 3538): Received deviceId from Email app: null
D/ExchangeService( 3538): !!! deviceId unknown; stopping self and retrying
D/ExchangeService( 3538): !!! EAS ExchangeService, onCreate
D/ExchangeService( 3538): !!! EAS ExchangeService, onStartCommand, startingUp = false, running = false
D/ExchangeService( 3538): !!! EAS ExchangeService, onStartCommand, startingUp = true, running = false
D/ExchangeService( 3538): !!! Email application not found; stopping self
W/ActivityManager( 2066): Unable to start service Intent { act=com.android.email.ACCOUNT_INTENT } U=0: not found
E/StrictMode( 3538): null
E/StrictMode( 3538): android.app.ServiceConnectionLeaked: Service com.android.exchange.ExchangeService has leaked ServiceConnection com.android.emailcommon.service.ServiceProxy$ProxyConnection@415cf948 that was originally bound here
E/StrictMode( 3538): at android.app.LoadedApk$ServiceDispatcher.(LoadedApk.java:969)
E/StrictMode( 3538): at android.app.LoadedApk.getServiceDispatcher(LoadedApk.java:863)
E/StrictMode( 3538): at android.app.ContextImpl.bindService(ContextImpl.java:1418)
E/StrictMode( 3538): at android.app.ContextImpl.bindService(ContextImpl.java:1407)
E/StrictMode( 3538): at android.content.ContextWrapper.bindService(ContextWrapper.java:473)
E/StrictMode( 3538): at com.android.emailcommon.service.ServiceProxy.setTask(ServiceProxy.java:157)
E/StrictMode( 3538): at com.android.emailcommon.service.ServiceProxy.setTask(ServiceProxy.java:145)
E/StrictMode( 3538): at com.android.emailcommon.service.ServiceProxy.test(ServiceProxy.java:191)
E/StrictMode( 3538): at com.android.exchange.ExchangeService$7.run(ExchangeService.java:1850)
E/StrictMode( 3538): at com.android.emailcommon.utility.Utility$2.doInBackground(Utility.java:551)
E/StrictMode( 3538): at com.android.emailcommon.utility.Utility$2.doInBackground(Utility.java:549)
E/StrictMode( 3538): at android.os.AsyncTask$2.call(AsyncTask.java:287)
E/StrictMode( 3538): at java.util.concurrent.FutureTask.run(FutureTask.java:234)
E/StrictMode( 3538): at java.util.concurrent.ThreadPoolExecutor.runWorker(ThreadPoolExecutor.java:1080)
E/StrictMode( 3538): at java.util.concurrent.ThreadPoolExecutor$Worker.run(ThreadPoolExecutor.java:573)
E/StrictMode( 3538): at java.lang.Thread.run(Thread.java:856)
W/ActivityManager( 2066): Unable to start service Intent { act=com.android.email.ACCOUNT_INTENT } U=0: not found
E/ActivityThread( 3538): Service com.android.exchange.ExchangeService has leaked ServiceConnection com.android.emailcommon.service.ServiceProxy$ProxyConnection@415cf948 that was originally bound here
E/ActivityThread( 3538): android.app.ServiceConnectionLeaked: Service com.android.exchange.ExchangeService has leaked ServiceConnection com.android.emailcommon.service.ServiceProxy$ProxyConnection@415cf948 that was originally bound here
E/ActivityThread( 3538): at android.app.LoadedApk$ServiceDispatcher.(LoadedApk.java:969)
E/ActivityThread( 3538): at android.app.LoadedApk.getServiceDispatcher(LoadedApk.java:863)
E/ActivityThread( 3538): at android.app.ContextImpl.bindService(ContextImpl.java:1418)
E/ActivityThread( 3538): at android.app.ContextImpl.bindService(ContextImpl.java:1407)
E/ActivityThread( 3538): at android.content.ContextWrapper.bindService(ContextWrapper.java:473)
E/ActivityThread( 3538): at com.android.emailcommon.service.ServiceProxy.setTask(ServiceProxy.java:157)
E/ActivityThread( 3538): at com.android.emailcommon.service.ServiceProxy.setTask(ServiceProxy.java:145)
E/ActivityThread( 3538): at com.android.emailcommon.service.ServiceProxy.test(ServiceProxy.java:191)
E/ActivityThread( 3538): at com.android.exchange.ExchangeService$7.run(ExchangeService.java:1850)
E/ActivityThread( 3538): at com.android.emailcommon.utility.Utility$2.doInBackground(Utility.java:551)
E/ActivityThread( 3538): at com.android.emailcommon.utility.Utility$2.doInBackground(Utility.java:549)
E/ActivityThread( 3538): at android.os.AsyncTask$2.call(AsyncTask.java:287)
E/ActivityThread( 3538): at java.util.concurrent.FutureTask.run(FutureTask.java:234)
E/ActivityThread( 3538): at java.util.concurrent.ThreadPoolExecutor.runWorker(ThreadPoolExecutor.java:1080)
E/ActivityThread( 3538): at java.util.concurrent.ThreadPoolExecutor$Worker.run(ThreadPoolExecutor.java:573)
E/ActivityThread( 3538): at java.lang.Thread.run(Thread.java:856)
W/ActivityManager( 2066): Unbind failed: could not find connection for android.os.BinderProxy@417b7e60
E/ActivityThread( 3538): Service com.android.exchange.ExchangeService has leaked ServiceConnection com.android.emailcommon.service.ServiceProxy$ProxyConnection@415cfd10 that was originally bound here
E/ActivityThread( 3538): android.app.ServiceConnectionLeaked: Service com.android.exchange.ExchangeService has leaked ServiceConnection com.android.emailcommon.service.ServiceProxy$ProxyConnection@415cfd10 that was originally bound here
E/ActivityThread( 3538): at android.app.LoadedApk$ServiceDispatcher.(LoadedApk.java:969)
E/ActivityThread( 3538): at android.app.LoadedApk.getServiceDispatcher(LoadedApk.java:863)
E/ActivityThread( 3538): at android.app.ContextImpl.bindService(ContextImpl.java:1418)
E/ActivityThread( 3538): at android.app.ContextImpl.bindService(ContextImpl.java:1407)
E/ActivityThread( 3538): at android.content.ContextWrapper.bindService(ContextWrapper.java:473)
E/ActivityThread( 3538): at com.android.emailcommon.service.ServiceProxy.setTask(ServiceProxy.java:157)
E/ActivityThread( 3538): at com.android.emailcommon.service.ServiceProxy.setTask(ServiceProxy.java:145)
E/ActivityThread( 3538): at com.android.emailcommon.service.AccountServiceProxy.getDeviceId(AccountServiceProxy.java:116)
E/ActivityThread( 3538): at com.android.exchange.ExchangeService.getDeviceId(ExchangeService.java:1249)
E/ActivityThread( 3538): at com.android.exchange.ExchangeService$7.run(ExchangeService.java:1856)
E/ActivityThread( 3538): at com.android.emailcommon.utility.Utility$2.doInBackground(Utility.java:551)
E/ActivityThread( 3538): at com.android.emailcommon.utility.Utility$2.doInBackground(Utility.java:549)
E/ActivityThread( 3538): at android.os.AsyncTask$2.call(AsyncTask.java:287)
E/ActivityThread( 3538): at java.util.concurrent.FutureTask.run(FutureTask.java:234)
E/ActivityThread( 3538): at java.util.concurrent.ThreadPoolExecutor.runWorker(ThreadPoolExecutor.java:1080)
E/ActivityThread( 3538): at java.util.concurrent.ThreadPoolExecutor$Worker.run(ThreadPoolExecutor.java:573)
E/ActivityThread( 3538): at java.lang.Thread.run(Thread.java:856)
E/StrictMode( 3538): null
E/StrictMode( 3538): android.app.ServiceConnectionLeaked: Service com.android.exchange.ExchangeService has leaked ServiceConnection com.android.emailcommon.service.ServiceProxy$ProxyConnection@415cfd10 that was originally bound here
E/StrictMode( 3538): at android.app.LoadedApk$ServiceDispatcher.(LoadedApk.java:969)
E/StrictMode( 3538): at android.app.LoadedApk.getServiceDispatcher(LoadedApk.java:863)
E/StrictMode( 3538): at android.app.ContextImpl.bindService(ContextImpl.java:1418)
E/StrictMode( 3538): at android.app.ContextImpl.bindService(ContextImpl.java:1407)
E/StrictMode( 3538): at android.content.ContextWrapper.bindService(ContextWrapper.java:473)
E/StrictMode( 3538): at com.android.emailcommon.service.ServiceProxy.setTask(ServiceProxy.java:157)
E/StrictMode( 3538): at com.android.emailcommon.service.ServiceProxy.setTask(ServiceProxy.java:145)
E/StrictMode( 3538): at com.android.emailcommon.service.AccountServiceProxy.getDeviceId(AccountServiceProxy.java:116)
E/StrictMode( 3538): at com.android.exchange.ExchangeService.getDeviceId(ExchangeService.java:1249)
E/StrictMode( 3538): at com.android.exchange.ExchangeService$7.run(ExchangeService.java:1856)
E/StrictMode( 3538): at com.android.emailcommon.utility.Utility$2.doInBackground(Utility.java:551)
E/StrictMode( 3538): at com.android.emailcommon.utility.Utility$2.doInBackground(Utility.java:549)
E/StrictMode( 3538): at android.os.AsyncTask$2.call(AsyncTask.java:287)
E/StrictMode( 3538): at java.util.concurrent.FutureTask.run(FutureTask.java:234)
E/StrictMode( 3538): at java.util.concurrent.ThreadPoolExecutor.runWorker(ThreadPoolExecutor.java:1080)
E/StrictMode( 3538): at java.util.concurrent.ThreadPoolExecutor$Worker.run(ThreadPoolExecutor.java:573)
E/StrictMode( 3538): at java.lang.Thread.run(Thread.java:856)
D/dalvikvm( 3538): GC_CONCURRENT freed 355K, 9% free 4096K/4476K, paused 3ms+2ms, total 27ms
W/ActivityManager( 2066): Unbind failed: could not find connection for android.os.BinderProxy@418ce7d8
I/AudioService( 2066): AudioFocus abandonAudioFocus() from android.media.AudioManager@4159c9a8com.android.music.MediaPlaybackService$3@4159b5c8
I/ActivityManager( 2066): Start proc com.android.musicfx for broadcast com.android.musicfx/.ControlPanelReceiver: pid=3656 uid=10012 gids={50012, 3003, 3002, 1028}
V/MusicFXControlPanelReceiver( 3656): onReceive
V/MusicFXControlPanelReceiver( 3656): Action: android.media.action.CLOSE_AUDIO_EFFECT_CONTROL_SESSION
V/MusicFXControlPanelReceiver( 3656): Package name: com.android.music
V/MusicFXControlPanelReceiver( 3656): Audio session: 4
V/MusicFXControlPanelEffect( 3656): closeSession(android.app.ReceiverRestrictedContext@4159d3d0, com.android.music, 4)
E/ThrottleService( 2066): problem during onPollAlarm: java.lang.IllegalStateException: problem parsing stats: java.io.FileNotFoundException: /proc/net/xt_qtaguid/iface_stat_all: open failed: ENOENT (No such file or directory)
D/ExchangeService( 3538): Received deviceId from Email app: null
D/ExchangeService( 3538): !!! deviceId unknown; stopping self and retrying
D/ExchangeService( 3538): !!! EAS ExchangeService, onCreate
D/ExchangeService( 3538): !!! EAS ExchangeService, onStartCommand, startingUp = false, running = false
D/ExchangeService( 3538): !!! EAS ExchangeService, onStartCommand, startingUp = true, running = false
D/ExchangeService( 3538): !!! Email application not found; stopping self
E/StrictMode( 3538): null
E/StrictMode( 3538): android.app.ServiceConnectionLeaked: Service com.android.exchange.ExchangeService has leaked ServiceConnection com.android.emailcommon.service.ServiceProxy$ProxyConnection@4159d290 that was originally bound here
E/StrictMode( 3538): at android.app.LoadedApk$ServiceDispatcher.(LoadedApk.java:969)
E/StrictMode( 3538): at android.app.LoadedApk.getServiceDispatcher(LoadedApk.java:863)
E/StrictMode( 3538): at android.app.ContextImpl.bindService(ContextImpl.java:1418)
E/StrictMode( 3538): at android.app.ContextImpl.bindService(ContextImpl.java:1407)
E/StrictMode( 3538): at android.content.ContextWrapper.bindService(ContextWrapper.java:473)
E/StrictMode( 3538): at com.android.emailcommon.service.ServiceProxy.setTask(ServiceProxy.java:157)
E/StrictMode( 3538): at com.android.emailcommon.service.ServiceProxy.setTask(ServiceProxy.java:145)
E/StrictMode( 3538): at com.android.emailcommon.service.ServiceProxy.test(ServiceProxy.java:191)
E/StrictMode( 3538): at com.android.exchange.ExchangeService$7.run(ExchangeService.java:1850)
E/StrictMode( 3538): at com.android.emailcommon.utility.Utility$2.doInBackground(Utility.java:551)
E/StrictMode( 3538): at com.android.emailcommon.utility.Utility$2.doInBackground(Utility.java:549)
E/StrictMode( 3538): at android.os.AsyncTask$2.call(AsyncTask.java:287)
E/StrictMode( 3538): at java.util.concurrent.FutureTask.run(FutureTask.java:234)
E/StrictMode( 3538): at java.util.concurrent.ThreadPoolExecutor.runWorker(ThreadPoolExecutor.java:1080)
E/StrictMode( 3538): at java.util.concurrent.ThreadPoolExecutor$Worker.run(ThreadPoolExecutor.java:573)
E/StrictMode( 3538): at java.lang.Thread.run(Thread.java:856)
W/ActivityManager( 2066): Unable to start service Intent { act=com.android.email.ACCOUNT_INTENT } U=0: not found
E/ActivityThread( 3538): Service com.android.exchange.ExchangeService has leaked ServiceConnection com.android.emailcommon.service.ServiceProxy$ProxyConnection@4159d290 that was originally bound here
E/ActivityThread( 3538): android.app.ServiceConnectionLeaked: Service com.android.exchange.ExchangeService has leaked ServiceConnection com.android.emailcommon.service.ServiceProxy$ProxyConnection@4159d290 that was originally bound here
E/ActivityThread( 3538): at android.app.LoadedApk$ServiceDispatcher.(LoadedApk.java:969)
E/ActivityThread( 3538): at android.app.LoadedApk.getServiceDispatcher(LoadedApk.java:863)
E/ActivityThread( 3538): at android.app.ContextImpl.bindService(ContextImpl.java:1418)
E/ActivityThread( 3538): at android.app.ContextImpl.bindService(ContextImpl.java:1407)
E/ActivityThread( 3538): at android.content.ContextWrapper.bindService(ContextWrapper.java:473)
E/ActivityThread( 3538): at com.android.emailcommon.service.ServiceProxy.setTask(ServiceProxy.java:157)
E/ActivityThread( 3538): at com.android.emailcommon.service.ServiceProxy.setTask(ServiceProxy.java:145)
E/ActivityThread( 3538): at com.android.emailcommon.service.ServiceProxy.test(ServiceProxy.java:191)
E/ActivityThread( 3538): at com.android.exchange.ExchangeService$7.run(ExchangeService.java:1850)
E/ActivityThread( 3538): at com.android.emailcommon.utility.Utility$2.doInBackground(Utility.java:551)
E/ActivityThread( 3538): at com.android.emailcommon.utility.Utility$2.doInBackground(Utility.java:549)
E/ActivityThread( 3538): at android.os.AsyncTask$2.call(AsyncTask.java:287)
E/ActivityThread( 3538): at java.util.concurrent.FutureTask.run(FutureTask.java:234)
E/ActivityThread( 3538): at java.util.concurrent.ThreadPoolExecutor.runWorker(ThreadPoolExecutor.java:1080)
E/ActivityThread( 3538): at java.util.concurrent.ThreadPoolExecutor$Worker.run(ThreadPoolExecutor.java:573)
E/ActivityThread( 3538): at java.lang.Thread.run(Thread.java:856)
W/ActivityManager( 2066): Unbind failed: could not find connection for android.os.BinderProxy@41894ec0
W/ActivityManager( 2066): Unable to start service Intent { act=com.android.email.ACCOUNT_INTENT } U=0: not found
D/AndroidRuntime( 3716):
D/AndroidRuntime( 3716): >>>>>> AndroidRuntime START com.android.internal.os.RuntimeInit <<<<<<
D/AndroidRuntime( 3716): CheckJNI is ON
D/dalvikvm( 3716): Trying to load lib libjavacore.so 0x0
D/dalvikvm( 3716): Added shared lib libjavacore.so 0x0
D/dalvikvm( 3716): Trying to load lib libnativehelper.so 0x0
D/dalvikvm( 3716): Added shared lib libnativehelper.so 0x0
D/AndroidRuntime( 3716): Calling main entry com.android.commands.pm.Pm
I/PackageManager( 2066): Removing non-system package:org.qtproject.example.QtDemo
I/ActivityManager( 2066): Force stopping package org.qtproject.example.QtDemo appid=10049 user=-1
W/PackageManager( 2066): Couldn't delete native library directory /data/app-lib/org.qtproject.example.QtDemo
I/ActivityManager( 2066): Force stopping package org.qtproject.example.QtDemo appid=10049 user=0
I/InputReader( 2066): Reconfiguring input devices. changes=0x00000010
W/AccountTypeManager( 3295): No authenticator found for type=com.android.exchange, ignoring it.
I/AccountTypeManager( 3295): Loaded meta-data for 0 account types, 0 accounts in 2ms(wall) 1ms(cpu)
W/ResourceType( 2066): Failure getting entry for 0x7f060000 (t=5 e=0) in package 0 (error -75)
W/ResourceType( 2066): Failure getting entry for 0x7f060000 (t=5 e=0) in package 0 (error -75)
W/InputMethodManagerService( 2066): Found no subtypes in a system IME: com.android.inputmethod.pinyin
E/BinaryDictionaryGetter( 3006): Could not find a dictionary pack
I/ActivityManager( 2066): Start proc com.android.keychain for broadcast com.android.keychain/.KeyChainBroadcastReceiver: pid=3727 uid=1000 gids={41000, 1015, 1028, 3002, 3001, 3003}
E/ActivityThread( 3006): Failed to find provider info for com.android.inputmethod.latin.dictionarypack
D/dalvikvm( 2066): GC_CONCURRENT freed 642K, 9% free 6993K/7672K, paused 5ms+6ms, total 87ms
D/dalvikvm( 2066): WAIT_FOR_CONCURRENT_GC blocked 35ms
W/ContextImpl( 3727): Calling a method in the system process without a qualified user: android.app.ContextImpl.startService:1352 android.content.ContextWrapper.startService:450 android.content.ContextWrapper.startService:450 com.android.keychain.KeyChainBroadcastReceiver.onReceive:12 android.app.ActivityThread.handleReceiver:2376
D/VoicemailCleanupService( 2719): Cleaning up data for package: org.qtproject.example.QtDemo
I/ActivityManager( 2066): Start proc com.android.gallery3d for broadcast com.android.gallery3d/.app.PackagesMonitor: pid=3744 uid=10035 gids={50035, 1006, 3003, 1015, 1028}
D/dalvikvm( 2719): GC_CONCURRENT freed 276K, 7% free 4393K/4692K, paused 3ms+3ms, total 31ms
D/dalvikvm( 2066): GC_EXPLICIT freed 87K, 10% free 6961K/7672K, paused 4ms+10ms, total 202ms
D/AndroidRuntime( 3716): Shutting down VM
D/dalvikvm( 3716): GC_CONCURRENT freed 90K, 17% free 457K/548K, paused 1ms+0ms, total 5ms
I/ActivityManager( 2066): Start proc com.android.defcontainer for service com.android.defcontainer/.DefaultContainerService: pid=3760 uid=10004 gids={50004, 1015, 2001, 1028}
I/ActivityManager( 2066): Start proc com.metago.astro for broadcast com.metago.astro/com.kii.cloud.applog.Receiver: pid=3775 uid=10045 gids={50045, 3003, 1015, 1028}
I/dalvikvm( 3775): Turning on JNI app bug workarounds for target SDK version 11...
D/dalvikvm( 1328): GC_EXPLICIT freed 38K, 2% free 4035K/4100K, paused 3ms+4ms, total 35ms
D/dalvikvm( 1328): GC_EXPLICIT freed <1K, 2% free 4035K/4100K, paused 2ms+4ms, total 32ms
D/dalvikvm( 1328): GC_EXPLICIT freed <1K, 2% free 4035K/4100K, paused 2ms+4ms, total 33ms
I/ActivityManager( 2066): Start proc com.android.quicksearchbox for broadcast com.android.quicksearchbox/.CorporaUpdateReceiver: pid=3796 uid=10040 gids={50040, 3003, 1028}
D/dalvikvm( 3775): GC_CONCURRENT freed 309K, 8% free 4135K/4468K, paused 3ms+6ms, total 40ms
E/StrictMode( 3775): A resource was acquired at attached stack trace but never released. See java.io.Closeable for information on avoiding resource leaks.
E/StrictMode( 3775): java.lang.Throwable: Explicit termination method 'close' not called
E/StrictMode( 3775): at dalvik.system.CloseGuard.open(CloseGuard.java:184)
E/StrictMode( 3775): at android.os.ParcelFileDescriptor.(ParcelFileDescriptor.java:412)
E/StrictMode( 3775): at android.content.res.AssetManager.openNonAssetFdNative(Native Method)
E/StrictMode( 3775): at android.content.res.AssetManager.openNonAssetFd(AssetManager.java:428)
E/StrictMode( 3775): at android.content.res.Resources.openRawResourceFd(Resources.java:979)
E/StrictMode( 3775): at com.metago.astro.theme.ThemeProvider.a(ThemeProvider.java:267)
E/StrictMode( 3775): at com.metago.astro.theme.e.b(ThemeInfo.java:153)
E/StrictMode( 3775): at com.metago.astro.theme.e.a(ThemeInfo.java:141)
E/StrictMode( 3775): at com.metago.astro.theme.e.(ThemeInfo.java:55)
E/StrictMode( 3775): at com.metago.astro.ASTRO.b(ASTRO.java:190)
E/StrictMode( 3775): at com.metago.astro.ASTRO.onCreate(ASTRO.java:75)
E/StrictMode( 3775): at android.app.Instrumentation.callApplicationOnCreate(Instrumentation.java:1000)
E/StrictMode( 3775): at android.app.ActivityThread.handleBindApplication(ActivityThread.java:4391)
E/StrictMode( 3775): at android.app.ActivityThread.access$1300(ActivityThread.java:141)
E/StrictMode( 3775): at android.app.ActivityThread$H.handleMessage(ActivityThread.java:1294)
E/StrictMode( 3775): at android.os.Handler.dispatchMessage(Handler.java:99)
E/StrictMode( 3775): at android.os.Looper.loop(Looper.java:137)
E/StrictMode( 3775): at android.app.ActivityThread.main(ActivityThread.java:5041)
E/StrictMode( 3775): at java.lang.reflect.Method.invokeNative(Native Method)
E/StrictMode( 3775): at java.lang.reflect.Method.invoke(Method.java:511)
E/StrictMode( 3775): at com.android.internal.os.ZygoteInit$MethodAndArgsCaller.run(ZygoteInit.java:793)
E/StrictMode( 3775): at com.android.internal.os.ZygoteInit.main(ZygoteInit.java:560)
E/StrictMode( 3775): at dalvik.system.NativeStart.main(Native Method)
E/com.kii.cloud.applog.a( 3775): failed to get setting
E/com.kii.cloud.applog.a( 3775): sendMessage exception:class java.net.UnknownHostException; Unable to resolve host "api-53dd234b.kii.com": No address associated with hostname
E/com.kii.cloud.applog.a( 3775): sendMessage exception:class java.net.UnknownHostException; Unable to resolve host "api-53dd234b.kii.com": No address associated with hostname
D/AndroidRuntime( 3818):
D/AndroidRuntime( 3818): >>>>>> AndroidRuntime START com.android.internal.os.RuntimeInit <<<<<<
D/AndroidRuntime( 3818): CheckJNI is ON
D/ExchangeService( 3538): Received deviceId from Email app: null
D/ExchangeService( 3538): !!! deviceId unknown; stopping self and retrying
D/dalvikvm( 3818): Trying to load lib libjavacore.so 0x0
D/dalvikvm( 3818): Added shared lib libjavacore.so 0x0
D/dalvikvm( 3818): Trying to load lib libnativehelper.so 0x0
D/dalvikvm( 3818): Added shared lib libnativehelper.so 0x0
D/AndroidRuntime( 3818): Calling main entry com.android.commands.pm.Pm
W/ActivityManager( 2066): No content provider found for permission revoke: file:///data/local/tmp/QtApp-debug.apk
W/ActivityManager( 2066): No content provider found for permission revoke: file:///data/local/tmp/QtApp-debug.apk
I/PackageManager( 2066): Copying native libraries to /data/app-lib/vmdl1618603027
D/ExchangeService( 3538): !!! EAS ExchangeService, onCreate
D/ExchangeService( 3538): !!! EAS ExchangeService, onStartCommand, startingUp = false, running = false
D/ExchangeService( 3538): !!! EAS ExchangeService, onStartCommand, startingUp = true, running = false
D/ExchangeService( 3538): !!! Email application not found; stopping self
W/ActivityManager( 2066): Unable to start service Intent { act=com.android.email.ACCOUNT_INTENT } U=0: not found
E/ActivityThread( 3538): Service com.android.exchange.ExchangeService has leaked ServiceConnection com.android.emailcommon.service.ServiceProxy$ProxyConnection@415985d8 that was originally bound here
E/ActivityThread( 3538): android.app.ServiceConnectionLeaked: Service com.android.exchange.ExchangeService has leaked ServiceConnection com.android.emailcommon.service.ServiceProxy$ProxyConnection@415985d8 that was originally bound here
E/ActivityThread( 3538): at android.app.LoadedApk$ServiceDispatcher.(LoadedApk.java:969)
E/ActivityThread( 3538): at android.app.LoadedApk.getServiceDispatcher(LoadedApk.java:863)
E/ActivityThread( 3538): at android.app.ContextImpl.bindService(ContextImpl.java:1418)
E/ActivityThread( 3538): at android.app.ContextImpl.bindService(ContextImpl.java:1407)
E/ActivityThread( 3538): at android.content.ContextWrapper.bindService(ContextWrapper.java:473)
E/ActivityThread( 3538): at com.android.emailcommon.service.ServiceProxy.setTask(ServiceProxy.java:157)
E/ActivityThread( 3538): at com.android.emailcommon.service.ServiceProxy.setTask(ServiceProxy.java:145)
E/ActivityThread( 3538): at com.android.emailcommon.service.AccountServiceProxy.getDeviceId(AccountServiceProxy.java:116)
E/ActivityThread( 3538): at com.android.exchange.ExchangeService.getDeviceId(ExchangeService.java:1249)
E/ActivityThread( 3538): at com.android.exchange.ExchangeService$7.run(ExchangeService.java:1856)
E/ActivityThread( 3538): at com.android.emailcommon.utility.Utility$2.doInBackground(Utility.java:551)
E/ActivityThread( 3538): at com.android.emailcommon.utility.Utility$2.doInBackground(Utility.java:549)
E/ActivityThread( 3538): at android.os.AsyncTask$2.call(AsyncTask.java:287)
E/ActivityThread( 3538): at java.util.concurrent.FutureTask.run(FutureTask.java:234)
E/ActivityThread( 3538): at java.util.concurrent.ThreadPoolExecutor.runWorker(ThreadPoolExecutor.java:1080)
E/ActivityThread( 3538): at java.util.concurrent.ThreadPoolExecutor$Worker.run(ThreadPoolExecutor.java:573)
E/ActivityThread( 3538): at java.lang.Thread.run(Thread.java:856)
E/StrictMode( 3538): null
E/StrictMode( 3538): android.app.ServiceConnectionLeaked: Service com.android.exchange.ExchangeService has leaked ServiceConnection com.android.emailcommon.service.ServiceProxy$ProxyConnection@415985d8 that was originally bound here
