logcat --------- beginning of /dev/log/system
I/Vold ( 1322): Vold 2.1 (the revenge) firing up
D/Vold ( 1322): Volume sdcard state changing -1 (Initializing) -> 0 (No-Media)
D/Vold ( 1322): Volume sdcard state changing 0 (No-Media) -> 2 (Pending)
D/Vold ( 1322): Volume sdcard state changing 2 (Pending) -> 1 (Idle-Unmounted) --------- beginning of /dev/log/main
I/installd( 1331): installd firing up
I/DEBUG ( 1325): debuggerd: Feb 13 2014 15:30:59
I/Netd ( 1324): Netd 1.0 starting
W/InterfaceController( 1324): Warning (Cannot load library: load_library(linker.cpp:745): library "/system/lib/libnetcmdiface.so" not found) while opening the net interface command library
I/mediaserver( 1330): ServiceManager: 0x40f1ee30
I/AudioFlinger( 1330): Using default 3000 mSec as standby time.
I/CameraService( 1330): CameraService started (pid=1330)
E/CameraService( 1330): Could not load camera HAL module
I/AudioPolicyManagerBase( 1330): loadAudioPolicyConfig() loaded /system/etc/audio_policy.conf
I/AudioFlinger( 1330): loadHwModule() Loaded primary audio interface from KOELSCH audio HW HAL (audio) handle 1
I/AudioFlinger( 1330): HAL output buffer size 2048 frames, normal mix buffer size 2048 frames
I/AudioMixer( 1330): found effect "Multichannel Downmix To Stereo" from The Android Open Source Project
I/AudioFlinger( 1330): Using module 1 has the primary audio interface
I/AudioFlinger( 1330): AudioFlinger's thread 0x40f21938 ready to run
W/AudioFlinger( 1330): Thread AudioOut_2 cannot connect to the power manager service
W/AudioFlinger( 1330): Thread AudioOut_2 cannot connect to the power manager service
E/AudioPolicyManagerBase( 1330): Not output found for attached devices 00000008
I/AudioPolicyService( 1330): Loaded audio policy from LEGACY Audio Policy HAL (audio_policy)
I/SurfaceFlinger( 1327): SurfaceFlinger is starting
I/SurfaceFlinger( 1327): SurfaceFlinger's main thread ready to run. Initializing graphics H/W...
E/Netd ( 1324): exec() res=768 for /system/bin/iptables -t filter -N bw_INPUT
E/Netd ( 1324): exec() res=768 for /system/bin/ip6tables -t filter -N bw_INPUT
E/Netd ( 1324): exec() res=768 for /system/bin/iptables -t filter -A INPUT -j bw_INPUT
E/Netd ( 1324): exec() res=768 for /system/bin/ip6tables -t filter -A INPUT -j bw_INPUT
D/libEGL ( 1327): loaded /vendor/lib/egl/libEGL_POWERVR_SGX544_115.so
E/Netd ( 1324): exec() res=768 for /system/bin/iptables -t filter -N fw_INPUT
E/Netd ( 1324): exec() res=768 for /system/bin/ip6tables -t filter -N fw_INPUT
E/Netd ( 1324): exec() res=768 for /system/bin/iptables -t filter -A INPUT -j fw_INPUT
E/Netd ( 1324): exec() res=768 for /system/bin/ip6tables -t filter -A INPUT -j fw_INPUT
E/Netd ( 1324): exec() res=768 for /system/bin/iptables -t filter -N oem_fwd
D/libEGL ( 1327): loaded /vendor/lib/egl/libGLESv1_CM_POWERVR_SGX544_115.so
E/Netd ( 1324): exec() res=768 for /system/bin/ip6tables -t filter -N oem_fwd
E/Netd ( 1324): exec() res=768 for /system/bin/iptables -t filter -A FORWARD -j oem_fwd
E/Netd ( 1324): exec() res=768 for /system/bin/ip6tables -t filter -A FORWARD -j oem_fwd
D/libEGL ( 1327): loaded /vendor/lib/egl/libGLESv2_POWERVR_SGX544_115.so
E/Netd ( 1324): exec() res=768 for /system/bin/iptables -t filter -N fw_FORWARD
E/Netd ( 1324): exec() res=768 for /system/bin/ip6tables -t filter -N fw_FORWARD
E/Netd ( 1324): exec() res=768 for /system/bin/iptables -t filter -A FORWARD -j fw_FORWARD
E/Netd ( 1324): exec() res=768 for /system/bin/ip6tables -t filter -A FORWARD -j fw_FORWARD
E/Netd ( 1324): exec() res=768 for /system/bin/iptables -t filter -N bw_FORWARD
E/Netd ( 1324): exec() res=768 for /system/bin/ip6tables -t filter -N bw_FORWARD
E/Netd ( 1324): exec() res=768 for /system/bin/iptables -t filter -A FORWARD -j bw_FORWARD
E/Netd ( 1324): exec() res=768 for /system/bin/ip6tables -t filter -A FORWARD -j bw_FORWARD
E/Netd ( 1324): exec() res=768 for /system/bin/iptables -t filter -N natctrl_FORWARD
E/Netd ( 1324): exec() res=768 for /system/bin/ip6tables -t filter -N natctrl_FORWARD
E/Netd ( 1324): exec() res=768 for /system/bin/iptables -t filter -A FORWARD -j natctrl_FORWARD
E/Netd ( 1324): exec() res=768 for /system/bin/ip6tables -t filter -A FORWARD -j natctrl_FORWARD
I/hwcomposer( 1327): primary display size:1920x1080
I/SurfaceFlinger( 1327): Using composer version 1.1
E/Netd ( 1324): exec() res=768 for /system/bin/iptables -t filter -N oem_out
E/Netd ( 1324): exec() res=768 for /system/bin/ip6tables -t filter -N oem_out
E/Netd ( 1324): exec() res=768 for /system/bin/iptables -t filter -A OUTPUT -j oem_out
E/Netd ( 1324): exec() res=768 for /system/bin/ip6tables -t filter -A OUTPUT -j oem_out
I/SurfaceFlinger( 1327): EGL informations:
I/SurfaceFlinger( 1327): vendor : Android
I/SurfaceFlinger( 1327): version : 1.4 Android META-EGL
I/SurfaceFlinger( 1327): extensions: EGL_KHR_image EGL_KHR_image_base EGL_KHR_gl_texture_2D_image EGL_KHR_gl_texture_cubemap_image EGL_KHR_gl_renderbuffer_image EGL_KHR_fence_sync EGL_ANDROID_image_native_buffer
I/SurfaceFlinger( 1327): Client API: OpenGL_ES
I/SurfaceFlinger( 1327): EGLSurface: 8-8-8-8, config=0x2
I/SurfaceFlinger( 1327): OpenGL ES informations:
I/SurfaceFlinger( 1327): vendor : Imagination Technologies
I/SurfaceFlinger( 1327): renderer : PowerVR SGX 544MP
I/SurfaceFlinger( 1327): version : OpenGL ES-CM 1.1
I/SurfaceFlinger( 1327): extensions: GL_EXT_debug_marker GL_OES_byte_coordinates GL_OES_fixed_point GL_OES_single_precision GL_OES_matrix_get GL_OES_read_format GL_OES_compressed_paletted_texture GL_OES_point_sprite GL_OES_point_size_array GL_OES_matrix_palette GL_OES_draw_texture GL_OES_query_matrix GL_OES_texture_env_crossbar GL_OES_texture_mirrored_repeat GL_OES_texture_cube_map GL_OES_blend_subtract GL_OES_blend_func_separate GL_OES_blend_equation_separate GL_OES_stencil_wrap GL_OES_extended_matrix_palette GL_OES_framebuffer_object GL_OES_rgb8_rgba8 GL_OES_depth24 GL_OES_stencil8 GL_OES_compressed_ETC1_RGB8_texture GL_OES_mapbuffer GL_OES_EGL_image GL_OES_EGL_image_external GL_EXT_multi_draw_arrays GL_OES_required_internalformat GL_IMG_read_format GL_IMG_texture_compression_pvrtc GL_IMG_texture_format_BGRA8888 GL_EXT_texture_format_BGRA8888 GL_OES_egl_sync GL_IMG_vertex_array_object GL_APPLE_texture_2D_limited_npot
I/SurfaceFlinger( 1327): GL_MAX_TEXTURE_SIZE = 4096
I/SurfaceFlinger( 1327): GL_MAX_VIEWPORT_DIMS = 4096 x 4096
E/Netd ( 1324): exec() res=768 for /system/bin/iptables -t filter -N fw_OUTPUT
E/Netd ( 1324): exec() res=768 for /system/bin/ip6tables -t filter -N fw_OUTPUT
D/SurfaceFlinger( 1327): Screen acquired, type=0 flinger=0x41b53318
E/Netd ( 1324): exec() res=768 for /system/bin/iptables -t filter -A OUTPUT -j fw_OUTPUT
E/Netd ( 1324): exec() res=768 for /system/bin/ip6tables -t filter -A OUTPUT -j fw_OUTPUT
E/Netd ( 1324): exec() res=768 for /system/bin/iptables -t filter -N bw_OUTPUT
E/Netd ( 1324): exec() res=768 for /system/bin/ip6tables -t filter -N bw_OUTPUT
E/Netd ( 1324): exec() res=768 for /system/bin/iptables -t filter -A OUTPUT -j bw_OUTPUT
E/Netd ( 1324): exec() res=768 for /system/bin/ip6tables -t filter -A OUTPUT -j bw_OUTPUT
E/Netd ( 1324): exec() res=768 for /system/bin/iptables -t raw -N bw_raw_PREROUTING
E/Netd ( 1324): exec() res=768 for /system/bin/ip6tables -t raw -N bw_raw_PREROUTING
E/Netd ( 1324): exec() res=768 for /system/bin/iptables -t raw -A PREROUTING -j bw_raw_PREROUTING
E/Netd ( 1324): exec() res=768 for /system/bin/ip6tables -t raw -A PREROUTING -j bw_raw_PREROUTING
D/AndroidRuntime( 1328):
D/AndroidRuntime( 1328): >>>>>> AndroidRuntime START com.android.internal.os.ZygoteInit <<<<<<
D/AndroidRuntime( 1328): CheckJNI is ON
E/Netd ( 1324): exec() res=768 for /system/bin/iptables -t raw -N idletimer_raw_PREROUTING
E/Netd ( 1324): exec() res=768 for /system/bin/ip6tables -t raw -N idletimer_raw_PREROUTING
E/Netd ( 1324): exec() res=768 for /system/bin/iptables -t raw -A PREROUTING -j idletimer_raw_PREROUTING
E/Netd ( 1324): exec() res=768 for /system/bin/ip6tables -t raw -A PREROUTING -j idletimer_raw_PREROUTING
D/libEGL ( 1530): loaded /vendor/lib/egl/libEGL_POWERVR_SGX544_115.so
E/Netd ( 1324): exec() res=768 for /system/bin/iptables -t mangle -N bw_mangle_POSTROUTING
D/libEGL ( 1530): loaded /vendor/lib/egl/libGLESv1_CM_POWERVR_SGX544_115.so
E/Netd ( 1324): exec() res=768 for /system/bin/ip6tables -t mangle -N bw_mangle_POSTROUTING
D/libEGL ( 1530): loaded /vendor/lib/egl/libGLESv2_POWERVR_SGX544_115.so
E/Netd ( 1324): exec() res=768 for /system/bin/iptables -t mangle -A POSTROUTING -j bw_mangle_POSTROUTING
E/Netd ( 1324): exec() res=768 for /system/bin/ip6tables -t mangle -A POSTROUTING -j bw_mangle_POSTROUTING
E/Netd ( 1324): exec() res=768 for /system/bin/iptables -t mangle -N idletimer_mangle_POSTROUTING
E/Netd ( 1324): exec() res=768 for /system/bin/ip6tables -t mangle -N idletimer_mangle_POSTROUTING
E/Netd ( 1324): exec() res=768 for /system/bin/iptables -t mangle -A POSTROUTING -j idletimer_mangle_POSTROUTING
E/Netd ( 1324): exec() res=768 for /system/bin/ip6tables -t mangle -A POSTROUTING -j idletimer_mangle_POSTROUTING
E/Netd ( 1324): exec() res=768 for /system/bin/iptables -t nat -N oem_nat_pre
E/Netd ( 1324): exec() res=768 for /system/bin/iptables -t nat -A PREROUTING -j oem_nat_pre
E/Netd ( 1324): exec() res=768 for /system/bin/iptables -t nat -N natctrl_nat_POSTROUTING
E/Netd ( 1324): exec() res=768 for /system/bin/iptables -t nat -A POSTROUTING -j natctrl_nat_POSTROUTING
E/BandwidthController( 1324): runIptablesCmd(): failed /system/bin/iptables -N costly_shared res=768
E/BandwidthController( 1324): runIptablesCmd(): failed /system/bin/ip6tables -N costly_shared res=768
E/BandwidthController( 1324): runIptablesCmd(): failed /system/bin/iptables -A bw_INPUT -i lo --jump RETURN res=768
E/BandwidthController( 1324): runIptablesCmd(): failed /system/bin/ip6tables -A bw_INPUT -i lo --jump RETURN res=768
E/Netd ( 1324): Unable to create netlink socket: Protocol not supported
E/Netd ( 1324): Unable to open quota2 logging socket
D/MDnsDS ( 1324): MDnsSdListener::Hander starting up
D/MDnsDS ( 1324): MDnsSdListener starting to monitor
D/MDnsDS ( 1324): Going to poll with pollCount 1
D/dalvikvm( 1328): Trying to load lib libjavacore.so 0x0
D/dalvikvm( 1328): Added shared lib libjavacore.so 0x0
D/dalvikvm( 1328): Trying to load lib libnativehelper.so 0x0
D/dalvikvm( 1328): Added shared lib libnativehelper.so 0x0
I/SamplingProfilerIntegration( 1328): Profiling disabled.
I/Zygote ( 1328): Preloading classes...
D/dalvikvm( 1328): GC_EXPLICIT freed 36K, 9% free 420K/460K, paused 1ms+1ms, total 4ms
D/dalvikvm( 1328): GC_EXPLICIT freed 3K, 5% free 487K/512K, paused 0ms+0ms, total 3ms
D/dalvikvm( 1328): Note: class Landroid/app/ActivityManagerNative; has 157 unimplemented (abstract) methods
D/dalvikvm( 1328): GC_EXPLICIT freed 21K, 5% free 526K/552K, paused 1ms+0ms, total 4ms
D/dalvikvm( 1328): GC_EXPLICIT freed 27K, 6% free 554K/584K, paused 0ms+1ms, total 4ms
W/Zygote ( 1328): Class not found for preloading: android.bluetooth.BluetoothAudioGateway
W/Zygote ( 1328): Class not found for preloading: android.bluetooth.HeadsetBase
W/Zygote ( 1328): Class not found for preloading: undroid.content.AbstractThreadedSyncAdapter$SyncThread
D/dalvikvm( 1328): GC_EXPLICIT freed 24K, 5% free 603K/632K, paused 0ms+1ms, total 5ms
D/dalvikvm( 1328): GC_EXPLICIT freed 26K, 5% free 631K/660K, paused 0ms+1ms, total 5ms
D/dalvikvm( 1328): GC_EXPLICIT freed 60K, 8% free 722K/784K, paused 0ms+1ms, total 5ms
D/skia ( 1328): ---- failed to open as a font
D/skia ( 1328): ---- failed to open as a font
D/dalvikvm( 1328): GC_EXPLICIT freed 31K, 5% free 748K/784K, paused 1ms+1ms, total 7ms
D/TextLayoutCache( 1328): Using debug level = 0 - Debug Enabled = 0
D/dalvikvm( 1328): GC_EXPLICIT freed 18K, 3% free 784K/804K, paused 1ms+0ms, total 7ms
I/dalvikvm( 1328): threadid=1: recursive native library load attempt (/system/lib/libmedia_jni.so)
D/MtpDeviceJNI( 1328): register_android_mtp_MtpDevice
I/dalvikvm( 1328): threadid=1: recursive native library load attempt (/system/lib/libmedia_jni.so)
I/dalvikvm( 1328): threadid=1: recursive native library load attempt (/system/lib/libmedia_jni.so)
D/dalvikvm( 1328): GC_EXPLICIT freed 15K, 2% free 827K/844K, paused 1ms+0ms, total 7ms
D/dalvikvm( 1328): GC_FOR_ALLOC freed 218K, 17% free 1120K/1340K, paused 11ms, total 11ms
D/dalvikvm( 1328): WAIT_FOR_CONCURRENT_GC blocked 1ms
D/dalvikvm( 1328): GC_EXPLICIT freed 261K, 18% free 1273K/1540K, paused 1ms+2ms, total 13ms
D/dalvikvm( 1328): GC_EXPLICIT freed 29K, 16% free 1298K/1540K, paused 2ms+2ms, total 13ms
D/dalvikvm( 1328): GC_EXPLICIT freed 12K, 13% free 1354K/1540K, paused 2ms+1ms, total 14ms
W/Zygote ( 1328): Class not found for preloading: android.server.BluetoothA2dpService
W/Zygote ( 1328): Class not found for preloading: android.server.BluetoothEventLoop
W/Zygote ( 1328): Class not found for preloading: android.server.BluetoothService
D/TelephonyManager( 1328): No /proc/cmdline exception=java.io.FileNotFoundException: /proc/cmdline: open failed: EACCES (Permission denied)
D/TelephonyManager( 1328): /proc/cmdline=
D/dalvikvm( 1328): GC_EXPLICIT freed 29K, 10% free 1417K/1572K, paused 1ms+1ms, total 14ms
D/dalvikvm( 1328): GC_EXPLICIT freed 47K, 3% free 1698K/1748K, paused 2ms+1ms, total 19ms
W/Zygote ( 1328): Class not found for preloading: android.util.LocaleUtil
D/dalvikvm( 1328): GC_EXPLICIT freed 35K, 3% free 1732K/1776K, paused 2ms+2ms, total 19ms
D/dalvikvm( 1328): GC_EXPLICIT freed 31K, 3% free 1755K/1792K, paused 2ms+1ms, total 19ms
W/Zygote ( 1328): Class not found for preloading: android.view.ViewRootImpl$ResizedInfo
W/Zygote ( 1328): Class not found for preloading: android.view.Window$LocalWindowManager
W/Zygote ( 1328): Class not found for preloading: android.view.WindowManagerImpl$CompatModeWrapper
D/dalvikvm( 1328): GC_EXPLICIT freed 30K, 2% free 1779K/1812K, paused 2ms+2ms, total 19ms
I/dalvikvm( 1328): threadid=1: recursive native library load attempt (/system/lib/libwebcore.so)
D/dalvikvm( 1328): No JNI_OnLoad found in /system/lib/libchromium_net.so 0x0, skipping init
D/dalvikvm( 1328): GC_EXPLICIT freed 21K, 2% free 1811K/1836K, paused 2ms+2ms, total 20ms
D/dalvikvm( 1328): GC_EXPLICIT freed 26K, 2% free 1839K/1868K, paused 2ms+2ms, total 20ms
D/dalvikvm( 1328): GC_EXPLICIT freed 29K, 2% free 1869K/1904K, paused 2ms+2ms, total 20ms
D/dalvikvm( 1328): GC_EXPLICIT freed 26K, 2% free 1897K/1928K, paused 2ms+1ms, total 21ms
D/dalvikvm( 1328): GC_EXPLICIT freed 31K, 2% free 1920K/1956K, paused 2ms+2ms, total 21ms
D/dalvikvm( 1328): GC_EXPLICIT freed 27K, 2% free 1946K/1980K, paused 2ms+2ms, total 21ms
D/dalvikvm( 1328): GC_EXPLICIT freed 29K, 2% free 1973K/2004K, paused 2ms+2ms, total 21ms
D/dalvikvm( 1328): GC_EXPLICIT freed 39K, 3% free 1990K/2032K, paused 2ms+2ms, total 22ms
W/Zygote ( 1328): Class not found for preloading: java.text.DecimalFormat$1
D/dalvikvm( 1328): GC_EXPLICIT freed 41K, 3% free 2004K/2048K, paused 2ms+2ms, total 21ms
W/Zygote ( 1328): Class not found for preloading: java.util.concurrent.FutureTask$Sync
W/Zygote ( 1328): Class not found for preloading: java.util.concurrent.atomic.UnsafeAccess
W/Zygote ( 1328): Class not found for preloading: java.util.concurrent.locks.UnsafeAccess
D/dalvikvm( 1328): GC_EXPLICIT freed 41K, 3% free 2017K/2064K, paused 2ms+2ms, total 22ms
W/Zygote ( 1328): Class not found for preloading: libcore.icu.ErrorCode
I/System ( 1328): Loaded time zone names for in 290ms (286ms in ICU)
I/System ( 1328): Loaded time zone names for en_US in 184ms (179ms in ICU)
D/dalvikvm( 1328): GC_EXPLICIT freed 332K, 14% free 2096K/2432K, paused 2ms+1ms, total 25ms
D/dalvikvm( 1328): GC_EXPLICIT freed 15K, 12% free 2157K/2436K, paused 2ms+2ms, total 24ms
D/dalvikvm( 1328): GC_EXPLICIT freed 52K, 11% free 2189K/2440K, paused 2ms+2ms, total 25ms
D/dalvikvm( 1328): GC_EXPLICIT freed 29K, 10% free 2216K/2440K, paused 2ms+2ms, total 25ms
D/dalvikvm( 1328): GC_EXPLICIT freed 38K, 9% free 2232K/2440K, paused 2ms+2ms, total 25ms
D/dalvikvm( 1328): GC_EXPLICIT freed 32K, 8% free 2255K/2440K, paused 2ms+2ms, total 25ms
I/Zygote ( 1328): ...preloaded 2541 classes in 6282ms.
D/dalvikvm( 1328): GC_EXPLICIT freed 23K, 8% free 2260K/2444K, paused 3ms+2ms, total 26ms
I/Zygote ( 1328): Preloading resources...
D/dalvikvm( 1328): GC_EXPLICIT freed 2K, 7% free 2310K/2484K, paused 2ms+2ms, total 25ms
D/dalvikvm( 1328): GC_EXPLICIT freed 4K, 7% free 2360K/2524K, paused 2ms+3ms, total 25ms
D/dalvikvm( 1328): GC_EXPLICIT freed 5K, 7% free 2408K/2564K, paused 2ms+2ms, total 26ms
D/dalvikvm( 1328): GC_EXPLICIT freed 4K, 6% free 2457K/2612K, paused 2ms+2ms, total 26ms
D/dalvikvm( 1328): GC_EXPLICIT freed 4K, 6% free 2505K/2648K, paused 2ms+3ms, total 26ms
D/dalvikvm( 1328): GC_EXPLICIT freed 5K, 6% free 2555K/2692K, paused 2ms+2ms, total 26ms
D/dalvikvm( 1328): GC_EXPLICIT freed 4K, 5% free 2603K/2732K, paused 2ms+3ms, total 26ms
D/dalvikvm( 1328): GC_EXPLICIT freed 5K, 5% free 2650K/2764K, paused 2ms+3ms, total 26ms
D/dalvikvm( 1328): GC_EXPLICIT freed 7K, 4% free 2733K/2828K, paused 2ms+3ms, total 26ms
D/dalvikvm( 1328): GC_EXPLICIT freed 6K, 4% free 2785K/2872K, paused 2ms+2ms, total 27ms
D/dalvikvm( 1328): GC_EXPLICIT freed 6K, 3% free 2830K/2908K, paused 2ms+2ms, total 26ms
D/dalvikvm( 1328): WAIT_FOR_CONCURRENT_GC blocked 1ms
D/dalvikvm( 1328): GC_EXPLICIT freed 5K, 3% free 2878K/2952K, paused 2ms+2ms, total 27ms
D/dalvikvm( 1328): GC_EXPLICIT freed 2K, 3% free 3178K/3256K, paused 3ms+2ms, total 27ms
D/dalvikvm( 1328): GC_EXPLICIT freed 2K, 3% free 3246K/3316K, paused 3ms+2ms, total 28ms
D/dalvikvm( 1328): GC_EXPLICIT freed 4K, 2% free 3566K/3636K, paused 2ms+3ms, total 27ms
D/dalvikvm( 1328): GC_EXPLICIT freed 8K, 1% free 3613K/3640K, paused 2ms+3ms, total 28ms
D/dalvikvm( 1328): GC_EXPLICIT freed 12K, 1% free 3657K/3680K, paused 2ms+2ms, total 28ms
D/dalvikvm( 1328): GC_EXPLICIT freed 6K, 1% free 3706K/3720K, paused 3ms+3ms, total 29ms
D/dalvikvm( 1328): GC_EXPLICIT freed 6K, 1% free 3759K/3772K, paused 2ms+3ms, total 29ms
D/dalvikvm( 1328): GC_EXPLICIT freed 2K, 1% free 3811K/3832K, paused 2ms+3ms, total 28ms
D/dalvikvm( 1328): GC_EXPLICIT freed 8K, 1% free 3855K/3872K, paused 3ms+3ms, total 30ms
D/dalvikvm( 1328): GC_EXPLICIT freed 4K, 1% free 3915K/3928K, paused 2ms+4ms, total 29ms
D/dalvikvm( 1328): GC_EXPLICIT freed 4K, 1% free 3980K/4000K, paused 3ms+3ms, total 30ms
I/Zygote ( 1328): ...preloaded 270 resources in 1088ms.
D/dalvikvm( 1328): GC_EXPLICIT freed 8K, 1% free 4025K/4040K, paused 3ms+3ms, total 30ms
I/Zygote ( 1328): ...preloaded 31 resources in 46ms.
D/dalvikvm( 1328): GC_EXPLICIT freed 13K, 1% free 4031K/4048K, paused 2ms+3ms, total 30ms
D/dalvikvm( 1328): GC_EXPLICIT freed 7K, 1% free 4023K/4048K, paused 3ms+3ms, total 30ms
D/dalvikvm( 1328): GC_EXPLICIT freed <1K, 1% free 4023K/4048K, paused 2ms+3ms, total 30ms
I/dalvikvm( 1328): System server process 2066 has been created
I/Zygote ( 1328): Accepting command socket connections
D/SystemClock( 2066): Setting time of day to sec=86400
W/SystemServer( 2066): System clock is before 1970; setting to 1970.
E/BatteryService( 2066): Could not open /sys/class/power_supply
E/BatteryService( 2066): acOnlinePath not found
E/BatteryService( 2066): usbOnlinePath not found
E/BatteryService( 2066): wirelessOnlinePath not found
E/BatteryService( 2066): batteryStatusPath not found
E/BatteryService( 2066): batteryHealthPath not found
E/BatteryService( 2066): batteryPresentPath not found
E/BatteryService( 2066): batteryCapacityPath not found
E/BatteryService( 2066): batteryVoltagePath not found
E/BatteryService( 2066): batteryTemperaturePath not found
E/BatteryService( 2066): batteryTechnologyPath not found
I/sysproc ( 2066): Entered system_init()
I/sysproc ( 2066): ServiceManager: 0x5d7372e0
D/SensorService( 2066): nuSensorService starting...
E/SensorService( 2066): couldn't load sensors module (No such file or directory)
I/sysproc ( 2066): System server: starting Android runtime.
I/sysproc ( 2066): System server: starting Android services.
I/sysproc ( 2066): System server: entering thread pool.
I/SystemServer( 2066): Entered the Android system server!
I/installd( 1331): new connection
I/SystemServer( 2066): Waiting for installd to be ready.
I/SystemServer( 2066): Enabled StrictMode logging for UI Looper
I/SystemServer( 2066): Enabled StrictMode logging for WM Looper
I/Installer( 2066): connecting...
I/SystemServer( 2066): Entropy Mixer
I/SystemServer( 2066): Power Manager
I/SystemServer( 2066): Activity Manager
I/ActivityManager( 2066): Memory class: 96
D/dalvikvm( 2066): GC_CONCURRENT freed 180K, 5% free 4306K/4508K, paused 3ms+3ms, total 25ms
I/SystemServer( 2066): Display Manager
I/ActivityManager( 2066): Enabled StrictMode logging for AThread's Looper
I/SystemServer( 2066): Telephony Registry
I/SystemServer( 2066): Scheduling Policy
I/DisplayManagerService( 2066): Display device added: DisplayDeviceInfo{"Built-in Screen": 1920 x 1080, 30.0 fps, density 160, 101.6 x 101.6 dpi, touch INTERNAL, FLAG_DEFAULT_DISPLAY, FLAG_ROTATES_WITH_CONTENT, FLAG_SECURE, FLAG_SUPPORTS_PROTECTED_BUFFERS, rotation 0, type BUILT_IN, address null}
I/SystemServer( 2066): Package Manager
D/dalvikvm( 2066): GC_CONCURRENT freed 426K, 10% free 4375K/4824K, paused 3ms+2ms, total 25ms
D/dalvikvm( 2066): WAIT_FOR_CONCURRENT_GC blocked 8ms
W/PackageManager( 2066): Running ENG build: no pre-dexopt!
D/dalvikvm( 2066): GC_CONCURRENT freed 264K, 6% free 4537K/4824K, paused 3ms+3ms, total 27ms
D/dalvikvm( 2066): GC_CONCURRENT freed 165K, 4% free 4791K/4976K, paused 3ms+3ms, total 30ms
W/PackageParser( 2066): No actions in intent filter at /system/app/Bluetooth.apk Binary XML file line #199
D/dalvikvm( 2066): GC_CONCURRENT freed 248K, 6% free 4997K/5268K, paused 2ms+6ms, total 33ms
W/ResourceType( 2066): Failure getting entry for 0x7f040018 (t=3 e=24) in package 0 (error -75)
W/ResourceType( 2066): Failure getting entry for 0x7f040018 (t=3 e=24) in package 0 (error -75)
W/PackageParser( 2066): Unknown element under : permission at /system/app/Gallery2.apk Binary XML file line #219
W/PackageParser( 2066): Unknown element under : permission at /system/app/Gallery2.apk Binary XML file line #222
W/PackageManager( 2066): Package com.android.gallery3d desires unavailable shared library com.google.android.media.effects; ignoring!
D/dalvikvm( 2066): GC_CONCURRENT freed 203K, 5% free 5194K/5420K, paused 1ms+4ms, total 34ms
W/PackageParser( 2066): No actions in intent filter at /system/app/Contacts.apk Binary XML file line #533
D/PackageManager( 2066): No files in app dir /vendor/app
W/PackageManager( 2066): Package com.metago.astro desires unavailable shared library com.kyocera.dualscreen; ignoring!
D/dalvikvm( 2066): GC_CONCURRENT freed 216K, 5% free 5480K/5720K, paused 3ms+3ms, total 39ms
W/PackageParser( 2066): No actions in intent filter at /data/app/ApiDemos.apk Binary XML file line #2737
W/PackageParser( 2066): No actions in intent filter at /data/app/ApiDemos.apk Binary XML file line #2743
W/PackageManager( 2066): Package com.example.android.apis desires unavailable shared library com.example.will.never.exist; ignoring!
I/PackageManager( 2066): Time to scan packages: 8.59 seconds
W/PackageManager( 2066): Unknown permission com.google.android.googleapps.permission.GOOGLE_AUTH.mail in package com.android.contacts
W/PackageManager( 2066): Unknown permission android.permission.ADD_SYSTEM_SERVICE in package com.android.phone
W/PackageManager( 2066): Unknown permission com.google.android.gallery3d.permission.GALLERY_PROVIDER in package com.android.bluetooth
W/PackageManager( 2066): Unknown permission com.google.android.googleapps.permission.GOOGLE_AUTH in package com.android.providers.calendar
W/PackageManager( 2066): Unknown permission com.google.android.googleapps.permission.GOOGLE_AUTH.cl in package com.android.providers.calendar
W/PackageManager( 2066): Unknown permission com.google.android.googleapps.permission.GOOGLE_AUTH.mail in package com.android.calendar
W/PackageManager( 2066): Not granting permission android.permission.SEND_DOWNLOAD_COMPLETED_INTENTS to package com.android.browser (protectionLevel=2 flags=0x9be45)
W/PackageManager( 2066): Unknown permission com.google.android.gallery3d.permission.PICASA_STORE in package com.android.dreams.phototable
W/PackageManager( 2066): Unknown permission com.google.android.googleapps.permission.GOOGLE_AUTH in package com.android.settings
W/PackageManager( 2066): Unknown permission com.android.email.permission.READ_ATTACHMENT in package com.android.exchange
W/PackageManager( 2066): Unknown permission com.android.email.permission.ACCESS_PROVIDER in package com.android.exchange
W/PackageManager( 2066): Unknown permission com.google.android.gallery3d.permission.GALLERY_PROVIDER in package com.android.exchange
W/PackageManager( 2066): Unknown permission com.google.android.googleapps.permission.ACCESS_GOOGLE_PASSWORD in package com.android.development
W/PackageManager( 2066): Unknown permission com.google.android.googleapps.permission.GOOGLE_AUTH in package com.android.development
W/PackageManager( 2066): Unknown permission com.google.android.googleapps.permission.GOOGLE_AUTH.ALL_SERVICES in package com.android.development
W/PackageManager( 2066): Unknown permission com.google.android.googleapps.permission.GOOGLE_AUTH.YouTubeUser in package com.android.development
W/PackageManager( 2066): Not granting permission android.permission.DEVICE_POWER to package com.android.deskclock (protectionLevel=2 flags=0x8be45)
D/dalvikvm( 2066): GC_CONCURRENT freed 270K, 5% free 5610K/5904K, paused 3ms+3ms, total 40ms
D/dalvikvm( 2066): GC_EXPLICIT freed 158K, 8% free 5489K/5924K, paused 3ms+4ms, total 54ms
I/SystemServer( 2066): User Service
I/SystemServer( 2066): Account Manager
I/SystemServer( 2066): Content Manager
I/SystemServer( 2066): System Content Providers
I/SystemServer( 2066): Lights Service
I/SystemServer( 2066): Battery Service
I/SystemServer( 2066): Vibrator Service
I/libsuspend( 2066): Selected early suspend
I/libsuspend( 2066): Starting early suspend unblocker thread
D/PermissionCache( 1327): checking android.permission.ACCESS_SURFACE_FLINGER for uid=1000 => granted (636 us)
D/SurfaceFlinger( 1327): Screen acquired, type=0 flinger=0x41b53318
D/SurfaceFlinger( 1327): screen was previously acquired
I/SystemServer( 2066): Alarm Manager
I/SystemServer( 2066): Init Watchdog
I/SystemServer( 2066): Input Manager
I/InputManager( 2066): Initializing input manager, mUseDevInputEventForAudioJack=false
I/SystemServer( 2066): Window Manager
E/WVMExtractor( 1330): Failed to open libwvm.so
I/InputManager( 2066): Starting input manager
I/SystemServer( 2066): Bluetooth Manager Service
D/BluetoothManagerService( 2066): Loading stored name and address
D/BluetoothManagerService( 2066): Stored bluetooth Name=Android Bluedroid,Address=22:22:58:31:47:2C
D/EventHub( 2066): No input device configuration file found for device 'gpio-keys'.
I/SystemServer( 2066): Input Method Service
W/InputMethodManagerService( 2066): Couldn't create dir.: /data/system/inputmethod
E/AudioCache( 1330): Error 1, -2147483648 occurred
E/SoundPool( 2066): Unable to load sample: (null)
I/EventHub( 2066): New device: id=1, fd=86, path='/dev/input/event1', name='gpio-keys', classes=0x1, configuration='', keyLayout='/system/usr/keylayout/gpio-keys.kl', keyCharacterMap='/system/usr/keychars/gpio-keys.kcm', builtinKeyboard=false, usingSuspendBlockIoctl=true, usingClockIoctl=true
D/EventHub( 2066): No input device configuration file found for device 'PixArt Imaging Inc. Optical Touch Screen'.
I/EventHub( 2066): New device: id=2, fd=80, path='/dev/input/event0', name='PixArt Imaging Inc. Optical Touch Screen', classes=0x80000014, configuration='', keyLayout='', keyCharacterMap='', builtinKeyboard=false, usingSuspendBlockIoctl=true, usingClockIoctl=true
E/WVMExtractor( 1330): Failed to open libwvm.so
D/dalvikvm( 2066): GC_CONCURRENT freed 281K, 6% free 5699K/6016K, paused 3ms+14ms, total 62ms
E/AudioCache( 1330): Error 1, -2147483648 occurred
E/SoundPool( 2066): Unable to load sample: (null)
D/dalvikvm( 2066): WAIT_FOR_CONCURRENT_GC blocked 29ms
I/InputReader( 2066): Device added: id=-1, name='Virtual', sources=0x00000301
I/InputReader( 2066): Touch device 'PixArt Imaging Inc. Optical Touch Screen' could not query the properties of its associated display. The device will be inoperable until the display size becomes available.
I/InputReader( 2066): Device added: id=2, name='PixArt Imaging Inc. Optical Touch Screen', sources=0x00001002
I/InputReader( 2066): Device added: id=1, name='gpio-keys', sources=0x00000101
W/ResourceType( 2066): Failure getting entry for 0x7f060000 (t=5 e=0) in package 0 (error -75)
I/SystemServer( 2066): Accessibility Manager
I/InputReader( 2066): Reconfiguring input devices. changes=0x00000004
I/InputReader( 2066): Device reconfigured: id=2, name='PixArt Imaging Inc. Optical Touch Screen', size 1920x1080, orientation 0, mode 1, display id 0
I/ActivityManager( 2066): Config changes=15f8 {1.0 ?mcc?mnc en_US ldltr sw1080dp w1920dp h1007dp 160dpi xlrg long land ?uimode ?night finger -keyb/v/h -nav/h s.2}
I/SystemServer( 2066): Mount Service
D/MountService( 2066): got storage path: /mnt/sdcard description: SD card primary: true removable: true emulated: false mtpReserve: 100 allowMassStorage: false maxFileSize: 4294967296
D/MountService( 2066): addVolumeLocked() StorageVolume [mStorageId=0 mPath=/mnt/sdcard mDescriptionId=17040614 mPrimary=true mRemovable=true mEmulated=false mMtpReserveSpace=100 mAllowMassStorage=false mMaxFileSize=4294967296 mOwner=null]
D/dalvikvm( 2066): GREF has increased to 201
I/SystemServer( 2066): LockSettingsService
I/SystemServer( 2066): Device Policy
I/SystemServer( 2066): Status Bar
I/SystemServer( 2066): Clipboard Service
I/SystemServer( 2066): NetworkManagement Service
I/PackageManager( 2066): Updating external media status from unmounted to unmounted
I/PackageManager( 2066): No secure containers on sdcard
D/MountService( 2066): volume state changed for /mnt/sdcard (null -> unmounted)
I/SystemServer( 2066): Text Service Manager Service
W/MountService( 2066): getSecureContainerList() called when storage not mounted
I/SystemServer( 2066): NetworkStats Service
W/PackageManager( 2066): Unknown permission com.google.android.googleapps.permission.GOOGLE_AUTH.mail in package com.android.contacts
W/PackageManager( 2066): Unknown permission android.permission.ADD_SYSTEM_SERVICE in package com.android.phone
I/SystemServer( 2066): NetworkPolicy Service
W/PackageManager( 2066): Unknown permission com.google.android.gallery3d.permission.GALLERY_PROVIDER in package com.android.bluetooth
W/PackageManager( 2066): Unknown permission com.google.android.googleapps.permission.GOOGLE_AUTH in package com.android.providers.calendar
W/PackageManager( 2066): Unknown permission com.google.android.googleapps.permission.GOOGLE_AUTH.cl in package com.android.providers.calendar
W/PackageManager( 2066): Unknown permission com.google.android.googleapps.permission.GOOGLE_AUTH.mail in package com.android.calendar
W/PackageManager( 2066): Not granting permission android.permission.SEND_DOWNLOAD_COMPLETED_INTENTS to package com.android.browser (protectionLevel=2 flags=0x89be45)
W/PackageManager( 2066): Unknown permission com.google.android.gallery3d.permission.PICASA_STORE in package com.android.dreams.phototable
W/PackageManager( 2066): Unknown permission com.google.android.googleapps.permission.GOOGLE_AUTH in package com.android.settings
W/PackageManager( 2066): Unknown permission com.android.email.permission.READ_ATTACHMENT in package com.android.exchange
W/PackageManager( 2066): Unknown permission com.android.email.permission.ACCESS_PROVIDER in package com.android.exchange
W/PackageManager( 2066): Unknown permission com.google.android.gallery3d.permission.GALLERY_PROVIDER in package com.android.exchange
W/PackageManager( 2066): Unknown permission com.google.android.googleapps.permission.ACCESS_GOOGLE_PASSWORD in package com.android.development
W/PackageManager( 2066): Unknown permission com.google.android.googleapps.permission.GOOGLE_AUTH in package com.android.development
W/PackageManager( 2066): Unknown permission com.google.android.googleapps.permission.GOOGLE_AUTH.ALL_SERVICES in package com.android.development
W/PackageManager( 2066): Unknown permission com.google.android.googleapps.permission.GOOGLE_AUTH.YouTubeUser in package com.android.development
W/PackageManager( 2066): Not granting permission android.permission.DEVICE_POWER to package com.android.deskclock (protectionLevel=2 flags=0x88be45)
I/SystemServer( 2066): Wi-Fi P2pService
D/dalvikvm( 2066): GC_CONCURRENT freed 324K, 6% free 5821K/6176K, paused 4ms+3ms, total 45ms
I/SystemServer( 2066): Wi-Fi Service
E/CommandListener( 1324): Failed to open /proc/sys/net/ipv6/conf/wlan0/disable_ipv6: No such file or directory
I/SystemServer( 2066): Connectivity Service
D/ConnectivityService( 2066): ConnectivityService starting up
E/WifiStateMachine( 2066): Failed to disable IPv6: java.lang.IllegalStateException: command '1 interface ipv6 wlan0 disable' failed with '400 1 Failed to change IPv6 state (No such file or directory)'
E/MobileDataStateTracker( 2066): default: Ignoring feature request because could not acquire PhoneService
E/MobileDataStateTracker( 2066): default: Could not enable APN type "default"
I/WifiService( 2066): WifiService starting up with Wi-Fi disabled
I/SystemServer( 2066): Network Service Discovery Service
D/NsdService( 2066): Network service discovery enabled true
I/SystemServer( 2066): Throttle Service
I/SystemServer( 2066): UpdateLock Service
I/SystemServer( 2066): Notification Manager
I/SystemServer( 2066): Device Storage Monitor
I/SystemServer( 2066): Location Manager
I/SystemServer( 2066): Country Detector
I/SystemServer( 2066): Search Service
I/SystemServer( 2066): DropBox Service
I/SystemServer( 2066): Wallpaper Service
I/SystemServer( 2066): Audio Service
I/AudioService( 2066): Remote Control registerMediaButtonIntent() for PendingIntent{415d3580: PendingIntentRecord{417b3b28 android broadcastIntent}}
D/dalvikvm( 2066): GC_CONCURRENT freed 304K, 6% free 6011K/6344K, paused 3ms+4ms, total 49ms
I/SystemServer( 2066): Dock Observer
W/DockObserver( 2066): This kernel does not have dock station support
I/SystemServer( 2066): Wired Accessory Manager
W/WiredAccessoryManager( 2066): This kernel does not have wired headset support
W/WiredAccessoryManager( 2066): This kernel does not have usb audio support
W/WiredAccessoryManager( 2066): This kernel does not have HDMI audio support
I/SystemServer( 2066): USB Service
I/SystemServer( 2066): Serial Service
I/SystemServer( 2066): Twilight Service
I/SystemServer( 2066): UI Mode Manager Service
I/SystemServer( 2066): Backup Service
V/BackupManagerService( 2066): No ancestral data
I/BackupManagerService( 2066): Found stale backup journal, scheduling
I/BackupManagerService( 2066): android
I/BackupManagerService( 2066): com.android.browser
I/BackupManagerService( 2066): com.android.calendar
I/BackupManagerService( 2066): com.android.inputmethod.latin
I/BackupManagerService( 2066): com.android.providers.settings
I/BackupManagerService( 2066): com.android.providers.userdictionary
I/BackupManagerService( 2066): com.android.sharedstoragebackup
I/BackupManagerService( 2066): Backup enabled => false
I/SystemServer( 2066): AppWidget Service
I/SystemServer( 2066): Recognition Service
I/SystemServer( 2066): DiskStats Service
I/SystemServer( 2066): SamplingProfiler Service
I/SystemServer( 2066): NetworkTimeUpdateService
I/SystemServer( 2066): CommonTimeManagementService
I/SystemServer( 2066): CertBlacklister
I/SystemServer( 2066): Dreams Service
I/WindowManager( 2066): SAFE MODE not enabled
D/dalvikvm( 2066): JIT started for system_server
I/ActivityManager( 2066): System now ready
I/ActivityManager( 2066): Config changes=40000000 {1.15 ?mcc?mnc en_US ldltr sw1080dp w1920dp h1007dp 160dpi xlrg long land ?uimode ?night finger -keyb/v/h -nav/h s.3}
I/Zygote ( 2066): Process: zygote socket opened
I/SystemServer( 2066): Making services ready
I/keystore( 1332): uid: 1000 action: e -> 7 state: 3 -> 3 retry: 4
I/ActivityManager( 2066): Start proc com.android.systemui for service com.android.systemui/.SystemUIService: pid=2629 uid=10031 gids={50031, 1028, 1015, 3002, 3001}
D/NetworkManagementService( 2066): not enabling bandwidth control
I/Vold ( 1322): /dev/block/vold/179:9 being considered for volume sdcard
D/Vold ( 1322): Volume sdcard state changing 1 (Idle-Unmounted) -> 3 (Checking)
D/MountService( 2066): volume state changed for /mnt/sdcard (unmounted -> checking)
D/MountService( 2066): sendStorageIntent Intent { act=android.intent.action.MEDIA_CHECKING dat=file:///mnt/sdcard (has extras) } to UserHandle{-1}
E/Netd ( 1324): exec() res=768 for /system/bin/iptables -F fw_INPUT
E/Netd ( 1324): exec() res=768 for /system/bin/ip6tables -F fw_INPUT
I//system/bin/fsck_msdos( 1322): ** /dev/block/vold/179:9
I//system/bin/fsck_msdos( 1322): ** Phase 1 - Read and Compare FATs
I//system/bin/fsck_msdos( 1322): Attempting to allocate 4092 KB for FAT
E/Netd ( 1324): exec() res=768 for /system/bin/iptables -F fw_OUTPUT
D/dalvikvm( 2066): GC_CONCURRENT freed 314K, 6% free 6147K/6492K, paused 2ms+10ms, total 78ms
E/Netd ( 1324): exec() res=768 for /system/bin/ip6tables -F fw_OUTPUT
E/Netd ( 1324): exec() res=768 for /system/bin/iptables -F fw_FORWARD
E/Netd ( 1324): exec() res=768 for /system/bin/ip6tables -F fw_FORWARD
W/SystemServer( 2066): ***********************************************
F/SystemServer( 2066): BOOT FAILURE making Network Managment Service ready
F/SystemServer( 2066): java.lang.IllegalStateException: command '2 firewall disable' failed with '400 2 Firewall command failed'
F/SystemServer( 2066): at com.android.server.NetworkManagementService.setFirewallEnabled(NetworkManagementService.java:1446)
F/SystemServer( 2066): at com.android.server.NetworkManagementService.prepareNativeDaemon(NetworkManagementService.java:376)
F/SystemServer( 2066): at com.android.server.NetworkManagementService.systemReady(NetworkManagementService.java:213)
F/SystemServer( 2066): at com.android.server.ServerThread$3.run(SystemServer.java:882)
F/SystemServer( 2066): at com.android.server.am.ActivityManagerService.systemReady(ActivityManagerService.java:7880)
F/SystemServer( 2066): at com.android.server.ServerThread.run(SystemServer.java:866)
F/SystemServer( 2066): Caused by: com.android.server.NativeDaemonConnector$NativeDaemonFailureException: command '2 firewall disable' failed with '400 2 Firewall command failed'
F/SystemServer( 2066): at com.android.server.NativeDaemonConnector.execute(NativeDaemonConnector.java:349)
F/SystemServer( 2066): at com.android.server.NativeDaemonConnector.executeForList(NativeDaemonConnector.java:286)
F/SystemServer( 2066): at com.android.server.NativeDaemonConnector.execute(NativeDaemonConnector.java:252)
F/SystemServer( 2066): at com.android.server.NetworkManagementService.setFirewallEnabled(NetworkManagementService.java:1443)
F/SystemServer( 2066): ... 5 more
D/SystemUIService( 2629): loading: class com.android.systemui.statusbar.phone.PhoneStatusBar
D/SystemUIService( 2629): running: com.android.systemui.statusbar.phone.PhoneStatusBar@4159a300
I/StatusBarManagerService( 2066): registerStatusBar bar=com.android.internal.statusbar.IStatusBar$Stub$Proxy@41820600
D/dalvikvm( 2066): GC_CONCURRENT freed 264K, 5% free 6415K/6708K, paused 4ms+5ms, total 62ms
D/dalvikvm( 2066): WAIT_FOR_CONCURRENT_GC blocked 39ms
D/dalvikvm( 2066): WAIT_FOR_CONCURRENT_GC blocked 32ms
I//system/bin/fsck_msdos( 1322): Attempting to allocate 4092 KB for FAT
D/dalvikvm( 2629): GC_CONCURRENT freed 105K, 3% free 4413K/4540K, paused 10ms+3ms, total 43ms
D/dalvikvm( 2629): WAIT_FOR_CONCURRENT_GC blocked 12ms
D/BluetoothManagerService( 2066): Message: 20
D/BluetoothManagerService( 2066): Added callback: android.bluetooth.IBluetoothManagerCallback$Stub$Proxy@41791520:true
D/BluetoothAdapter( 2629): 1096606184: getState() : mService = null. Returning STATE_OFF
D/BluetoothAdapter( 2629): 1096606184: getState() : mService = null. Returning STATE_OFF
D/BluetoothAdapter( 2629): 1096606184: getState() : mService = null. Returning STATE_OFF
D/dalvikvm( 2066): GC_CONCURRENT freed 423K, 7% free 6508K/6964K, paused 2ms+4ms, total 64ms
I//system/bin/fsck_msdos( 1322): ** Phase 2 - Check Cluster Chains
I//system/bin/fsck_msdos( 1322): ** Phase 3 - Checking Directories
D/dalvikvm( 2629): GC_CONCURRENT freed 119K, 3% free 4722K/4864K, paused 2ms+9ms, total 33ms
D/BluetoothAdapter( 2629): 1096606184: getState() : mService = null. Returning STATE_OFF
I//system/bin/fsck_msdos( 1322): ** Phase 4 - Checking for Lost Files
I//system/bin/fsck_msdos( 1322): 107 files, 1649096 free (730425 clusters)
D/PhoneStatusBar( 2629): disable: < expand icons alerts ticker system_info back home recent clock search > I/Vold ( 1322): Filesystem check completed OK
I/Vold ( 1322): Device /dev/block/vold/179:9, target /mnt/sdcard mounted @ /mnt/secure/staging
I/PackageManager( 2066): Updating external media status from unmounted to mounted
D/Vold ( 1322): Volume sdcard state changing 3 (Checking) -> 4 (Mounted)
D/MountService( 2066): volume state changed for /mnt/sdcard (checking -> mounted)
D/MountService( 2066): sendStorageIntent Intent { act=android.intent.action.MEDIA_MOUNTED dat=file:///mnt/sdcard (has extras) } to UserHandle{-1}
E/VoldConnector( 2066): NDC Command {3 volume mount /mnt/sdcard} took too long (1231ms)
I/ActivityManager( 2066): Start proc android.process.media for broadcast com.android.providers.downloads/.DownloadReceiver: pid=2702 uid=10005 gids={50005, 1015, 1023, 1024, 1028, 2001, 3003, 3007}
D/dalvikvm( 2066): GREF has increased to 301
I/ActivityManager( 2066): Start proc android.process.acore for content provider com.android.providers.contacts/.ContactsProvider2: pid=2719 uid=10020 gids={50020, 3003, 1015, 1028}
D/BluetoothAdapter( 2629): 1096606184: getState() : mService = null. Returning STATE_OFF
D/BluetoothAdapter( 2629): 1096606184: getState() : mService = null. Returning STATE_OFF
D/SystemUIService( 2629): loading: class com.android.systemui.power.PowerUI
D/SystemUIService( 2629): running: com.android.systemui.power.PowerUI@416a3958
D/SystemUIService( 2629): loading: class com.android.systemui.media.RingtonePlayer
D/SystemUIService( 2629): running: com.android.systemui.media.RingtonePlayer@416a45d8
D/dalvikvm( 2629): GC_CONCURRENT freed 137K, 4% free 5025K/5184K, paused 2ms+15ms, total 231ms
I/PackageManager( 2066): No secure containers on sdcard
E/VoldConnector( 2066): NDC Command {4 asec list} took too long (510ms)
W/PackageManager( 2066): Unknown permission com.google.android.googleapps.permission.GOOGLE_AUTH.mail in package com.android.contacts
W/PackageManager( 2066): Unknown permission android.permission.ADD_SYSTEM_SERVICE in package com.android.phone
W/PackageManager( 2066): Unknown permission com.google.android.gallery3d.permission.GALLERY_PROVIDER in package com.android.bluetooth
W/PackageManager( 2066): Unknown permission com.google.android.googleapps.permission.GOOGLE_AUTH in package com.android.providers.calendar
W/PackageManager( 2066): Unknown permission com.google.android.googleapps.permission.GOOGLE_AUTH.cl in package com.android.providers.calendar
W/PackageManager( 2066): Unknown permission com.google.android.googleapps.permission.GOOGLE_AUTH.mail in package com.android.calendar
W/PackageManager( 2066): Not granting permission android.permission.SEND_DOWNLOAD_COMPLETED_INTENTS to package com.android.browser (protectionLevel=2 flags=0x89be45)
W/PackageManager( 2066): Unknown permission com.google.android.gallery3d.permission.PICASA_STORE in package com.android.dreams.phototable
W/PackageManager( 2066): Unknown permission com.google.android.googleapps.permission.GOOGLE_AUTH in package com.android.settings
W/PackageManager( 2066): Unknown permission com.android.email.permission.READ_ATTACHMENT in package com.android.exchange
W/PackageManager( 2066): Unknown permission com.android.email.permission.ACCESS_PROVIDER in package com.android.exchange
W/PackageManager( 2066): Unknown permission com.google.android.gallery3d.permission.GALLERY_PROVIDER in package com.android.exchange
W/PackageManager( 2066): Unknown permission com.google.android.googleapps.permission.ACCESS_GOOGLE_PASSWORD in package com.android.development
W/PackageManager( 2066): Unknown permission com.google.android.googleapps.permission.GOOGLE_AUTH in package com.android.development
W/PackageManager( 2066): Unknown permission com.google.android.googleapps.permission.GOOGLE_AUTH.ALL_SERVICES in package com.android.development
W/PackageManager( 2066): Unknown permission com.google.android.googleapps.permission.GOOGLE_AUTH.YouTubeUser in package com.android.development
W/PackageManager( 2066): Not granting permission android.permission.DEVICE_POWER to package com.android.deskclock (protectionLevel=2 flags=0x88be45)
D/dalvikvm( 2066): GC_CONCURRENT freed 396K, 7% free 6630K/7056K, paused 3ms+3ms, total 55ms
I/keystore( 1332): uid: 1000 action: e -> 7 state: 3 -> 3 retry: 4
W/NetworkStats( 2066): bandwidth controls disabled, unable to track stats
W/NetworkPolicy( 2066): bandwidth controls disabled, unable to enforce policy
E/Netd ( 1324): exec() res=768 for /system/bin/iptables -F fw_INPUT
E/Netd ( 1324): exec() res=768 for /system/bin/ip6tables -F fw_INPUT
E/Netd ( 1324): exec() res=768 for /system/bin/iptables -F fw_OUTPUT
E/Netd ( 1324): exec() res=768 for /system/bin/ip6tables -F fw_OUTPUT
E/Netd ( 1324): exec() res=768 for /system/bin/iptables -F fw_FORWARD
E/Netd ( 1324): exec() res=768 for /system/bin/ip6tables -F fw_FORWARD
F/SystemServer( 2066): BOOT FAILURE making Connectivity Service ready
F/SystemServer( 2066): java.lang.IllegalStateException: command '3 firewall disable' failed with '400 3 Firewall command failed'
F/SystemServer( 2066): at com.android.server.NetworkManagementService.setFirewallEnabled(NetworkManagementService.java:1446)
F/SystemServer( 2066): at com.android.server.ConnectivityService.setLockdownTracker(ConnectivityService.java:3418)
F/SystemServer( 2066): at com.android.server.ConnectivityService.updateLockdownVpn(ConnectivityService.java:3394)
F/SystemServer( 2066): at com.android.server.ConnectivityService.systemReady(ConnectivityService.java:1974)
F/SystemServer( 2066): at com.android.server.ServerThread$3.run(SystemServer.java:897)
F/SystemServer( 2066): at com.android.server.am.ActivityManagerService.systemReady(ActivityManagerService.java:7880)
F/SystemServer( 2066): at com.android.server.ServerThread.run(SystemServer.java:866)
F/SystemServer( 2066): Caused by: com.android.server.NativeDaemonConnector$NativeDaemonFailureException: command '3 firewall disable' failed with '400 3 Firewall command failed'
F/SystemServer( 2066): at com.android.server.NativeDaemonConnector.execute(NativeDaemonConnector.java:349)
F/SystemServer( 2066): at com.android.server.NativeDaemonConnector.executeForList(NativeDaemonConnector.java:286)
F/SystemServer( 2066): at com.android.server.NativeDaemonConnector.execute(NativeDaemonConnector.java:252)
F/SystemServer( 2066): at com.android.server.NetworkManagementService.setFirewallEnabled(NetworkManagementService.java:1443)
F/SystemServer( 2066): ... 6 more
W/SystemServer( 2066): ***********************************************
I/ActivityManager( 2066): Config changes=200 {1.15 ?mcc?mnc en_US ldltr sw1080dp w1920dp h1007dp 160dpi xlrg long land finger -keyb/v/h -nav/h s.4}
D/dalvikvm( 2066): GC_CONCURRENT freed 566K, 9% free 6649K/7244K, paused 10ms+6ms, total 75ms
D/libEGL ( 2629): loaded /vendor/lib/egl/libEGL_POWERVR_SGX544_115.so
W/RecognitionManagerService( 2066): no available voice recognition services found for user 0
D/libEGL ( 2629): loaded /vendor/lib/egl/libGLESv1_CM_POWERVR_SGX544_115.so
D/libEGL ( 2629): loaded /vendor/lib/egl/libGLESv2_POWERVR_SGX544_115.so
W/InputMethodManagerService( 2066): Ignoring setImeWindowStatus of uid 1000 token: null
W/ResourceType( 2066): Failure getting entry for 0x7f060000 (t=5 e=0) in package 0 (error -75)
W/ResourceType( 2066): Failure getting entry for 0x7f060000 (t=5 e=0) in package 0 (error -75)
W/InputMethodManagerService( 2066): Found no subtypes in a system IME: com.android.inputmethod.pinyin
D/OpenGLRenderer( 2629): Enabling debug mode 0
I/ActivityManager( 2066): Start proc com.android.inputmethod.latin for service com.android.inputmethod.latin/.LatinIME: pid=3006 uid=10036 gids={50036, 1028}
I/LocationBlacklist( 2066): whitelist: []
I/LocationBlacklist( 2066): blacklist: []
I/CommonTimeManagementService( 2066): No common time service detected on this platform. Common time services will be unavailable.
I/InputReader( 2066): Reconfiguring input devices. changes=0x00000020
I/InputReader( 2066): Reconfiguring input devices. changes=0x00000010
E/ThrottleService( 2066): problem during onPollAlarm: java.lang.IllegalStateException: problem parsing stats: java.io.FileNotFoundException: /proc/net/xt_qtaguid/iface_stat_all: open failed: ENOENT (No such file or directory)
I/ActivityManager( 2066): Start proc com.android.phone for added application com.android.phone: pid=3027 uid=1001 gids={41001, 3002, 3001, 3003, 1015, 1028}
I/ActivityManager( 2066): START u0 {act=android.intent.action.MAIN cat=[android.intent.category.HOME] flg=0x10000000 cmp=com.android.launcher/com.android.launcher2.Launcher} from pid 0
W/LocationManagerService( 2066): no network location provider found
I/ActivityManager( 2066): Start proc com.android.launcher for activity com.android.launcher/com.android.launcher2.Launcher: pid=3049 uid=10037 gids={50037, 1028}
I/SystemServer( 2066): Enabled StrictMode for system server main thread.
I/Choreographer( 2629): Skipped 201 frames! The application may be doing too much work on its main thread.
