10-14 12:42:40.565: E/MoreInfoHPW_ViewGroup(14643): Parent view is not a TextView
10-14 12:42:40.565: V/WindowManager(2380): Window{43395080 u0 Keyguard}mOrientationRequetedFromKeyguard=false
10-14 12:42:40.575: D/dalvikvm(14643): Trying to load lib /data/data/org.qtproject.example.combotest/lib/libgnustl_shared.so 0x42741af0
10-14 12:42:40.575: D/dalvikvm(14643): Added shared lib /data/data/org.qtproject.example.combotest/lib/libgnustl_shared.so 0x42741af0
10-14 12:42:40.575: D/dalvikvm(14643): No JNI_OnLoad found in /data/data/org.qtproject.example.combotest/lib/libgnustl_shared.so 0x42741af0, skipping init
10-14 12:42:40.575: D/dalvikvm(14643): Trying to load lib /data/data/org.qtproject.example.combotest/lib/libQt5Core.so 0x42741af0
10-14 12:42:40.580: D/dalvikvm(14643): Added shared lib /data/data/org.qtproject.example.combotest/lib/libQt5Core.so 0x42741af0
10-14 12:42:40.580: D/dalvikvm(14643): Trying to load lib /data/data/org.qtproject.example.combotest/lib/libQt5Gui.so 0x42741af0
10-14 12:42:40.585: D/dalvikvm(14643): Added shared lib /data/data/org.qtproject.example.combotest/lib/libQt5Gui.so 0x42741af0
10-14 12:42:40.585: D/dalvikvm(14643): No JNI_OnLoad found in /data/data/org.qtproject.example.combotest/lib/libQt5Gui.so 0x42741af0, skipping init
10-14 12:42:40.585: D/dalvikvm(14643): Trying to load lib /data/data/org.qtproject.example.combotest/lib/libQt5Network.so 0x42741af0
10-14 12:42:40.590: D/dalvikvm(14643): Added shared lib /data/data/org.qtproject.example.combotest/lib/libQt5Network.so 0x42741af0
10-14 12:42:40.590: D/dalvikvm(14643): No JNI_OnLoad found in /data/data/org.qtproject.example.combotest/lib/libQt5Network.so 0x42741af0, skipping init
10-14 12:42:40.590: D/dalvikvm(14643): Trying to load lib /data/data/org.qtproject.example.combotest/lib/libQt5Qml.so 0x42741af0
10-14 12:42:40.595: D/dalvikvm(14643): Added shared lib /data/data/org.qtproject.example.combotest/lib/libQt5Qml.so 0x42741af0
10-14 12:42:40.595: D/dalvikvm(14643): No JNI_OnLoad found in /data/data/org.qtproject.example.combotest/lib/libQt5Qml.so 0x42741af0, skipping init
10-14 12:42:40.595: D/dalvikvm(14643): Trying to load lib /data/data/org.qtproject.example.combotest/lib/libQt5Quick.so 0x42741af0
10-14 12:42:40.615: D/dalvikvm(14643): Added shared lib /data/data/org.qtproject.example.combotest/lib/libQt5Quick.so 0x42741af0
10-14 12:42:40.615: D/dalvikvm(14643): No JNI_OnLoad found in /data/data/org.qtproject.example.combotest/lib/libQt5Quick.so 0x42741af0, skipping init
10-14 12:42:40.615: D/dalvikvm(14643): Trying to load lib /data/data/org.qtproject.example.combotest/lib/libQt5QuickParticles.so 0x42741af0
10-14 12:42:40.620: D/dalvikvm(14643): Added shared lib /data/data/org.qtproject.example.combotest/lib/libQt5QuickParticles.so 0x42741af0
10-14 12:42:40.620: D/dalvikvm(14643): No JNI_OnLoad found in /data/data/org.qtproject.example.combotest/lib/libQt5QuickParticles.so 0x42741af0, skipping init
10-14 12:42:40.620: D/dalvikvm(14643): Trying to load lib /data/data/org.qtproject.example.combotest/lib/libQt5Widgets.so 0x42741af0
10-14 12:42:40.635: D/dalvikvm(14643): Added shared lib /data/data/org.qtproject.example.combotest/lib/libQt5Widgets.so 0x42741af0
10-14 12:42:40.635: D/dalvikvm(14643): No JNI_OnLoad found in /data/data/org.qtproject.example.combotest/lib/libQt5Widgets.so 0x42741af0, skipping init
10-14 12:42:40.635: D/dalvikvm(14643): Trying to load lib /data/data/org.qtproject.example.combotest/qt-reserved-files/plugins/platforms/android/libqtforandroid.so 0x42741af0
10-14 12:42:40.640: D/dalvikvm(14643): Added shared lib /data/data/org.qtproject.example.combotest/qt-reserved-files/plugins/platforms/android/libqtforandroid.so 0x42741af0
10-14 12:42:40.640: I/Qt(14643): qt start
10-14 12:42:40.645: D/dalvikvm(14643): Trying to load lib /data/data/org.qtproject.example.combotest/qt-reserved-files/plugins/bearer/libqandroidbearer.so 0x42741af0
10-14 12:42:40.645: D/dalvikvm(14643): Added shared lib /data/data/org.qtproject.example.combotest/qt-reserved-files/plugins/bearer/libqandroidbearer.so 0x42741af0
10-14 12:42:40.645: D/dalvikvm(14643): No JNI_OnLoad found in /data/data/org.qtproject.example.combotest/qt-reserved-files/plugins/bearer/libqandroidbearer.so 0x42741af0, skipping init
10-14 12:42:40.645: D/dalvikvm(14643): Trying to load lib /data/data/org.qtproject.example.combotest/lib/libQt5QuickParticles.so 0x42741af0
10-14 12:42:40.645: D/dalvikvm(14643): Shared lib '/data/data/org.qtproject.example.combotest/lib/libQt5QuickParticles.so' already loaded in same CL 0x42741af0
10-14 12:42:40.650: D/dalvikvm(14643): Trying to load lib /data/app-lib/org.qtproject.example.combotest-1/libcombotest.so 0x42741af0
10-14 12:42:40.655: D/Qt(14643): qml/qqmlengine.cpp:1443 (QQmlDebuggingEnabler::QQmlDebuggingEnabler(bool)): QML debugging is enabled. Only use this in a safe environment.
10-14 12:42:40.655: D/dalvikvm(14643): Added shared lib /data/app-lib/org.qtproject.example.combotest-1/libcombotest.so 0x42741af0
10-14 12:42:40.655: D/dalvikvm(14643): No JNI_OnLoad found in /data/app-lib/org.qtproject.example.combotest-1/libcombotest.so 0x42741af0, skipping init
10-14 12:42:40.665: D/libEGL(14643): loaded /system/lib/egl/libEGL_mali.so
10-14 12:42:40.665: D/libEGL(14643): loaded /system/lib/egl/libGLESv1_CM_mali.so
10-14 12:42:40.670: D/libEGL(14643): loaded /system/lib/egl/libGLESv2_mali.so
10-14 12:42:40.675: E/(14643): Device driver API match
10-14 12:42:40.675: E/(14643): Device driver API version: 23
10-14 12:42:40.675: E/(14643): User space API version: 23
10-14 12:42:40.675: E/(14643): mali: REVISION=Linux-r3p2-01rel3 BUILD_DATE=Wed Oct 30 09:36:10 KST 2013
10-14 12:42:40.715: I/SurfaceFlinger(1978): id=1903 createSurf (1x1),1 flag=404, RtActivity
10-14 12:42:40.715: V/WindowManager(2380): Window{43395080 u0 Keyguard}mOrientationRequetedFromKeyguard=false
10-14 12:42:40.715: D/STATUSBAR-StatusBarManagerService(2380): manageDisableList what=0x0 pkg=WindowManager.LayoutParams
10-14 12:42:40.715: D/RestrictionPolicy(2380): isStatusBarExpansionAllowed : true
10-14 12:42:40.805: D/OpenGLRenderer(14643): Enabling debug mode 0
10-14 12:42:40.810: D/EnterpriseContainerPolicy Service(2380): getContainerId()-->-1
10-14 12:42:40.810: D/EnterpriseDeviceManager(2380): ContainerId: 0
10-14 12:42:40.810: W/LicenseLogService(2380): log() is called by non admin
10-14 12:42:40.810: D/RestrictionPolicy(2380): isUseSecureKeypadEnabled : false
10-14 12:42:40.845: D/Launcher.HomeFragment(3017): onStop
10-14 12:42:40.845: D/AbsListView(3017): onVisibilityChanged() is called, visibility : 4
10-14 12:42:40.845: D/AbsListView(3017): unregisterIRListener() is called
10-14 12:42:40.845: D/SSRMv2:CustomFrequencyManagerService(2380): releaseDVFSLockLocked : Getting Lock type frm List : DVFS_MIN_LIMIT frequency : 1400000 uid : 10001 pid : 3017 tag : LAUNCHER_APP_BOOSTER_CPU@19
10-14 12:42:40.845: D/SSRMv2:CustomFrequencyManagerService(2380): FrequencyrequestList.getNextMaxCPUCoreRequest, index: 1
10-14 12:42:40.845: D/SSRMv2:CustomFrequencyManagerService(2380): releaseDVFSLockLocked : Getting Lock type frm List : DVFS_MIN_LIMIT frequency : 1200000 uid : 1000 pid : 2380 tag : ACTIVITY_RESUME_BOOSTER@5
10-14 12:42:40.845: W/ActivityManager(2380): mDVFSHelper.release()
10-14 12:42:40.845: D/SSRMv2:CustomFrequencyManagerService(2380): acquireDVFSLockLocked : type : DVFS_MIN_LIMIT frequency : 1200000 uid : 1000 pid : 2380 pkgName : ACTIVITY_RESUME_BOOSTER@8
10-14 12:42:40.850: I/SurfaceFlinger(1978): id=1901 Removed Mauncher (1/6)
10-14 12:42:40.850: I/SurfaceFlinger(1978): id=1901 Removed Mauncher (-2/6)
10-14 12:42:40.940: D/STATUSBAR-NetworkController(2772): onSignalStrengthsChanged signalStrength=SignalStrength: 99 -1 -1 -1 -1 -1 -1 16 -106 -8 94 -1 2147483647 gsm|lte 0x1 level=1
10-14 12:42:40.940: D/STATUSBAR-NetworkController(2772): Nothing, mRoamingIconId = 0
10-14 12:42:41.055: I/SurfaceFlinger(1978): id=1902 Removed dombotest (3/5)
10-14 12:42:41.055: I/SurfaceFlinger(1978): id=1902 Removed dombotest (-2/5)
10-14 12:42:41.145: D/SSRMv2:CustomFrequencyManagerService(2380): releaseDVFSLockLocked : Getting Lock type frm List : DVFS_MIN_LIMIT frequency : 1200000 uid : 1000 pid : 2380 tag : ACTIVITY_RESUME_BOOSTER@8
10-14 12:42:41.295: I/power(2380): *** release_dvfs_lock : lockType : 1
10-14 12:42:41.295: D/SSRMv2:CustomFrequencyManagerService(2380): releaseDVFSLockLocked : Getting Lock type frm List : DVFS_MIN_LIMIT frequency : 1400000 uid : 10001 pid : 3017 tag : com.sec.android.app.launcher@1183
10-14 12:42:41.875: I/SurfaceFlinger(1978): id=1903 Removed RtActivity (2/4)
10-14 12:42:41.875: I/SurfaceFlinger(1978): id=1904 createSurf (720x1280),1 flag=4, RtActivity
10-14 12:42:41.880: I/SurfaceFlinger(1978): id=1903 Removed RtActivity (-2/5)
10-14 12:42:41.880: V/WindowManager(2380): Window{43395080 u0 Keyguard}mOrientationRequetedFromKeyguard=false
10-14 12:42:42.045: I/SurfaceFlinger(1978): id=1905 createSurf (720x1230),1 flag=4, TurfaceView
10-14 12:42:42.045: V/WindowManager(2380): Window{43395080 u0 Keyguard}mOrientationRequetedFromKeyguard=false
10-14 12:42:42.045: V/WindowManager(2380): Window{43395080 u0 Keyguard}mOrientationRequetedFromKeyguard=false
10-14 12:42:42.215: V/WindowManager(2380): Window{43395080 u0 Keyguard}mOrientationRequetedFromKeyguard=false
10-14 12:42:42.225: D/STATUSBAR-NetworkController(2772): onSignalStrengthsChanged signalStrength=SignalStrength: 99 -1 -1 -1 -1 -1 -1 16 -106 -8 74 -1 2147483647 gsm|lte 0x1 level=1
10-14 12:42:42.230: D/STATUSBAR-NetworkController(2772): Nothing, mRoamingIconId = 0
10-14 12:42:42.300: W/Qt(14643): eglconvenience/qeglplatformcontext.cpp:374 (virtual void QEGLPlatformContext::swapBuffers(QPlatformSurface*)): QEGLPlatformContext::swapBuffers(): eglError: 12294, this: 0x400a0e80
10-14 12:42:42.375: D/SSRMv2:Monitor(2380): SIOP:: AP = 300, Prev AP = 300, Duration = 10020
10-14 12:42:43.115: I/InputReader(2380): Touch event's action is 0x0 (deviceType=0) [pCnt=1, s=0.6321 ] when=339096810383000
10-14 12:42:43.115: I/InputDispatcher(2380): Delivering touch to: action: 0x0
10-14 12:42:43.115: D/PowerManagerService(2380): [api] userActivityFromNative : 20 (event: 2 flags: 0)
10-14 12:42:43.190: I/InputReader(2380): Touch event's action is 0x1 (deviceType=0) [pCnt=1, s=] when=339096888613000
10-14 12:42:43.190: I/InputDispatcher(2380): Delivering touch to: action: 0x1
10-14 12:42:44.880: D/SSRMv2:Monitor(2380): SIOP:: AP = 300 (read only)
10-14 12:42:46.685: D/SensorService(2380): 0.1 0.5 9.0
10-14 12:42:47.350: D/STATUSBAR-NetworkController(2772): onSignalStrengthsChanged signalStrength=SignalStrength: 99 -1 -1 -1 -1 -1 -1 16 -109 -8 90 -1 2147483647 gsm|lte 0x1 level=1
10-14 12:42:47.355: D/STATUSBAR-NetworkController(2772): Nothing, mRoamingIconId = 0
10-14 12:42:47.385: D/SSRMv2:Monitor(2380): SIOP:: AP = 300 (read only)
10-14 12:42:48.655: D/STATUSBAR-NetworkController(2772): onSignalStrengthsChanged signalStrength=SignalStrength: 99 -1 -1 -1 -1 -1 -1 19 -109 -8 88 -1 2147483647 gsm|lte 0x1 level=1
10-14 12:42:48.665: D/STATUSBAR-NetworkController(2772): Nothing, mRoamingIconId = 0
10-14 12:42:49.890: D/SSRMv2:Monitor(2380): SIOP:: AP = 300 (read only)
10-14 12:42:49.915: D/STATUSBAR-NetworkController(2772): onSignalStrengthsChanged signalStrength=SignalStrength: 99 -1 -1 -1 -1 -1 -1 19 -109 -9 94 -1 2147483647 gsm|lte 0x1 level=1
10-14 12:42:49.915: D/STATUSBAR-NetworkController(2772): Nothing, mRoamingIconId = 0
10-14 12:42:50.505: D/BatteryService(2380): update start
10-14 12:42:50.505: D/BatteryService(2380): level:96, scale:100, status:2, health:2, present:true, voltage: 4310, temperature: 280, technology: Li-ion, AC powered:false, USB powered:true, Wireless powered:false, icon:17303550, invalid charger:0, online:4, charge type:1, current avg:460